--
-- Host: localhost    Database: statigenerali
-- ------------------------------------------------------


--
-- Table structure for table `base_data`
--

CREATE TABLE `base_data` (
  `id` int NOT NULL AUTO_INCREMENT,
  `title` varchar(150) COLLATE utf8mb4_unicode_ci NOT NULL,
  `description` varchar(255) COLLATE utf8mb4_unicode_ci NOT NULL,
  `event_date` date NOT NULL,
  `event_place` varchar(150) COLLATE utf8mb4_unicode_ci NOT NULL,
  `event_type` varchar(100) COLLATE utf8mb4_unicode_ci NOT NULL,
  `hidden` tinyint(1) DEFAULT NULL,
  `checked` longtext COLLATE utf8mb4_unicode_ci COMMENT '(DC2Type:array)',
  PRIMARY KEY (`id`)
) ENGINE=InnoDB AUTO_INCREMENT=17 DEFAULT CHARSET=utf8mb4 COLLATE=utf8mb4_unicode_ci;

--
-- Dumping data for table `base_data`
--

INSERT INTO `base_data` VALUES (16,'SGRE 2025 – Stati Generali del Rinnovamento Energetico','Seconda edizione degli Stati Generali del Rinnovamento Energetico, l’evento che riunisce tecnici, amministratori, imprese e organizzazioni per affrontare in modo operativo le sfide della transizione energetica nel patrimonio edilizio esistente.\n','2025-11-13','Base Milano','Offline',1,'a:2:{i:0;i:70;i:1;i:49;}');

--
-- Table structure for table `base_data_user`
--

CREATE TABLE `base_data_user` (
  `base_data_id` int NOT NULL,
  `user_id` int NOT NULL,
  PRIMARY KEY (`base_data_id`,`user_id`),
  KEY `IDX_85F08C263F31858` (`base_data_id`),
  KEY `IDX_85F08C26A76ED395` (`user_id`),
  CONSTRAINT `FK_85F08C263F31858` FOREIGN KEY (`base_data_id`) REFERENCES `base_data` (`id`) ON DELETE CASCADE,
  CONSTRAINT `FK_85F08C26A76ED395` FOREIGN KEY (`user_id`) REFERENCES `user` (`id`) ON DELETE CASCADE
) ENGINE=InnoDB DEFAULT CHARSET=utf8mb4 COLLATE=utf8mb4_unicode_ci;

--
-- Dumping data for table `base_data_user`
--

INSERT INTO `base_data_user` VALUES (16,49),(16,50),(16,52),(16,53),(16,54),(16,55),(16,56),(16,58),(16,60),(16,61),(16,62),(16,64),(16,65),(16,67),(16,68),(16,69),(16,70),(16,71),(16,72),(16,73),(16,74),(16,76),(16,78),(16,80),(16,81),(16,82),(16,84),(16,85),(16,86),(16,87),(16,88),(16,89),(16,90),(16,91),(16,92),(16,93),(16,94),(16,96),(16,97),(16,99),(16,100),(16,101),(16,102),(16,104),(16,106),(16,109),(16,110),(16,111),(16,112),(16,113),(16,114),(16,115),(16,117),(16,118),(16,119),(16,120),(16,121),(16,123),(16,125),(16,126),(16,129),(16,130),(16,132),(16,133),(16,134),(16,135),(16,137),(16,139),(16,140),(16,141),(16,143),(16,145),(16,146),(16,147),(16,148),(16,149),(16,150),(16,151),(16,154),(16,160),(16,161),(16,162),(16,163),(16,164),(16,165),(16,166),(16,167),(16,168),(16,169),(16,170),(16,171),(16,172),(16,173),(16,174),(16,175),(16,176),(16,177),(16,178),(16,179),(16,180),(16,181),(16,182),(16,183),(16,184),(16,186),(16,187),(16,188),(16,189),(16,190),(16,192),(16,193),(16,194),(16,195),(16,202),(16,203),(16,206),(16,251),(16,256),(16,281),(16,288),(16,303),(16,312),(16,317),(16,320),(16,324),(16,325),(16,329),(16,340),(16,341),(16,346),(16,372),(16,373),(16,388),(16,395),(16,413),(16,435),(16,507),(16,724),(16,1107),(16,1721),(16,1952),(16,1953),(16,1954),(16,1955),(16,1956),(16,1957),(16,1958),(16,1960),(16,1961),(16,1963),(16,1964),(16,1965),(16,1966),(16,1968),(16,1969),(16,1971),(16,1972),(16,1973),(16,1974),(16,1978),(16,1980),(16,1981),(16,1983),(16,1985),(16,1987),(16,1988),(16,1995),(16,1996),(16,1997),(16,1998),(16,2000),(16,2001),(16,2002),(16,2003),(16,2004),(16,2006),(16,2007),(16,2008),(16,2009),(16,2010),(16,2011),(16,2012),(16,2013),(16,2014),(16,2015),(16,2016),(16,2018),(16,2019),(16,2020),(16,2021),(16,2022),(16,2023),(16,2025),(16,2026),(16,2027),(16,2034),(16,2036),(16,2042),(16,2046),(16,2049),(16,2052),(16,2054),(16,2055),(16,2056),(16,2057),(16,2058),(16,2059),(16,2060),(16,2061),(16,2062),(16,2063),(16,2064),(16,2065),(16,2066),(16,2067),(16,2068),(16,2071),(16,2073),(16,2074),(16,2075),(16,2076),(16,2077),(16,2078),(16,2079),(16,2080),(16,2081),(16,2083),(16,2084),(16,2085),(16,2103),(16,2104),(16,2105),(16,2106),(16,2108),(16,2112),(16,2113),(16,2114),(16,2115),(16,2116),(16,2118),(16,2119),(16,2123),(16,2124),(16,2127),(16,2128),(16,2131),(16,2132),(16,2134),(16,2137),(16,2138),(16,2139),(16,2140),(16,2141),(16,2142),(16,2144),(16,2149),(16,2150),(16,2152),(16,2153),(16,2160),(16,2161),(16,2162),(16,2163),(16,2164),(16,2165),(16,2166),(16,2167),(16,2169),(16,2173),(16,2174),(16,2175),(16,2176);

--
-- Table structure for table `content`
--

CREATE TABLE `content` (
  `id` int NOT NULL AUTO_INCREMENT,
  `media_id` int DEFAULT NULL,
  `title` varchar(150) COLLATE utf8mb4_unicode_ci NOT NULL,
  `description` varchar(255) COLLATE utf8mb4_unicode_ci DEFAULT NULL,
  `full_content` varchar(8000) COLLATE utf8mb4_unicode_ci DEFAULT NULL,
  `small_title` varchar(50) COLLATE utf8mb4_unicode_ci DEFAULT NULL,
  `color_small_title` varchar(10) COLLATE utf8mb4_unicode_ci DEFAULT NULL,
  `date` date DEFAULT NULL,
  `reading_time` int DEFAULT NULL,
  `type_id` int NOT NULL,
  `url_video` varchar(1500) COLLATE utf8mb4_unicode_ci DEFAULT NULL,
  `partner_id` int DEFAULT NULL,
  PRIMARY KEY (`id`),
  UNIQUE KEY `UNIQ_FEC530A9EA9FDD75` (`media_id`),
  KEY `IDX_FEC530A9C54C8C93` (`type_id`),
  KEY `IDX_FEC530A99393F8FE` (`partner_id`),
  CONSTRAINT `FK_FEC530A99393F8FE` FOREIGN KEY (`partner_id`) REFERENCES `partner` (`id`),
  CONSTRAINT `FK_FEC530A9C54C8C93` FOREIGN KEY (`type_id`) REFERENCES `content_type` (`id`),
  CONSTRAINT `FK_FEC530A9EA9FDD75` FOREIGN KEY (`media_id`) REFERENCES `media_object` (`id`)
) ENGINE=InnoDB AUTO_INCREMENT=10 DEFAULT CHARSET=utf8mb4 COLLATE=utf8mb4_unicode_ci;

--
-- Dumping data for table `content`
--


--
-- Table structure for table `content_type`
--

CREATE TABLE `content_type` (
  `id` int NOT NULL AUTO_INCREMENT,
  `type` varchar(150) COLLATE utf8mb4_unicode_ci NOT NULL,
  `button_text` varchar(100) COLLATE utf8mb4_unicode_ci NOT NULL,
  `read_more_button` varchar(150) COLLATE utf8mb4_unicode_ci NOT NULL,
  PRIMARY KEY (`id`)
) ENGINE=InnoDB AUTO_INCREMENT=4 DEFAULT CHARSET=utf8mb4 COLLATE=utf8mb4_unicode_ci;

--
-- Dumping data for table `content_type`
--

INSERT INTO `content_type` VALUES (1,'articles','Articoli','Leggi di più'),(2,'downloadable','Download','Download'),(3,'video','Video','Guarda');

--
-- Table structure for table `country`
--

CREATE TABLE `country` (
  `id` int NOT NULL AUTO_INCREMENT,
  `nome_provincia` varchar(150) NOT NULL,
  `sigla_provincia` varchar(5) NOT NULL,
  `regione` varchar(150) NOT NULL,
  PRIMARY KEY (`id`)
) ENGINE=InnoDB AUTO_INCREMENT=107 DEFAULT CHARSET=utf8mb4 COLLATE=utf8mb4_0900_ai_ci;

--
-- Dumping data for table `country`
--

INSERT INTO `country` VALUES (1,'Agrigento','AG','Sicilia'),(2,'Alessandria','AL','Piemonte'),(3,'Ancona','AN','Marche'),(4,'Aosta','AO','Valle d\'Aosta'),(5,'Arezzo','AR','Toscana'),(6,'Ascoli Piceno','AP','Marche'),(7,'Asti','AT','Piemonte'),(8,'Avellino','AV','Campania'),(9,'Bari','BA','Puglia'),(10,'Barletta-Andria-Trani','BT','Puglia'),(11,'Belluno','BL','Veneto'),(12,'Benevento','BN','Campania'),(13,'Bergamo','BG','Lombardia'),(14,'Biella','BI','Piemonte'),(15,'Bologna','BO','Emilia-Romagna'),(16,'Bolzano','BZ','Trentino-Alto Adige'),(17,'Brescia','BS','Lombardia'),(18,'Brindisi','BR','Puglia'),(19,'Cagliari','CA','Sardegna'),(20,'Caltanissetta','CL','Sicilia'),(21,'Campobasso','CB','Molise'),(22,'Caserta','CE','Campania'),(23,'Catania','CT','Sicilia'),(24,'Catanzaro','CZ','Calabria'),(25,'Chieti','CH','Abruzzo'),(26,'Como','CO','Lombardia'),(27,'Cosenza','CS','Calabria'),(28,'Cremona','CR','Lombardia'),(29,'Crotone','KR','Calabria'),(30,'Cuneo','CN','Piemonte'),(31,'Enna','EN','Sicilia'),(32,'Ferrara','FE','Emilia-Romagna'),(33,'Firenze','FI','Toscana'),(34,'Foggia','FG','Puglia'),(35,'Forlì-Cesena','FC','Emilia-Romagna'),(36,'Frosinone','FR','Lazio'),(37,'Genova','GE','Liguria'),(38,'Gorizia','GO','Friuli-Venezia Giulia'),(39,'Grosseto','GR','Toscana'),(40,'Imperia','IM','Liguria'),(41,'Isernia','IS','Molise'),(42,'L\'Aquila','AQ','Abruzzo'),(43,'La Spezia','SP','Liguria'),(44,'Latina','LT','Lazio'),(45,'Lecce','LE','Puglia'),(46,'Lecco','LC','Lombardia'),(47,'Livorno','LI','Toscana'),(48,'Lodi','LO','Lombardia'),(49,'Lucca','LU','Toscana'),(50,'Macerata','MC','Marche'),(51,'Mantova','MN','Lombardia'),(52,'Massa-Carrara','MS','Toscana'),(53,'Matera','MT','Basilicata'),(54,'Messina','ME','Sicilia'),(55,'Milano','MI','Lombardia'),(56,'Modena','MO','Emilia-Romagna'),(57,'Monza e della Brianza','MB','Lombardia'),(58,'Napoli','NA','Campania'),(59,'Novara','NO','Piemonte'),(60,'Nuoro','NU','Sardegna'),(61,'Oristano','OR','Sardegna'),(62,'Padova','PD','Veneto'),(63,'Palermo','PA','Sicilia'),(64,'Parma','PR','Emilia-Romagna'),(65,'Pavia','PV','Lombardia'),(66,'Perugia','PG','Umbria'),(67,'Pesaro e Urbino','PU','Marche'),(68,'Pescara','PE','Abruzzo'),(69,'Piacenza','PC','Emilia-Romagna'),(70,'Pisa','PI','Toscana'),(71,'Pistoia','PT','Toscana'),(72,'Pordenone','PN','Friuli-Venezia Giulia'),(73,'Potenza','PZ','Basilicata'),(74,'Prato','PO','Toscana'),(75,'Ragusa','RG','Sicilia'),(76,'Ravenna','RA','Emilia-Romagna'),(77,'Reggio Calabria','RC','Calabria'),(78,'Reggio Emilia','RE','Emilia-Romagna'),(79,'Rieti','RI','Lazio'),(80,'Rimini','RN','Emilia-Romagna'),(81,'Roma','RM','Lazio'),(82,'Rovigo','RO','Veneto'),(83,'Salerno','SA','Campania'),(84,'Sassari','SS','Sardegna'),(85,'Savona','SV','Liguria'),(86,'Siena','SI','Toscana'),(87,'Siracusa','SR','Sicilia'),(88,'Sondrio','SO','Lombardia'),(89,'Sud Sardegna','SU','Sardegna'),(90,'Taranto','TA','Puglia'),(91,'Teramo','TE','Abruzzo'),(92,'Terni','TR','Umbria'),(93,'Torino','TO','Piemonte'),(94,'Trapani','TP','Sicilia'),(95,'Trento','TN','Trentino-Alto Adige'),(96,'Treviso','TV','Veneto'),(97,'Trieste','TS','Friuli-Venezia Giulia'),(98,'Udine','UD','Friuli-Venezia Giulia'),(99,'Varese','VA','Lombardia'),(100,'Venezia','VE','Veneto'),(101,'Verbano-Cusio-Ossola','VB','Piemonte'),(102,'Vercelli','VC','Piemonte'),(103,'Verona','VR','Veneto'),(104,'Vibo Valentia','VV','Calabria'),(105,'Vicenza','VI','Veneto'),(106,'Viterbo','VT','Lazio');

--
-- Table structure for table `doctrine_migration_versions`
--

CREATE TABLE `doctrine_migration_versions` (
  `version` varchar(191) COLLATE utf8mb3_unicode_ci NOT NULL,
  `executed_at` datetime DEFAULT NULL,
  `execution_time` int DEFAULT NULL,
  PRIMARY KEY (`version`)
) ENGINE=InnoDB DEFAULT CHARSET=utf8mb3 COLLATE=utf8mb3_unicode_ci;

--
-- Dumping data for table `doctrine_migration_versions`
--

INSERT INTO `doctrine_migration_versions` VALUES ('DoctrineMigrations\\Version20250716165938','2025-07-16 16:59:48',91),('DoctrineMigrations\\Version20250718160002','2025-07-18 16:00:21',132),('DoctrineMigrations\\Version20250721164014','2025-07-21 16:40:21',114),('DoctrineMigrations\\Version20250721190827','2025-07-21 19:08:30',56),('DoctrineMigrations\\Version20250722104856','2025-07-22 10:49:00',48),('DoctrineMigrations\\Version20250722111036','2025-07-22 11:10:44',121),('DoctrineMigrations\\Version20250722111407','2025-07-22 11:14:15',270),('DoctrineMigrations\\Version20250723142122','2025-07-23 14:21:35',27),('DoctrineMigrations\\Version20250723161103','2025-07-23 16:11:10',21),('DoctrineMigrations\\Version20250723165203','2025-07-23 16:52:15',71),('DoctrineMigrations\\Version20250723191201','2025-07-23 19:12:10',258),('DoctrineMigrations\\Version20250724182251','2025-07-24 18:23:00',51),('DoctrineMigrations\\Version20250725145553','2025-07-25 14:55:58',66),('DoctrineMigrations\\Version20250728185923','2025-07-28 18:59:40',51),('DoctrineMigrations\\Version20250805130354','2025-08-05 13:04:00',69),('DoctrineMigrations\\Version20250809174354','2025-08-09 17:44:04',34),('DoctrineMigrations\\Version20250813154630','2025-08-13 15:46:41',157),('DoctrineMigrations\\Version20250813162102','2025-08-13 16:21:14',79),('DoctrineMigrations\\Version20250826172753','2025-08-26 17:28:15',102),('DoctrineMigrations\\Version20250905194216','2025-09-05 19:42:30',168),('DoctrineMigrations\\Version20250905200633','2025-09-05 20:06:38',118),('DoctrineMigrations\\Version20250908132201','2025-09-08 13:22:05',41),('DoctrineMigrations\\Version20250909160707','2025-09-09 16:07:13',42),('DoctrineMigrations\\Version20250909162617','2025-09-09 16:26:25',24),('DoctrineMigrations\\Version20250910100215','2025-09-10 10:02:26',87),('DoctrineMigrations\\Version20250910100354','2025-09-10 10:03:59',121),('DoctrineMigrations\\Version20250914204151','2025-09-14 20:42:04',91),('DoctrineMigrations\\Version20250917140159','2025-09-17 14:02:05',238),('DoctrineMigrations\\Version20250917192248','2025-09-17 19:22:53',52),('DoctrineMigrations\\Version20250924163612','2025-09-24 16:36:22',27),('DoctrineMigrations\\Version20251001160349','2025-10-01 16:04:01',124),('DoctrineMigrations\\Version20251028154339','2025-10-28 15:44:15',53),('DoctrineMigrations\\Version20251109142515','2025-11-09 14:25:27',113),('DoctrineMigrations\\Version20251109143003','2025-11-09 14:30:20',78);

--
-- Table structure for table `employment`
--

CREATE TABLE `employment` (
  `id` int NOT NULL AUTO_INCREMENT,
  `employment` varchar(150) NOT NULL,
  `sub_event_id` int DEFAULT NULL,
  `base_data_id` int DEFAULT NULL,
  PRIMARY KEY (`id`),
  KEY `IDX_BF089C98CB5806D2` (`sub_event_id`),
  KEY `IDX_BF089C983F31858` (`base_data_id`),
  CONSTRAINT `FK_BF089C983F31858` FOREIGN KEY (`base_data_id`) REFERENCES `base_data` (`id`),
  CONSTRAINT `FK_BF089C98CB5806D2` FOREIGN KEY (`sub_event_id`) REFERENCES `sub_event` (`id`)
) ENGINE=InnoDB AUTO_INCREMENT=14 DEFAULT CHARSET=utf8mb4 COLLATE=utf8mb4_0900_ai_ci;

--
-- Dumping data for table `employment`
--

INSERT INTO `employment` VALUES (2,'Amministratore',NULL,NULL),(3,'Ente pubblico',NULL,NULL),(4,'Professionista',NULL,NULL),(5,'Geometra',NULL,NULL),(6,'Perito',NULL,NULL),(7,'Architetto',NULL,NULL),(8,'Ingegnere',NULL,NULL),(9,'Azienda',NULL,NULL),(10,'Associazione',NULL,NULL),(11,'Privato',NULL,NULL),(12,'Ente del Terzo Settore',NULL,NULL),(13,'Altro',NULL,NULL);

--
-- Table structure for table `media_object`
--

CREATE TABLE `media_object` (
  `id` int NOT NULL AUTO_INCREMENT,
  `file_path` varchar(255) COLLATE utf8mb4_unicode_ci DEFAULT NULL,
  PRIMARY KEY (`id`)
) ENGINE=InnoDB AUTO_INCREMENT=34 DEFAULT CHARSET=utf8mb4 COLLATE=utf8mb4_unicode_ci;

--
-- Dumping data for table `media_object`
--

INSERT INTO `media_object` VALUES (1,NULL),(2,NULL),(3,'logoreteirene-6897aca77cdf5853784508.jpg'),(4,'logoreteirene-6897acd1baa15206565755.jpg'),(5,'logoreteirene-6897acdfc2f29059772934.jpg'),(6,'logoreteirene-6897ad13cd5c5393411972.jpg'),(7,'logoreteirene-6897ad215a0f8601170047.jpg'),(8,'chatgpt-image-2-ago-2025-21-55-31-689cb8eee64fa011795947.png'),(9,'chatgpt-image-2-ago-2025-21-55-31-689cbd07930e4117600007.png'),(10,'ritratto-all-aperto-di-una-donna-bionda-invecchiata-mezzo-ragazza-sexy-attraente-un-campo-con-i-fiori-il-bello-ha-invecchiato-142390806-68c02fad96620090871331.webp'),(11,'ritratto-all-aperto-di-una-donna-bionda-invecchiata-mezzo-ragazza-sexy-attraente-un-campo-con-i-fiori-il-bello-ha-invecchiato-142390806-68c02fc3baa94791913043.webp'),(12,'ritratto-all-aperto-di-una-donna-bionda-invecchiata-mezzo-ragazza-sexy-attraente-un-campo-con-i-fiori-il-bello-ha-invecchiato-142390806-68c02fd89f29a202373054.webp'),(13,'ritratto-all-aperto-di-una-donna-bionda-invecchiata-mezzo-ragazza-sexy-attraente-un-campo-con-i-fiori-il-bello-ha-invecchiato-142390806-68c030b13f51b457415485.webp'),(14,'ritratto-all-aperto-di-una-donna-bionda-invecchiata-mezzo-ragazza-sexy-attraente-un-campo-con-i-fiori-il-bello-ha-invecchiato-142390806-68c030c3d3411509412847.webp'),(16,'screenshot-2025-08-02-095520-68c08f089d94c448801580.png'),(17,'screenshot-2025-08-02-095520-68c08f13bad8e719736000.png'),(18,'screenshot-2025-08-02-095520-68c08f253c155460328077.png'),(19,'screenshot-2025-08-02-095520-68c08f3b53610085170667.png'),(20,'screenshot-2025-08-02-095520-68c08f3d4f71a384205978.png'),(21,'479509813-17900087559104559-3792947613125458266-n-68c0903c94b63095586020.jpg'),(23,'vella-lab-1400x788-68c1352d502c2443069741.jpg'),(24,'vella-lab-1400x788-68c1354394443929056570.jpg'),(25,'vella-lab-1400x788-68c135454f822389014369.jpg'),(26,'vella-lab-1400x788-68c135c013a7f874110432.jpg'),(27,'479509813-17900087559104559-3792947613125458266-n-68c158b554113405460380.jpg'),(28,'ritratto-all-aperto-di-una-donna-bionda-invecchiata-mezzo-ragazza-sexy-attraente-un-campo-con-i-fiori-il-bello-ha-invecchiato-142390806-68c1599b12b4d874241198.webp'),(30,'ivas-copertina-68d316f2a6d01464207318.jpg'),(31,'ivas-copertina-68d3173f89bd1863198032.jpg');

--
-- Table structure for table `partner`
--

CREATE TABLE `partner` (
  `id` int NOT NULL AUTO_INCREMENT,
  `media_id` int DEFAULT NULL,
  `small_title` varchar(150) COLLATE utf8mb4_unicode_ci NOT NULL,
  `title` varchar(255) COLLATE utf8mb4_unicode_ci NOT NULL,
  `description` varchar(1000) COLLATE utf8mb4_unicode_ci NOT NULL,
  `button_text` varchar(255) COLLATE utf8mb4_unicode_ci NOT NULL,
  PRIMARY KEY (`id`),
  UNIQUE KEY `UNIQ_312B3E16EA9FDD75` (`media_id`),
  CONSTRAINT `FK_312B3E16EA9FDD75` FOREIGN KEY (`media_id`) REFERENCES `media_object` (`id`)
) ENGINE=InnoDB AUTO_INCREMENT=3 DEFAULT CHARSET=utf8mb4 COLLATE=utf8mb4_unicode_ci;

--
-- Dumping data for table `partner`
--

INSERT INTO `partner` VALUES (2,31,'Ivas SpA Via Bellaria, 40 47030 San Mauro Pascoli (FC) Tel. +39 0541 815811 Fax +39 0541 815815 Sito web: www.gruppoivas.com E-mail: ivas@gruppoivas.c','IVAS','Ivas SpA\nVia Bellaria, 40\n47030 San Mauro Pascoli (FC)\nTel. +39 0541 815811 Fax +39 0541 815815\nSito web: www.gruppoivas.com E-mail: ivas@gruppoivas.com','SCOPRI');

--
-- Table structure for table `sub_event`
--

CREATE TABLE `sub_event` (
  `id` int NOT NULL AUTO_INCREMENT,
  `title` varchar(150) COLLATE utf8mb4_unicode_ci NOT NULL,
  `date` varchar(100) COLLATE utf8mb4_unicode_ci DEFAULT NULL,
  `description` varchar(255) COLLATE utf8mb4_unicode_ci DEFAULT NULL,
  `location` varchar(100) COLLATE utf8mb4_unicode_ci NOT NULL,
  `type` varchar(200) COLLATE utf8mb4_unicode_ci DEFAULT NULL,
  `max_number` int DEFAULT NULL,
  `base_data_id` int NOT NULL,
  `main_event` tinyint(1) DEFAULT NULL,
  `profile_image` varchar(150) COLLATE utf8mb4_unicode_ci DEFAULT NULL,
  `checked` longtext COLLATE utf8mb4_unicode_ci COMMENT '(DC2Type:array)',
  PRIMARY KEY (`id`),
  KEY `IDX_D7EA6E1E3F31858` (`base_data_id`),
  CONSTRAINT `FK_D7EA6E1E3F31858` FOREIGN KEY (`base_data_id`) REFERENCES `base_data` (`id`)
) ENGINE=InnoDB AUTO_INCREMENT=33 DEFAULT CHARSET=utf8mb4 COLLATE=utf8mb4_unicode_ci;

--
-- Dumping data for table `sub_event`
--

INSERT INTO `sub_event` VALUES (26,'Dalle sfide sistemiche alla spinta al Cambiamento','2025-11-13T10:30','In questa sessione di apertura, analizzeremo gli scenari attuali e definiremo una visione chiara per il futuro, trasformando gli ostacoli di oggi nelle più grandi opportunità di crescita e innovazione di domani.','BASE Milano Sala A','Offline',300,16,1,NULL,'N;'),(27,'Analisi di scenario e impatto: Quanto ti costa non riqualificare?','2025-11-13T11:30','L\'inazione ha un prezzo, spesso più alto dell\'investimento. Scopriremo come trasformare la riqualificazione da un costo a un potente generatore di valore e capitale. Un intervento pensato per capovolgere le prospettive e ispirare all\'azione.','BASE Milano Sala A','Offline',300,16,1,NULL,'N;'),(28,'Casi concreti: quando la riqualificazione diventa realtà.','0025-11-13T12:00','Oltre la teoria, le esperienze reali. Ascolteremo dalla voce dei protagonisti due storie emblematiche: sfide affrontate, soluzioni trovate e risultati raggiunti sul campo. ','BASE Milano Sala A','Offline',300,16,1,NULL,'N;'),(29,'TERZO SETTORE | Capitale Sociale: Rigenerare Immobili per Rigenerare Comunità #1','2025-11-13T14:30','Ogni edificio del Terzo Settore è molto più di un contenitore: è un nodo vitale nella rete della coesione sociale. Riqualificarlo significa moltiplicare valore. \nUn incontro operativo per dirigenti, tecnici e organizzazioni del Terzo Settore.','BASE Milano Sala B','Offline',150,16,0,NULL,'N;'),(30,'Percorso assembleare: come accompagnare il progetto verso l’approvazione #1','2025-11-13T14:30','Un progetto ben fatto non basta. Perché venga realizzato, deve essere compreso. Questa sessione è dedicata a chi, come amministratore o progettista, si trova a tradurre la complessità tecnica in un messaggio capace di attivare una decisione positiva.','BASE Milano Sala C','Offline',150,16,0,NULL,'N;'),(31,'TERZO SETTORE | Capitale Sociale: Rigenerare Immobili per Rigenerare Comunità #2','2025-11-13T15:45','Ogni edificio del Terzo Settore è molto più di un contenitore: è un nodo vitale nella rete della coesione sociale. Riqualificarlo significa moltiplicare valore. \nUn incontro operativo per dirigenti, tecnici e organizzazioni del Terzo Settore.','BASE Milano Sala B','offline',150,16,0,NULL,'N;'),(32,'Percorso assembleare: come accompagnare il progetto verso l’approvazione #2','2025-11-13T15:45','Un progetto ben fatto non basta. Perché venga realizzato, deve essere compreso. Questa sessione è dedicata a chi, come amministratore o progettista, si trova a tradurre la complessità tecnica in un messaggio capace di attivare una decisione positiva.','BASE Milano Sala C','offline',150,16,0,NULL,'N;');

--
-- Table structure for table `sub_event_user`
--

CREATE TABLE `sub_event_user` (
  `sub_event_id` int NOT NULL,
  `user_id` int NOT NULL,
  PRIMARY KEY (`sub_event_id`,`user_id`),
  KEY `IDX_BE93092FCB5806D2` (`sub_event_id`),
  KEY `IDX_BE93092FA76ED395` (`user_id`),
  CONSTRAINT `FK_BE93092FA76ED395` FOREIGN KEY (`user_id`) REFERENCES `user` (`id`) ON DELETE CASCADE,
  CONSTRAINT `FK_BE93092FCB5806D2` FOREIGN KEY (`sub_event_id`) REFERENCES `sub_event` (`id`) ON DELETE CASCADE
) ENGINE=InnoDB DEFAULT CHARSET=utf8mb4 COLLATE=utf8mb4_unicode_ci;

--
-- Dumping data for table `sub_event_user`
--

INSERT INTO `sub_event_user` VALUES (26,49),(26,50),(26,52),(26,53),(26,54),(26,55),(26,56),(26,58),(26,60),(26,61),(26,62),(26,64),(26,65),(26,67),(26,68),(26,69),(26,70),(26,71),(26,72),(26,73),(26,74),(26,76),(26,78),(26,80),(26,81),(26,82),(26,84),(26,85),(26,86),(26,87),(26,88),(26,89),(26,90),(26,91),(26,92),(26,93),(26,94),(26,96),(26,97),(26,99),(26,100),(26,101),(26,102),(26,104),(26,106),(26,109),(26,110),(26,111),(26,112),(26,113),(26,114),(26,115),(26,117),(26,118),(26,119),(26,120),(26,121),(26,123),(26,125),(26,126),(26,129),(26,130),(26,132),(26,133),(26,134),(26,135),(26,137),(26,139),(26,140),(26,141),(26,143),(26,145),(26,146),(26,147),(26,148),(26,149),(26,150),(26,151),(26,154),(26,160),(26,161),(26,162),(26,163),(26,164),(26,165),(26,166),(26,167),(26,168),(26,169),(26,170),(26,171),(26,172),(26,173),(26,174),(26,175),(26,176),(26,177),(26,178),(26,179),(26,180),(26,181),(26,182),(26,183),(26,184),(26,186),(26,187),(26,188),(26,189),(26,190),(26,192),(26,193),(26,194),(26,195),(26,202),(26,203),(26,206),(26,251),(26,256),(26,281),(26,288),(26,303),(26,312),(26,317),(26,320),(26,324),(26,325),(26,329),(26,340),(26,341),(26,346),(26,372),(26,373),(26,388),(26,395),(26,413),(26,435),(26,507),(26,724),(26,1107),(26,1721),(26,1952),(26,1953),(26,1954),(26,1955),(26,1956),(26,1957),(26,1958),(26,1960),(26,1961),(26,1963),(26,1964),(26,1965),(26,1966),(26,1968),(26,1969),(26,1971),(26,1972),(26,1973),(26,1974),(26,1978),(26,1980),(26,1981),(26,1983),(26,1985),(26,1987),(26,1988),(26,1995),(26,1996),(26,1997),(26,1998),(26,2000),(26,2001),(26,2002),(26,2003),(26,2004),(26,2006),(26,2007),(26,2008),(26,2009),(26,2010),(26,2011),(26,2012),(26,2013),(26,2014),(26,2015),(26,2016),(26,2018),(26,2019),(26,2020),(26,2021),(26,2022),(26,2023),(26,2025),(26,2026),(26,2027),(26,2034),(26,2036),(26,2042),(26,2046),(26,2049),(26,2052),(26,2054),(26,2055),(26,2056),(26,2057),(26,2058),(26,2059),(26,2060),(26,2061),(26,2062),(26,2063),(26,2064),(26,2065),(26,2066),(26,2067),(26,2068),(26,2071),(26,2073),(26,2074),(26,2075),(26,2076),(26,2077),(26,2078),(26,2079),(26,2080),(26,2081),(26,2083),(26,2084),(26,2085),(26,2103),(26,2104),(26,2105),(26,2106),(26,2108),(26,2112),(26,2113),(26,2114),(26,2115),(26,2116),(26,2118),(26,2119),(26,2123),(26,2124),(26,2127),(26,2128),(26,2131),(26,2132),(26,2134),(26,2137),(26,2138),(26,2139),(26,2140),(26,2141),(26,2142),(26,2144),(26,2149),(26,2150),(26,2152),(26,2153),(26,2160),(26,2161),(26,2162),(26,2163),(26,2164),(26,2165),(26,2166),(26,2167),(26,2169),(26,2173),(26,2174),(26,2175),(26,2176),(27,49),(27,50),(27,52),(27,53),(27,54),(27,55),(27,56),(27,58),(27,60),(27,61),(27,62),(27,64),(27,65),(27,67),(27,68),(27,69),(27,70),(27,71),(27,72),(27,73),(27,74),(27,76),(27,78),(27,80),(27,81),(27,82),(27,84),(27,85),(27,86),(27,87),(27,88),(27,89),(27,90),(27,91),(27,92),(27,93),(27,94),(27,96),(27,97),(27,99),(27,100),(27,101),(27,102),(27,104),(27,106),(27,109),(27,110),(27,111),(27,112),(27,113),(27,114),(27,115),(27,117),(27,118),(27,119),(27,120),(27,121),(27,123),(27,125),(27,126),(27,129),(27,130),(27,132),(27,133),(27,134),(27,135),(27,137),(27,139),(27,140),(27,141),(27,143),(27,145),(27,146),(27,147),(27,148),(27,149),(27,150),(27,151),(27,154),(27,160),(27,161),(27,162),(27,163),(27,164),(27,165),(27,166),(27,167),(27,168),(27,169),(27,170),(27,171),(27,172),(27,173),(27,174),(27,175),(27,176),(27,177),(27,178),(27,179),(27,180),(27,181),(27,182),(27,183),(27,184),(27,186),(27,187),(27,188),(27,189),(27,190),(27,192),(27,193),(27,194),(27,195),(27,202),(27,203),(27,206),(27,251),(27,256),(27,281),(27,288),(27,303),(27,312),(27,317),(27,320),(27,324),(27,325),(27,329),(27,340),(27,341),(27,346),(27,372),(27,373),(27,388),(27,395),(27,413),(27,435),(27,507),(27,724),(27,1107),(27,1721),(27,1952),(27,1953),(27,1954),(27,1955),(27,1956),(27,1957),(27,1958),(27,1960),(27,1961),(27,1963),(27,1964),(27,1965),(27,1966),(27,1968),(27,1969),(27,1971),(27,1972),(27,1973),(27,1974),(27,1978),(27,1980),(27,1981),(27,1983),(27,1985),(27,1987),(27,1988),(27,1995),(27,1996),(27,1997),(27,1998),(27,2000),(27,2001),(27,2002),(27,2003),(27,2004),(27,2006),(27,2007),(27,2008),(27,2009),(27,2010),(27,2011),(27,2012),(27,2013),(27,2014),(27,2015),(27,2016),(27,2018),(27,2019),(27,2020),(27,2021),(27,2022),(27,2023),(27,2025),(27,2026),(27,2027),(27,2034),(27,2036),(27,2042),(27,2046),(27,2049),(27,2052),(27,2054),(27,2055),(27,2056),(27,2057),(27,2058),(27,2059),(27,2060),(27,2061),(27,2062),(27,2063),(27,2064),(27,2065),(27,2066),(27,2067),(27,2068),(27,2071),(27,2073),(27,2074),(27,2075),(27,2076),(27,2077),(27,2078),(27,2079),(27,2080),(27,2081),(27,2083),(27,2084),(27,2085),(27,2103),(27,2104),(27,2105),(27,2106),(27,2108),(27,2112),(27,2113),(27,2114),(27,2115),(27,2116),(27,2118),(27,2119),(27,2123),(27,2124),(27,2127),(27,2128),(27,2131),(27,2132),(27,2134),(27,2137),(27,2138),(27,2139),(27,2140),(27,2141),(27,2142),(27,2144),(27,2149),(27,2150),(27,2152),(27,2153),(27,2160),(27,2161),(27,2162),(27,2163),(27,2164),(27,2165),(27,2166),(27,2167),(27,2169),(27,2173),(27,2174),(27,2175),(27,2176),(28,49),(28,50),(28,52),(28,53),(28,54),(28,55),(28,56),(28,58),(28,60),(28,61),(28,62),(28,64),(28,65),(28,67),(28,68),(28,69),(28,70),(28,71),(28,72),(28,73),(28,74),(28,76),(28,78),(28,80),(28,81),(28,82),(28,84),(28,85),(28,86),(28,87),(28,88),(28,89),(28,90),(28,91),(28,92),(28,93),(28,94),(28,96),(28,97),(28,99),(28,100),(28,101),(28,102),(28,104),(28,106),(28,109),(28,110),(28,111),(28,112),(28,113),(28,114),(28,115),(28,117),(28,118),(28,119),(28,120),(28,121),(28,123),(28,125),(28,126),(28,129),(28,130),(28,132),(28,133),(28,134),(28,135),(28,137),(28,139),(28,140),(28,141),(28,143),(28,145),(28,146),(28,147),(28,148),(28,149),(28,150),(28,151),(28,154),(28,160),(28,161),(28,162),(28,163),(28,164),(28,165),(28,166),(28,167),(28,168),(28,169),(28,170),(28,171),(28,172),(28,173),(28,174),(28,175),(28,176),(28,177),(28,178),(28,179),(28,180),(28,181),(28,182),(28,183),(28,184),(28,186),(28,187),(28,188),(28,189),(28,190),(28,192),(28,193),(28,194),(28,195),(28,202),(28,203),(28,206),(28,251),(28,256),(28,281),(28,288),(28,303),(28,312),(28,317),(28,320),(28,324),(28,325),(28,329),(28,340),(28,341),(28,346),(28,372),(28,373),(28,388),(28,395),(28,413),(28,435),(28,507),(28,724),(28,1107),(28,1721),(28,1952),(28,1953),(28,1954),(28,1955),(28,1956),(28,1957),(28,1958),(28,1960),(28,1961),(28,1963),(28,1964),(28,1965),(28,1966),(28,1968),(28,1969),(28,1971),(28,1972),(28,1973),(28,1974),(28,1978),(28,1980),(28,1981),(28,1983),(28,1985),(28,1987),(28,1988),(28,1995),(28,1996),(28,1997),(28,1998),(28,2000),(28,2001),(28,2002),(28,2003),(28,2004),(28,2006),(28,2007),(28,2008),(28,2009),(28,2010),(28,2011),(28,2012),(28,2013),(28,2014),(28,2015),(28,2016),(28,2018),(28,2019),(28,2020),(28,2021),(28,2022),(28,2023),(28,2025),(28,2026),(28,2027),(28,2034),(28,2036),(28,2042),(28,2046),(28,2049),(28,2052),(28,2054),(28,2055),(28,2056),(28,2057),(28,2058),(28,2059),(28,2060),(28,2061),(28,2062),(28,2063),(28,2064),(28,2065),(28,2066),(28,2067),(28,2068),(28,2071),(28,2073),(28,2074),(28,2075),(28,2076),(28,2077),(28,2078),(28,2079),(28,2080),(28,2081),(28,2083),(28,2084),(28,2085),(28,2103),(28,2104),(28,2105),(28,2106),(28,2108),(28,2112),(28,2113),(28,2114),(28,2115),(28,2116),(28,2118),(28,2119),(28,2123),(28,2124),(28,2127),(28,2128),(28,2131),(28,2132),(28,2134),(28,2137),(28,2138),(28,2139),(28,2140),(28,2141),(28,2142),(28,2144),(28,2149),(28,2150),(28,2152),(28,2153),(28,2160),(28,2161),(28,2162),(28,2163),(28,2164),(28,2165),(28,2166),(28,2167),(28,2169),(28,2173),(28,2174),(28,2175),(28,2176);

--
-- Table structure for table `user_appointment`
--

CREATE TABLE `user_appointment` (
  `id` int NOT NULL AUTO_INCREMENT,
  `user_id` int NOT NULL,
  `date_time_appointment` datetime NOT NULL,
  `title` varchar(255) COLLATE utf8mb4_unicode_ci DEFAULT NULL,
  `professional` varchar(255) COLLATE utf8mb4_unicode_ci DEFAULT NULL,
  `note` varchar(1000) COLLATE utf8mb4_unicode_ci DEFAULT NULL,
  PRIMARY KEY (`id`),
  KEY `IDX_572331D1A76ED395` (`user_id`),
  CONSTRAINT `FK_572331D1A76ED395` FOREIGN KEY (`user_id`) REFERENCES `user` (`id`)
) ENGINE=InnoDB AUTO_INCREMENT=7 DEFAULT CHARSET=utf8mb4 COLLATE=utf8mb4_unicode_ci;

--
-- Dumping data for table `user_appointment`
--

INSERT INTO `user_appointment` VALUES (2,49,'2025-11-13 12:00:00','Consulenza materiali','Pippo',''),(3,49,'2025-11-13 10:00:00','Appuntamento di prova','Pippo','sdasdfasdf'),(4,70,'2025-09-27 17:00:00','test','test','test'),(5,49,'2025-11-10 09:30:00','Consulenza per progetto specifico','Pippo Pippi',''),(6,49,'2025-11-23 10:00:00','Consulenza pro','Marco Gerosa','La consulenza si svolge su Google Meet al questo link.');

--
-- Table structure for table `user_detail`
--

CREATE TABLE `user_detail` (
  `id` int NOT NULL AUTO_INCREMENT,
  `name` varchar(100) COLLATE utf8mb4_unicode_ci NOT NULL,
  `lastname` varchar(100) COLLATE utf8mb4_unicode_ci NOT NULL,
  `phone` varchar(20) COLLATE utf8mb4_unicode_ci DEFAULT NULL,
  `fiscal_code` varchar(20) COLLATE utf8mb4_unicode_ci DEFAULT NULL,
  `country_id` int DEFAULT NULL,
  `employment_id` int DEFAULT NULL,
  `company` varchar(200) COLLATE utf8mb4_unicode_ci DEFAULT NULL,
  `bio` varchar(2000) COLLATE utf8mb4_unicode_ci DEFAULT NULL,
  PRIMARY KEY (`id`),
  KEY `IDX_4B5464AEF92F3E70` (`country_id`),
  KEY `IDX_4B5464AE466E61E3` (`employment_id`),
  CONSTRAINT `FK_4B5464AE466E61E3` FOREIGN KEY (`employment_id`) REFERENCES `employment` (`id`),
  CONSTRAINT `FK_4B5464AEF92F3E70` FOREIGN KEY (`country_id`) REFERENCES `country` (`id`)
) ENGINE=InnoDB AUTO_INCREMENT=2178 DEFAULT CHARSET=utf8mb4 COLLATE=utf8mb4_unicode_ci;

--
-- Dumping data for table `user_detail`
--

INSERT INTO `user_detail` VALUES (1,'Pierluigi','Zavaroni','3408145226','zvrplg77c28g337e',NULL,NULL,NULL,NULL),(50,'Sergio','Simonazzi','348 7383897','SMNSRG63B04G337G',NULL,NULL,NULL,NULL),(51,'Laura','Teaca','3298209155','TCELRA02M63Z140E',NULL,NULL,NULL,NULL),(53,'Alberto','Frascotti','3483508793','FRSLRT62D10F205Z',NULL,NULL,NULL,NULL),(54,'Franco','Bontadini','3482373304','BNTFNC47L30F205X',NULL,NULL,NULL,NULL),(55,'Rolando','Moncada','3384303032','MNCRND58D21F205Z',NULL,NULL,NULL,NULL),(56,'Giovanni ','Fanfulla ','3349700465','Fnfgnn71b21a783a',NULL,NULL,NULL,NULL),(57,'Alessandro','Giani','3356238777','Gnilsn72p05h294s',NULL,NULL,NULL,NULL),(59,'Silvia','Fichera','3400871924','FCHSVM70R50I690G',NULL,NULL,NULL,NULL),(61,'Andrea','Couvert','3519719485','CVRNDR60A02L219A',NULL,NULL,NULL,NULL),(62,'Giancarlo','Sartini','3286615610','SRTGCR69B18H501F',NULL,NULL,NULL,NULL),(63,'Gianfranco','delfo','3356279585','DLFGFR58A11G273L',NULL,NULL,NULL,NULL),(64,'Giorgio','Secchi','3355435464','SCCGRG51H06C728V',NULL,NULL,NULL,NULL),(65,'Massimo ','Fasani ','3518478682','FSNMSM65R29F205F',NULL,NULL,NULL,NULL),(66,'Marco','Berardi','3488335495','BRRMRC88P01F704E',NULL,NULL,NULL,NULL),(68,'Lorenzo','Ricciardi','3939268292','RCCLNZ73L01F704W',NULL,NULL,NULL,NULL),(69,'Marco Andrea ','Ercoli','335690143','RCLMCN62M10F205A',NULL,NULL,NULL,NULL),(70,'marco','milanesi','3358256649','MLNMRC65S20F205Z',NULL,NULL,NULL,NULL),(71,'Pierluigi','Zavaroni','3408145226','zvrplg77c28g337e',64,13,'testa','test'),(72,'Omar','Berlonghi','3351258642','Brlmro75s10d142z',NULL,NULL,NULL,NULL),(73,'Riccardo','Decarli','3489012955','DCRRCR48D18L848X',NULL,NULL,NULL,NULL),(74,'SIMONETTA','SORACE','3477146495','srcsnt76b42d969s',NULL,NULL,NULL,NULL),(75,'Silvia','Fasolo','3472723227','FSLSLV67R44A182E',NULL,NULL,NULL,NULL),(76,'Luca','Ferrari','03321520126','FRRLCU64M31E591K',NULL,NULL,NULL,NULL),(77,'Roberto','Grassi','0248400027','GRSRRT70E17F205Z',NULL,NULL,NULL,NULL),(79,'Corrado','Mascetti','3403440422','MSCCRD70L27C933X',NULL,NULL,NULL,NULL),(80,'Francesco Maurizio','Militello','3339216242','mltfnc58e09e591r',NULL,NULL,NULL,NULL),(81,'ETTORE FERRUCCIO','GILBERTI','3356644556','GLBTRF65T25F205A',NULL,NULL,NULL,NULL),(82,'Francesco','Avallone','3316320508','Vllfnc51r08g763x',NULL,NULL,NULL,NULL),(83,'Massimo','Cavagnini','3480094705','CVGMSM67D20B157C',NULL,NULL,NULL,NULL),(85,'Fausto Luigi','Franchi','333441971','FRNFTL70H09L319T',NULL,NULL,NULL,NULL),(86,'GIANMARCO','BECCARIA','3299304690','BCCGMR77B06A182W',NULL,NULL,NULL,NULL),(87,'Fabrizio','Viganò','3398364584','VGNFRZ65T01E617P',NULL,NULL,NULL,NULL),(88,'LUCA','ZAPPELLA','3355346597','ZPPLCU74D23F205H',NULL,NULL,NULL,NULL),(89,'Gian Francesco','Fregoni','3296623900','FRGGFR58M19H598I',NULL,NULL,NULL,NULL),(90,'Alessio','Santacroce','3276156482','SNTLSS76E26D643C',NULL,NULL,NULL,NULL),(91,'Gianni','Izzo','3403960790','ZZIGNN62P28D708E',NULL,NULL,NULL,NULL),(92,'Giorgio Enrico','Belloni','0227305825','BLLGGN68D16F205O',NULL,NULL,NULL,NULL),(93,'Alessandro','Mandelli','3429737326','MNDLSN71D19F133G',NULL,NULL,NULL,NULL),(94,'Luciano','Damiano','3923807551','DMNLCN57A15F027Y',NULL,NULL,NULL,NULL),(95,'Roberto ','Rizzo','3337617741','Rzzrrt69s10f205f',NULL,NULL,NULL,NULL),(97,'ANTONIO','CINOTTO','0125627127','CNTNTN68S22E379X',NULL,NULL,NULL,NULL),(98,'Maurizio Amos','Pontara','3393219166','PNTMZM51A15A539N',NULL,NULL,NULL,NULL),(100,'Mauro','Vanzini','3472721768','vnzmra70p05e349f',NULL,NULL,NULL,NULL),(101,'Giovanni','Dibennardo','368259529','dbngnn59p24c927p',NULL,NULL,NULL,NULL),(102,'Pasquale','Capezzuto','0805242099','CPZPQL57M24A662U',NULL,NULL,NULL,NULL),(103,'Barbara ','Caravella ','3206912424','Crvbbr71d56f839n',NULL,NULL,NULL,NULL),(105,'Francesco ','NADDEO','3335434660','Nddfnc70h02h703x',NULL,NULL,NULL,NULL),(107,'Cristina','Mazzola','0239660996','MZZCST79B51F205X',NULL,NULL,NULL,NULL),(110,'Francesco','MARINELLI','3356099243','MRNFNC55H18A662H',NULL,NULL,NULL,NULL),(111,'Cosimo ','Guida','3356806895','GDUCSM61S24A294S',NULL,NULL,NULL,NULL),(112,'Claudio','Borin','3281328768','BRNCLD77S22M109S',NULL,NULL,NULL,NULL),(113,'ANDREA','SBERNINI','328 9542923','SBRNDR81T19E734R',NULL,NULL,NULL,NULL),(114,'Paolo','Sodero','3483515263','SDRPLA63M15G478D',NULL,NULL,NULL,NULL),(115,'Riccardo','Calvi','3357044448','Clvrcr64l24f205s',NULL,NULL,NULL,NULL),(116,'Evy ','Lai','3478749772','LAIVYE75T65I452Y',NULL,NULL,NULL,NULL),(117,'Dimitri','Simonazzi','333 2334456','SMNDTR02p06G337C',NULL,NULL,NULL,NULL),(118,'GIORGIO GIANCARLO','GAVIGLIO','3482266613','GVGGGG56R17L219F',NULL,NULL,NULL,NULL),(119,'Caterina','Grasso','3203623746','GRSCRN75C61L219I',NULL,NULL,NULL,NULL),(120,'Davide','Buffelli','3206285621','BFFDVD83L30D851N',NULL,NULL,NULL,NULL),(121,'Marco Luigi','Leopizzi','0245388307','LPZMCL83D09D862X',NULL,NULL,NULL,NULL),(122,'Daniela','Bernasconi','0236548308','BRNDNL80C59F205O',NULL,NULL,NULL,NULL),(124,'Samuele','Altobelli ','0236548308','LTBSML03B11F704C',NULL,NULL,NULL,NULL),(126,'Andrea Alberto','Nostrini','0236548308','NSTNRL75P29F205Z',NULL,NULL,NULL,NULL),(127,'SALVATORE','OTTANA\'','3939218151','TTNSVT64M03C566Y',NULL,NULL,NULL,NULL),(130,'ing. filippo','caimi','3478395454','CMAFPP83C21E801P',NULL,NULL,NULL,NULL),(131,'Giancarlo','Rossi','0258306779','RSSGCR61B13F205J',NULL,NULL,NULL,NULL),(132,'Nolita','Web','3408145227','zvrplg77c28g337e',NULL,NULL,NULL,NULL),(133,'Davide','Munari','3292808727','MNRDVD86H05E379T',NULL,NULL,NULL,NULL),(134,'Carlo','Mingazzini','3483417191','MNGCRL51C14D458C',NULL,NULL,NULL,NULL),(135,'Jacopo','Aste','338111111','STAJCP83L03G628G',NULL,NULL,NULL,NULL),(136,'Giuseppe','Casarico ','3358103240','CSRGPP53C11F205W',NULL,NULL,NULL,NULL),(138,'Paola','Perniè',' 3484740338','PRNPLA72A41E958C',NULL,NULL,NULL,NULL),(140,'CARLO','BOSSI','0392311551','BSSCRL59M28B300R',NULL,NULL,NULL,NULL),(141,'MARIA GRAZIA','BOSSI','3389360133','RMNMGR61T60I690Y',NULL,NULL,NULL,NULL),(142,'SILVIA MARIA','fichera','3400871924','FCHSVM70R50I690G',NULL,NULL,NULL,NULL),(144,'Raffaele','Ciampini','3356971234','CMPRFL63A15D612O',NULL,NULL,NULL,NULL),(145,'Mario V.','Serini','029306942','SRNMVT64R19F205G',NULL,NULL,NULL,NULL),(146,'Lupo','Attardo','3280770140','TTRLTM79A18F205S',NULL,NULL,NULL,NULL),(147,'ORIANO','VALLI','3381683497','VLLRNO59C03E785W',NULL,NULL,NULL,NULL),(148,'Paolo','Lombardi','0292141960','LMBPLA60P17F205Q',NULL,NULL,NULL,NULL),(149,'marco','papagna','3475980103','ppgmrc63h02f205o',NULL,NULL,NULL,NULL),(150,'Fabio','Innocenti','3351874960','NNCFBA73B17F205A',NULL,NULL,NULL,NULL),(151,'Marta','Barengo','366 7752577','BRNMRT79E55F952J',NULL,NULL,NULL,NULL),(152,'Riccardo','Rossi','3351275684','rssrcr70e17d612p',NULL,NULL,NULL,NULL),(153,'Utente','Di Prova','3408145226','zvrplg77c28g337e',NULL,NULL,NULL,NULL),(154,'Fedele','Ventrella','3285339633','vntfdl79h04e951m',NULL,NULL,NULL,NULL),(155,'GIAN FRANCO','MELLINO','3391013926','MLLGFR69L16F205G',NULL,NULL,NULL,NULL),(160,'Giuseppe','Cabini','3336881301','CBNGPP66L08D142C',NULL,NULL,NULL,NULL),(161,'Francesca ','Ramacciotti','3755587033','RMCFNC88R52E715C',NULL,NULL,NULL,NULL),(162,'Maurizio ','Bonomi','3481550775','BNMMRZ65C09A246Q',NULL,NULL,NULL,NULL),(163,'BARBARA','SPINELLI','3409044340','SPNBBR75L52I690E',NULL,NULL,NULL,NULL),(164,'ANDREA','ARNOLDI','3270665779','RNLNDR70H18F205J',NULL,NULL,NULL,NULL),(165,'Massimo','Marescotti','02680985','MRSMSM70D19H827S',NULL,NULL,NULL,NULL),(166,'Paolo','Lanfranconi','3355437656','Lnfpla67m03d969r',NULL,NULL,NULL,NULL),(167,'Michele Luigi','Coffano','+390235982335','CFFMHL65R19F205G',NULL,NULL,NULL,NULL),(168,'Piero Angelo','Amante','3356590390','MNTPNG62B08L074U',NULL,NULL,NULL,NULL),(169,'Anna','Caldarella','0541 815811','CLDNNA92E54H163S',NULL,NULL,NULL,NULL),(170,'Massimo','Carosso','335314281','CRSMSM68M12D933V',NULL,NULL,NULL,NULL),(171,'Alfio','Foresti','3357492434','FRSLFA76E22A794K',NULL,NULL,NULL,NULL),(172,'luca','arena','0392300314','RNALCU79R22F205S',NULL,NULL,NULL,NULL),(173,'Mariarita','Masiero','3496496833','MSRMRT62H55A818S',57,7,NULL,NULL),(174,'Luca','Baldin','0444543133','bldlcu61r15l736i',105,12,NULL,NULL),(175,'Flavio','Parise','3466197411','PRSFLV65M09F464U',105,8,NULL,NULL),(176,'Alessandra','Parolini','3397031748','PRLLSN72P50L667H',NULL,7,NULL,NULL),(177,'Stefano','Barbera','3406816041','BRBSFN85C25A010E',65,8,NULL,NULL),(178,'Bruno','Barbareschi','3514558771','BRBBRN00P17F205G',NULL,NULL,NULL,NULL),(179,'Claudio','Caramia','0245109120','CRMCLD70T13F205H',55,8,NULL,NULL),(180,'SAMUEL','BARBONI','3482421482','BRBSML75D29F205J',55,5,NULL,NULL),(181,'FRANCO','LOBBIA','3299440706','LBBFNC62E12F205J',55,6,NULL,NULL),(182,'Elena','Ivaldi','0141769034','VLDLNE72T60A182M',7,7,'',''),(183,'Maria Chiara','Della Rossa','3387124358','DLLMCH73P60B019W',55,8,NULL,NULL),(184,'Francesco','Manca','0331 776083','MNCFNC83M09B300D',NULL,NULL,NULL,NULL),(185,'Paola Maria','Cicale','3355729776','CCLPMR62C49A669U',55,7,NULL,NULL),(187,'Gabriele','Illarietti','0331776083','LLRGRL79C08D869R',99,12,NULL,NULL),(188,'Pier Giorgio','capelli','3479603909','cplpgr66a13g906n',99,7,NULL,NULL),(189,'enrica','furlone','029488521','frlncm65d68f119n',55,13,NULL,NULL),(190,'Alberto','Perron Cabus','011673454','PRRLRT73A19L219R',93,8,NULL,NULL),(191,'Daniele','Frigerio','3486758674','FRGDNL93S30D286U',57,6,NULL,NULL),(193,'Diego','Broggi','3317201016','BRGDGI75D23C933Z',26,2,NULL,NULL),(194,'vito','giordano','345 4693090','GRDVTI69D11D390E',57,5,'',''),(195,'Pierluigi ','Proserpio','3484126509','PRSPRL67S05E951E',57,7,NULL,NULL),(196,'Marco','Sarti','0332428555','SRTMRC72T01L319I',99,12,NULL,NULL),(202,'FEDERICO','CINI','3400871924','CNIFRC73R26F704Y',55,2,NULL,NULL),(203,'Doriana','Marino','3406275623','MRNDRN89R49I441F',57,13,NULL,NULL),(204,'Giuseppe ','Fratantonio','3932789383','FRTGPP71S03H574L',57,5,NULL,NULL),(207,'Gaia','Balzarini','3355698875','Blzgai77l45a794z',88,8,NULL,NULL),(208,'Pippini','Pippo',NULL,NULL,NULL,NULL,NULL,NULL),(209,'Cappelletti','valentino',NULL,NULL,NULL,NULL,NULL,NULL),(210,'PESSINA','FEDERICO',NULL,NULL,NULL,NULL,NULL,NULL),(211,'Veronelli','Alberto',NULL,NULL,NULL,NULL,NULL,NULL),(212,'Gioni','Luigi',NULL,NULL,NULL,NULL,NULL,NULL),(213,'Cortesi','Francesco',NULL,NULL,NULL,NULL,NULL,NULL),(214,'billera','marisa',NULL,NULL,NULL,NULL,NULL,NULL),(215,'ferrari','barbara',NULL,NULL,NULL,NULL,NULL,NULL),(216,'Zocco','Anna',NULL,NULL,NULL,NULL,NULL,NULL),(217,'Caramia','Maurizio',NULL,NULL,NULL,NULL,NULL,NULL),(218,'CORTELLARI','PIERANGELO',NULL,NULL,NULL,NULL,NULL,NULL),(219,'Cornelli','Mauro',NULL,NULL,NULL,NULL,NULL,NULL),(220,'sonzogni','laura',NULL,NULL,NULL,NULL,NULL,NULL),(221,'Lisanti','Felice',NULL,NULL,NULL,NULL,NULL,NULL),(222,'PALLADINI','PAOLA',NULL,NULL,NULL,NULL,NULL,NULL),(223,'De Palma','Alessandro',NULL,NULL,NULL,NULL,NULL,NULL),(224,'Terlizzi','Vito',NULL,NULL,NULL,NULL,NULL,NULL),(225,'GOTTI','AFRO',NULL,NULL,NULL,NULL,NULL,NULL),(226,'Moscarelli','Edoardo',NULL,NULL,NULL,NULL,NULL,NULL),(227,'giancarlo','malacarne',NULL,NULL,NULL,NULL,NULL,NULL),(228,'Castellazzi','Massimo',NULL,NULL,NULL,NULL,NULL,NULL),(229,'Obelleri','Daniela',NULL,NULL,NULL,NULL,NULL,NULL),(230,'Frediani','Marta',NULL,NULL,NULL,NULL,NULL,NULL),(231,'Fanzutti','Silvia',NULL,NULL,NULL,NULL,NULL,NULL),(232,'VENEZIANI','ROBERTO',NULL,NULL,NULL,NULL,NULL,NULL),(233,'Decarli','Riccardo',NULL,NULL,NULL,NULL,NULL,NULL),(234,'CASTELLI','GIOVANNI',NULL,NULL,NULL,NULL,NULL,NULL),(235,'Turrini','Mariateresa',NULL,NULL,NULL,NULL,NULL,NULL),(236,'Larne','Paolo',NULL,NULL,NULL,NULL,NULL,NULL),(237,'Arena','Daniele',NULL,NULL,NULL,NULL,NULL,NULL),(238,'Olmo','Alessandro',NULL,NULL,NULL,NULL,NULL,NULL),(239,'Selva','Alessandra',NULL,NULL,NULL,NULL,NULL,NULL),(240,'Lauriola','Marco',NULL,NULL,NULL,NULL,NULL,NULL),(241,'Deidda','Antonio',NULL,NULL,NULL,NULL,NULL,NULL),(242,'Ferrari','Alessandro',NULL,NULL,NULL,NULL,NULL,NULL),(243,'Stufano','Monya',NULL,NULL,NULL,NULL,NULL,NULL),(244,'Borin','Claudio',NULL,NULL,NULL,NULL,NULL,NULL),(245,'Boselli','Pietro',NULL,NULL,NULL,NULL,NULL,NULL),(246,'Carangelo','Sergio',NULL,NULL,NULL,NULL,NULL,NULL),(247,'Casiraghi','Luca domenico',NULL,NULL,NULL,NULL,NULL,NULL),(248,'Gomaraschi','Enrico',NULL,NULL,NULL,NULL,NULL,NULL),(249,'Panzitta','Carmine',NULL,NULL,NULL,NULL,NULL,NULL),(250,'Maradini','Cristina',NULL,NULL,NULL,NULL,NULL,NULL),(251,'Demartini','Daniela',NULL,NULL,NULL,NULL,NULL,NULL),(252,'Meroni','Marcello',NULL,NULL,NULL,NULL,NULL,NULL),(253,'Salvatore','Domenico',NULL,NULL,NULL,NULL,NULL,NULL),(254,'Duranti','Andrea',NULL,NULL,NULL,NULL,NULL,NULL),(255,'Mancuso','Franco',NULL,NULL,NULL,NULL,NULL,NULL),(256,'Zanotti','Federico',NULL,NULL,NULL,NULL,NULL,NULL),(257,'Taralli','Franco',NULL,NULL,NULL,NULL,NULL,NULL),(258,'Ishbuldina','Kateryna',NULL,NULL,NULL,NULL,NULL,NULL),(259,'Grimaldi','Giovanni',NULL,NULL,NULL,NULL,NULL,NULL),(260,'Pacella','Giuseppe',NULL,NULL,NULL,NULL,NULL,NULL),(261,'Colombo','Giuseppe',NULL,NULL,NULL,NULL,NULL,NULL),(262,'Governa','Massimo',NULL,NULL,NULL,NULL,NULL,NULL),(263,'Pelosi','Gaetano',NULL,NULL,NULL,NULL,NULL,NULL),(264,'Sanci','Gianni',NULL,NULL,NULL,NULL,NULL,NULL),(265,'Guerini rocco','Marco',NULL,NULL,NULL,NULL,NULL,NULL),(266,'Brauer','Ilaria',NULL,NULL,NULL,NULL,NULL,NULL),(267,'Alemani','Flavio',NULL,NULL,NULL,NULL,NULL,NULL),(268,'canesi','mauro',NULL,NULL,NULL,NULL,NULL,NULL),(269,'Poggio','Carlo',NULL,NULL,NULL,NULL,NULL,NULL),(270,'Atzori','Matteo',NULL,NULL,NULL,NULL,NULL,NULL),(271,'Barile','Maurizio',NULL,NULL,NULL,NULL,NULL,NULL),(272,'Militello','Francesco maurizio',NULL,NULL,NULL,NULL,NULL,NULL),(273,'Cervi','Mauro',NULL,NULL,NULL,NULL,NULL,NULL),(274,'Pili','Maria elisabetta',NULL,NULL,NULL,NULL,NULL,NULL),(275,'Bazzoli','Nicole',NULL,NULL,NULL,NULL,NULL,NULL),(276,'Meroni','Paolo',NULL,NULL,NULL,NULL,NULL,NULL),(277,'Paltanin','Paolo',NULL,NULL,NULL,NULL,NULL,NULL),(278,'Berti','Rebecca',NULL,NULL,NULL,NULL,NULL,NULL),(279,'Bernini','Rita',NULL,NULL,NULL,NULL,NULL,NULL),(280,'Marcazzan','Roberta',NULL,NULL,NULL,NULL,NULL,NULL),(281,'Ballerio','Alberto',NULL,NULL,NULL,NULL,NULL,NULL),(282,'Barbera','Stefano',NULL,NULL,NULL,NULL,NULL,NULL),(283,'VILLA','IVANO',NULL,NULL,NULL,NULL,NULL,NULL),(284,'nicola','roberto',NULL,NULL,NULL,NULL,NULL,NULL),(285,'Teofoli','Alberto',NULL,NULL,NULL,NULL,NULL,NULL),(286,'Reano','Marco',NULL,NULL,NULL,NULL,NULL,NULL),(287,'Trivella','Virginio',NULL,NULL,NULL,NULL,NULL,NULL),(288,'Capritti','Raffaella',NULL,NULL,NULL,NULL,NULL,NULL),(289,'Allevi','Michele',NULL,NULL,NULL,NULL,NULL,NULL),(290,'Rizzuti','Franco',NULL,NULL,NULL,NULL,NULL,NULL),(291,'Bilardo','Vincenzo',NULL,NULL,NULL,NULL,NULL,NULL),(292,'Iaquinta','Maria',NULL,NULL,NULL,NULL,NULL,NULL),(293,'Zaccagnino','Antonio',NULL,NULL,NULL,NULL,NULL,NULL),(294,'Mastroianni','Marcello',NULL,NULL,NULL,NULL,NULL,NULL),(295,'Tagliareni','Antonio Michele',NULL,NULL,NULL,NULL,NULL,NULL),(296,'Morando','Danilo',NULL,NULL,NULL,NULL,NULL,NULL),(297,'Rizzo','Michele',NULL,NULL,NULL,NULL,NULL,NULL),(298,'Reyneri','Federico',NULL,NULL,NULL,NULL,NULL,NULL),(299,'Boffi','Alessandro',NULL,NULL,NULL,NULL,NULL,NULL),(300,'Disanto','Matteo',NULL,NULL,NULL,NULL,NULL,NULL),(301,'Munari','Davide',NULL,NULL,NULL,NULL,NULL,NULL),(302,'Rocca','Roberta',NULL,NULL,NULL,NULL,NULL,NULL),(303,'Nicoli','Anna',NULL,NULL,NULL,NULL,NULL,NULL),(304,'Ferrè','Pier alberto',NULL,NULL,NULL,NULL,NULL,NULL),(305,'Pisoni','Pierantonio',NULL,NULL,NULL,NULL,NULL,NULL),(306,'Miraso','Massimiliano',NULL,NULL,NULL,NULL,NULL,NULL),(307,'Mamprin','Stefania',NULL,NULL,NULL,NULL,NULL,NULL),(308,'Mare','Mario',NULL,NULL,NULL,NULL,NULL,NULL),(309,'Borroni','Pierpaolo',NULL,NULL,NULL,NULL,NULL,NULL),(310,'Filoscia','Marta',NULL,NULL,NULL,NULL,NULL,NULL),(311,'Merlin','Arnaldo',NULL,NULL,NULL,NULL,NULL,NULL),(312,'Di bernardo','Raffaele',NULL,NULL,NULL,NULL,NULL,NULL),(313,'Greca','Renato',NULL,NULL,NULL,NULL,NULL,NULL),(314,'De cillis','Maria rosaria',NULL,NULL,NULL,NULL,NULL,NULL),(315,'TOSCANO','LUIGI',NULL,NULL,NULL,NULL,NULL,NULL),(316,'Danzo','Alberto',NULL,NULL,NULL,NULL,NULL,NULL),(317,'Marchiò','Guglielmo',NULL,NULL,NULL,NULL,NULL,NULL),(318,'Fanfulla','Giovanni',NULL,NULL,NULL,NULL,NULL,NULL),(319,'Ricchiuto','Francesco',NULL,NULL,NULL,NULL,NULL,NULL),(320,'Rader','Daniela',NULL,NULL,NULL,NULL,NULL,NULL),(321,'Colombo','Giuseppe',NULL,NULL,NULL,NULL,NULL,NULL),(322,'Leone','Andrea',NULL,NULL,NULL,NULL,NULL,NULL),(323,'Braghin','Giampiero',NULL,NULL,NULL,NULL,NULL,NULL),(324,'Nardini','Fabio',NULL,NULL,NULL,NULL,NULL,NULL),(325,'cusati','mauro',NULL,NULL,NULL,NULL,NULL,NULL),(326,'Pini','Davide',NULL,NULL,NULL,NULL,NULL,NULL),(327,'Perotti','Glauco',NULL,NULL,NULL,NULL,NULL,NULL),(328,'Bua','Giovanni',NULL,NULL,NULL,NULL,NULL,NULL),(329,'Pini','Mariangela',NULL,NULL,NULL,NULL,NULL,NULL),(330,'Artaria','Mauro',NULL,NULL,NULL,NULL,NULL,NULL),(331,'Ravetta','Stefania',NULL,NULL,NULL,NULL,NULL,NULL),(332,'Colombo','Maurizio',NULL,NULL,NULL,NULL,NULL,NULL),(333,'catalano','tommaso',NULL,NULL,NULL,NULL,NULL,NULL),(334,'Tedeschi','Federico',NULL,NULL,NULL,NULL,NULL,NULL),(335,'Spinoni','Roberto',NULL,NULL,NULL,NULL,NULL,NULL),(336,'Pertoldi','Silvia',NULL,NULL,NULL,NULL,NULL,NULL),(337,'Renzone','Costanzo',NULL,NULL,NULL,NULL,NULL,NULL),(338,'Reali','Massimo',NULL,NULL,NULL,NULL,NULL,NULL),(339,'Carzolio','Stefano',NULL,NULL,NULL,NULL,NULL,NULL),(340,'Citelli','Andrea',NULL,NULL,NULL,NULL,NULL,NULL),(341,'Volontè','Claudia',NULL,NULL,NULL,NULL,NULL,NULL),(342,'Giuntini','Mirko',NULL,NULL,NULL,NULL,NULL,NULL),(343,'Longhini','Davide carlo',NULL,NULL,NULL,NULL,NULL,NULL),(344,'Gualdoni','Paolo',NULL,NULL,NULL,NULL,NULL,NULL),(345,'Motta','Silvano',NULL,NULL,NULL,NULL,NULL,NULL),(346,'Gioia','Giuseppe marco',NULL,NULL,NULL,NULL,NULL,NULL),(347,'Bonalumi','Fabio',NULL,NULL,NULL,NULL,NULL,NULL),(348,'Della rossa','Maria chiara',NULL,NULL,NULL,NULL,NULL,NULL),(349,'Trinetta','Marco',NULL,NULL,NULL,NULL,NULL,NULL),(350,'Nepotismo','Gregorio',NULL,NULL,NULL,NULL,NULL,NULL),(351,'De riccardis','Cosimo',NULL,NULL,NULL,NULL,NULL,NULL),(352,'Paris','Stefano',NULL,NULL,NULL,NULL,NULL,NULL),(353,'Zangari','Michele',NULL,NULL,NULL,NULL,NULL,NULL),(354,'De falco','Federico',NULL,NULL,NULL,NULL,NULL,NULL),(355,'Ghnamy','Nadir',NULL,NULL,NULL,NULL,NULL,NULL),(356,'biasini','chiara',NULL,NULL,NULL,NULL,NULL,NULL),(357,'Meroni','Angelo',NULL,NULL,NULL,NULL,NULL,NULL),(358,'Mariani','Giuliano',NULL,NULL,NULL,NULL,NULL,NULL),(359,'Striatto','Vera',NULL,NULL,NULL,NULL,NULL,NULL),(360,'Michelotti','Valentino',NULL,NULL,NULL,NULL,NULL,NULL),(361,'Marenghi','Mattia',NULL,NULL,NULL,NULL,NULL,NULL),(362,'Doniselli','Cesare',NULL,NULL,NULL,NULL,NULL,NULL),(363,'Colombo','Silvia',NULL,NULL,NULL,NULL,NULL,NULL),(364,'Fugazza','Paolo',NULL,NULL,NULL,NULL,NULL,NULL),(365,'Maggini','Veronica',NULL,NULL,NULL,NULL,NULL,NULL),(366,'Fontana','Giorgio',NULL,NULL,NULL,NULL,NULL,NULL),(367,'Devigili','Luca',NULL,NULL,NULL,NULL,NULL,NULL),(368,'Mastrangelo','Elisabetta',NULL,NULL,NULL,NULL,NULL,NULL),(369,'Bortoluzzi','Antonello',NULL,NULL,NULL,NULL,NULL,NULL),(370,'Mattara','Giulio',NULL,NULL,NULL,NULL,NULL,NULL),(371,'Laurino','Graziano',NULL,NULL,NULL,NULL,NULL,NULL),(372,'Origgi','Daniela',NULL,NULL,NULL,NULL,NULL,NULL),(373,'Leuci','Michele',NULL,NULL,NULL,NULL,NULL,NULL),(374,'Sironi','Umberto',NULL,NULL,NULL,NULL,NULL,NULL),(375,'Mosca','Patrizio',NULL,NULL,NULL,NULL,NULL,NULL),(376,'Puliafito','Antonino',NULL,NULL,NULL,NULL,NULL,NULL),(377,'Castelletto','Gary',NULL,NULL,NULL,NULL,NULL,NULL),(378,'Brandis','Gianluca',NULL,NULL,NULL,NULL,NULL,NULL),(379,'Rognoni','Davide',NULL,NULL,NULL,NULL,NULL,NULL),(380,'Mallamaci','Antonino',NULL,NULL,NULL,NULL,NULL,NULL),(381,'Sandonati','Renato',NULL,NULL,NULL,NULL,NULL,NULL),(382,'Trabucchi','Alberto',NULL,NULL,NULL,NULL,NULL,NULL),(383,'Calosi','Massimo',NULL,NULL,NULL,NULL,NULL,NULL),(384,'Cirillo','Salvatore',NULL,NULL,NULL,NULL,NULL,NULL),(385,'Magistrelli','Osvaldo',NULL,NULL,NULL,NULL,NULL,NULL),(386,'Barile','Maurizio',NULL,NULL,NULL,NULL,NULL,NULL),(387,'Farina','Marco',NULL,NULL,NULL,NULL,NULL,NULL),(388,'Coster','Massimiliano magri hcmf srl',NULL,NULL,NULL,NULL,NULL,NULL),(389,'Perinetto','Andrea',NULL,NULL,NULL,NULL,NULL,NULL),(390,'Scaffardi','Gianluca',NULL,NULL,NULL,NULL,NULL,NULL),(391,'Stefani','Nicola',NULL,NULL,NULL,NULL,NULL,NULL),(392,'Mihali','Daniel',NULL,NULL,NULL,NULL,NULL,NULL),(393,'Marra','Armando',NULL,NULL,NULL,NULL,NULL,NULL),(394,'Missana','Giuliano simone',NULL,NULL,NULL,NULL,NULL,NULL),(395,'Artoni','Giamapaolo',NULL,NULL,NULL,NULL,NULL,NULL),(396,'Capellini','Paolo',NULL,NULL,NULL,NULL,NULL,NULL),(397,'Roseti','Denise',NULL,NULL,NULL,NULL,NULL,NULL),(398,'Zeni','Donato',NULL,NULL,NULL,NULL,NULL,NULL),(399,'Moroni','Paolo',NULL,NULL,NULL,NULL,NULL,NULL),(400,'Scaglia','Ivo',NULL,NULL,NULL,NULL,NULL,NULL),(401,'Perini','Quinto',NULL,NULL,NULL,NULL,NULL,NULL),(402,'Di tullio','Daniele',NULL,NULL,NULL,NULL,NULL,NULL),(403,'Zapparoli','Luca giovanni',NULL,NULL,NULL,NULL,NULL,NULL),(404,'Racheli','Matteo',NULL,NULL,NULL,NULL,NULL,NULL),(405,'Colombo','Wanda',NULL,NULL,NULL,NULL,NULL,NULL),(406,'Petrillo','Luigi vittorio',NULL,NULL,NULL,NULL,NULL,NULL),(407,'Ricciardi','Lorenzo',NULL,NULL,NULL,NULL,NULL,NULL),(408,'Destro','Marco',NULL,NULL,NULL,NULL,NULL,NULL),(409,'Comandatore','Marianna cinzia',NULL,NULL,NULL,NULL,NULL,NULL),(410,'Di brino','Gianni',NULL,NULL,NULL,NULL,NULL,NULL),(411,'Perrone','Carmelo',NULL,NULL,NULL,NULL,NULL,NULL),(412,'Giuliani','Alessandro',NULL,NULL,NULL,NULL,NULL,NULL),(413,'Poggio','Agostino',NULL,NULL,NULL,NULL,NULL,NULL),(414,'Agu','Marco',NULL,NULL,NULL,NULL,NULL,NULL),(415,'Inzoli','Alberto',NULL,NULL,NULL,NULL,NULL,NULL),(416,'Fontana','Aladino',NULL,NULL,NULL,NULL,NULL,NULL),(417,'Lugli','Alfonso',NULL,NULL,NULL,NULL,NULL,NULL),(418,'Allen','Giancarlo',NULL,NULL,NULL,NULL,NULL,NULL),(419,'Paoltroni','Pamela',NULL,NULL,NULL,NULL,NULL,NULL),(420,'Antonelli','Massimo',NULL,NULL,NULL,NULL,NULL,NULL),(421,'Colombrita','Andrea',NULL,NULL,NULL,NULL,NULL,NULL),(422,'Cazzola','Andrea',NULL,NULL,NULL,NULL,NULL,NULL),(423,'Mastorgio','Andrea filippo',NULL,NULL,NULL,NULL,NULL,NULL),(424,'Falzone','Arcangelo',NULL,NULL,NULL,NULL,NULL,NULL),(425,'Margheri','Angela',NULL,NULL,NULL,NULL,NULL,NULL),(426,'Orefice','Angelo',NULL,NULL,NULL,NULL,NULL,NULL),(427,'Anghinelli','Silvia',NULL,NULL,NULL,NULL,NULL,NULL),(428,'Canavese','Paolo',NULL,NULL,NULL,NULL,NULL,NULL),(429,'Misurelli','Antonella',NULL,NULL,NULL,NULL,NULL,NULL),(430,'Piotti','Antonella',NULL,NULL,NULL,NULL,NULL,NULL),(431,'Perrone','Antonio',NULL,NULL,NULL,NULL,NULL,NULL),(432,'Sdanga','Antonio',NULL,NULL,NULL,NULL,NULL,NULL),(433,'Viscido','Antonio',NULL,NULL,NULL,NULL,NULL,NULL),(434,'Ambrosio','Michele',NULL,NULL,NULL,NULL,NULL,NULL),(435,'Fulco','Antonio',NULL,NULL,NULL,NULL,NULL,NULL),(436,'Deola','Umberto',NULL,NULL,NULL,NULL,NULL,NULL),(437,'Coltellacci','Gloria',NULL,NULL,NULL,NULL,NULL,NULL),(438,'Gugole','Mirko',NULL,NULL,NULL,NULL,NULL,NULL),(439,'Miori','Giovanni',NULL,NULL,NULL,NULL,NULL,NULL),(440,'Scotti','Massimo',NULL,NULL,NULL,NULL,NULL,NULL),(441,'Freni','Rinaldo',NULL,NULL,NULL,NULL,NULL,NULL),(442,'MARTINOTTI','SARA ELISA',NULL,NULL,NULL,NULL,NULL,NULL),(443,'Castelli','Ernesto',NULL,NULL,NULL,NULL,NULL,NULL),(444,'Cassina','Giancarlo',NULL,NULL,NULL,NULL,NULL,NULL),(445,'Crepaldi','Monica vittoria',NULL,NULL,NULL,NULL,NULL,NULL),(446,'Massarutti','Luca',NULL,NULL,NULL,NULL,NULL,NULL),(447,'Corani','Gianluca',NULL,NULL,NULL,NULL,NULL,NULL),(448,'Merra','Angelo',NULL,NULL,NULL,NULL,NULL,NULL),(449,'Galbiati','Luca',NULL,NULL,NULL,NULL,NULL,NULL),(450,'Enzo','Archvice',NULL,NULL,NULL,NULL,NULL,NULL),(451,'Lazzaro','Victoria',NULL,NULL,NULL,NULL,NULL,NULL),(452,'Monaco','Alfio lucio',NULL,NULL,NULL,NULL,NULL,NULL),(453,'Vanzo','Michele',NULL,NULL,NULL,NULL,NULL,NULL),(454,'Magoni','Gilberto',NULL,NULL,NULL,NULL,NULL,NULL),(455,'Bard','Giuseppe',NULL,NULL,NULL,NULL,NULL,NULL),(456,'Bartoccio','Delfino',NULL,NULL,NULL,NULL,NULL,NULL),(457,'Belardinelli','Carlo',NULL,NULL,NULL,NULL,NULL,NULL),(458,'Berra','Marco',NULL,NULL,NULL,NULL,NULL,NULL),(459,'Bonomo','Andrea',NULL,NULL,NULL,NULL,NULL,NULL),(460,'Brusco','Franco',NULL,NULL,NULL,NULL,NULL,NULL),(461,'Terruzzi','Roberto',NULL,NULL,NULL,NULL,NULL,NULL),(462,'Buzio','Massimo',NULL,NULL,NULL,NULL,NULL,NULL),(463,'Caboni','Gilberto',NULL,NULL,NULL,NULL,NULL,NULL),(464,'Camnasio','Ivano',NULL,NULL,NULL,NULL,NULL,NULL),(465,'Orsini','Carla',NULL,NULL,NULL,NULL,NULL,NULL),(466,'Botta','Carlo',NULL,NULL,NULL,NULL,NULL,NULL),(467,'Battaglia','Carlo',NULL,NULL,NULL,NULL,NULL,NULL),(468,'Castelli','Carlo',NULL,NULL,NULL,NULL,NULL,NULL),(469,'Ucciardino','Morris',NULL,NULL,NULL,NULL,NULL,NULL),(470,'Cerrano','Giuseppe',NULL,NULL,NULL,NULL,NULL,NULL),(471,'Cogni','Cesare',NULL,NULL,NULL,NULL,NULL,NULL),(472,'Chemsi','Ellouzi',NULL,NULL,NULL,NULL,NULL,NULL),(473,'Wolter','Chiara',NULL,NULL,NULL,NULL,NULL,NULL),(474,'Tramonti','Christian',NULL,NULL,NULL,NULL,NULL,NULL),(475,'Lobbia','Franco',NULL,NULL,NULL,NULL,NULL,NULL),(476,'Bertolini','Luca',NULL,NULL,NULL,NULL,NULL,NULL),(477,'Marsicano','Lorena',NULL,NULL,NULL,NULL,NULL,NULL),(478,'Cacciani','Mauro',NULL,NULL,NULL,NULL,NULL,NULL),(479,'Caprioli','Filippo',NULL,NULL,NULL,NULL,NULL,NULL),(480,'Vitelli','Cristofaro',NULL,NULL,NULL,NULL,NULL,NULL),(481,'Vacher','Davide',NULL,NULL,NULL,NULL,NULL,NULL),(482,'Dalla pozza','Nicola',NULL,NULL,NULL,NULL,NULL,NULL),(483,'Farese','Daniele',NULL,NULL,NULL,NULL,NULL,NULL),(484,'Pulcini','Daniele',NULL,NULL,NULL,NULL,NULL,NULL),(485,'Medardi','Dario',NULL,NULL,NULL,NULL,NULL,NULL),(486,'Pizzarelli','Dario',NULL,NULL,NULL,NULL,NULL,NULL),(487,'Rosignoli','Demetrio',NULL,NULL,NULL,NULL,NULL,NULL),(488,'Denegri','Corrado',NULL,NULL,NULL,NULL,NULL,NULL),(489,'Di russo','Giovanni',NULL,NULL,NULL,NULL,NULL,NULL),(490,'Macario','Diego',NULL,NULL,NULL,NULL,NULL,NULL),(491,'Di lembo','Francesco',NULL,NULL,NULL,NULL,NULL,NULL),(492,'Malabarba','Dario',NULL,NULL,NULL,NULL,NULL,NULL),(493,'Marano','Dante aurelio',NULL,NULL,NULL,NULL,NULL,NULL),(494,'Dolce','Francesco',NULL,NULL,NULL,NULL,NULL,NULL),(495,'Pedrinazzi','Mario luigi',NULL,NULL,NULL,NULL,NULL,NULL),(496,'Donini','Mauro',NULL,NULL,NULL,NULL,NULL,NULL),(497,'Casali','Enrico',NULL,NULL,NULL,NULL,NULL,NULL),(498,'Austoni','Giancarlo',NULL,NULL,NULL,NULL,NULL,NULL),(499,'Penati','Antonio',NULL,NULL,NULL,NULL,NULL,NULL),(500,'Sciacca','Elia',NULL,NULL,NULL,NULL,NULL,NULL),(501,'Bogino','Elisa',NULL,NULL,NULL,NULL,NULL,NULL),(502,'Tedoldi','Elisa',NULL,NULL,NULL,NULL,NULL,NULL),(503,'Mattarozzi','Emanuela',NULL,NULL,NULL,NULL,NULL,NULL),(504,'Stabile','Emiliano',NULL,NULL,NULL,NULL,NULL,NULL),(505,'Ennio','Ennio',NULL,NULL,NULL,NULL,NULL,NULL),(506,'Ceriani','Enrico',NULL,NULL,NULL,NULL,NULL,NULL),(507,'Ferro','Enrico',NULL,NULL,NULL,NULL,NULL,NULL),(508,'Tremolada','Erica',NULL,NULL,NULL,NULL,NULL,NULL),(509,'Bosisio','Ernesto',NULL,NULL,NULL,NULL,NULL,NULL),(510,'De carolis','Ernesto',NULL,NULL,NULL,NULL,NULL,NULL),(511,'Lai','Evy',NULL,NULL,NULL,NULL,NULL,NULL),(512,'Torchia','Ezio',NULL,NULL,NULL,NULL,NULL,NULL),(513,'Di lieto','Francesco',NULL,NULL,NULL,NULL,NULL,NULL),(514,'Altobello','Fabio',NULL,NULL,NULL,NULL,NULL,NULL),(515,'Pignataro','Fabio',NULL,NULL,NULL,NULL,NULL,NULL),(516,'Maritan','Fabio',NULL,NULL,NULL,NULL,NULL,NULL),(517,'Magliocchetti','Fabio',NULL,NULL,NULL,NULL,NULL,NULL),(518,'Zanola','Fabio',NULL,NULL,NULL,NULL,NULL,NULL),(519,'Bertolazzo','Fabrizio',NULL,NULL,NULL,NULL,NULL,NULL),(520,'Settime','Fabrizio',NULL,NULL,NULL,NULL,NULL,NULL),(521,'Bojoli','Fabrizio',NULL,NULL,NULL,NULL,NULL,NULL),(522,'Fagiani','Marco',NULL,NULL,NULL,NULL,NULL,NULL),(523,'Molteni','Fabio',NULL,NULL,NULL,NULL,NULL,NULL),(524,'Farina','Danilo',NULL,NULL,NULL,NULL,NULL,NULL),(525,'Di gaetano','Francesco',NULL,NULL,NULL,NULL,NULL,NULL),(526,'Ferrari','Giampiero',NULL,NULL,NULL,NULL,NULL,NULL),(527,'Ferraris','Roberto',NULL,NULL,NULL,NULL,NULL,NULL),(528,'Ferrero','Antonio',NULL,NULL,NULL,NULL,NULL,NULL),(529,'Ronchi','Davide',NULL,NULL,NULL,NULL,NULL,NULL),(530,'Fabbri','Paolo',NULL,NULL,NULL,NULL,NULL,NULL),(531,'Fracchiolla','Domenico',NULL,NULL,NULL,NULL,NULL,NULL),(532,'Hugony','Francesca',NULL,NULL,NULL,NULL,NULL,NULL),(533,'Cerqui','Francesco',NULL,NULL,NULL,NULL,NULL,NULL),(534,'Suss','Francesco',NULL,NULL,NULL,NULL,NULL,NULL),(535,'Uccheddu','Francesco',NULL,NULL,NULL,NULL,NULL,NULL),(536,'Catelli','Francesco',NULL,NULL,NULL,NULL,NULL,NULL),(537,'Bilotti','Franco',NULL,NULL,NULL,NULL,NULL,NULL),(538,'Nicolosi','Franco',NULL,NULL,NULL,NULL,NULL,NULL),(539,'Salomone','Francesco',NULL,NULL,NULL,NULL,NULL,NULL),(540,'Votano','Francesco',NULL,NULL,NULL,NULL,NULL,NULL),(541,'Fulghieri','Andrea',NULL,NULL,NULL,NULL,NULL,NULL),(542,'Zoncada','Fulvio',NULL,NULL,NULL,NULL,NULL,NULL),(543,'Abate','Giuseppe',NULL,NULL,NULL,NULL,NULL,NULL),(544,'Caramazza','Giuseppe',NULL,NULL,NULL,NULL,NULL,NULL),(545,'Cirtoli','Giovanni',NULL,NULL,NULL,NULL,NULL,NULL),(546,'La franca','Giuseppe',NULL,NULL,NULL,NULL,NULL,NULL),(547,'Ricciardi','Giuseppe',NULL,NULL,NULL,NULL,NULL,NULL),(548,'Nizzi','Gabriele',NULL,NULL,NULL,NULL,NULL,NULL),(549,'GARZON','Roberto',NULL,NULL,NULL,NULL,NULL,NULL),(550,'Gatti','Erika',NULL,NULL,NULL,NULL,NULL,NULL),(551,'Carrara','Carlo',NULL,NULL,NULL,NULL,NULL,NULL),(552,'Verri','Pier paolo',NULL,NULL,NULL,NULL,NULL,NULL),(553,'Munno','Luca',NULL,NULL,NULL,NULL,NULL,NULL),(554,'Ruggiero','Massimiliano',NULL,NULL,NULL,NULL,NULL,NULL),(555,'Pezzotta','Emanuele',NULL,NULL,NULL,NULL,NULL,NULL),(556,'Rovagnati','Gianluca giulio',NULL,NULL,NULL,NULL,NULL,NULL),(557,'Taddei','Gionata',NULL,NULL,NULL,NULL,NULL,NULL),(558,'Tulipano','Damiano',NULL,NULL,NULL,NULL,NULL,NULL),(559,'Zambra','Paolo',NULL,NULL,NULL,NULL,NULL,NULL),(560,'Jarach','Gemma silvia',NULL,NULL,NULL,NULL,NULL,NULL),(561,'Falanelli','Giorgio',NULL,NULL,NULL,NULL,NULL,NULL),(562,'Giovanetti','Franca',NULL,NULL,NULL,NULL,NULL,NULL),(563,'Conforti','Gianfranco',NULL,NULL,NULL,NULL,NULL,NULL),(564,'Rta stabelli','Gianfranco',NULL,NULL,NULL,NULL,NULL,NULL),(565,'Giannella','Oliviero',NULL,NULL,NULL,NULL,NULL,NULL),(566,'Piccirilli','Gianpiero',NULL,NULL,NULL,NULL,NULL,NULL),(567,'Gigliello','Costantino',NULL,NULL,NULL,NULL,NULL,NULL),(568,'Novati','Giancarlo',NULL,NULL,NULL,NULL,NULL,NULL),(569,'Mazza','Giorgio',NULL,NULL,NULL,NULL,NULL,NULL),(570,'Botta','Giovanni',NULL,NULL,NULL,NULL,NULL,NULL),(571,'Cicerchia','Giovanni',NULL,NULL,NULL,NULL,NULL,NULL),(572,'Piccitto','Giovanni',NULL,NULL,NULL,NULL,NULL,NULL),(573,'Baroni','Giuseppe',NULL,NULL,NULL,NULL,NULL,NULL),(574,'Lia','Ginesio',NULL,NULL,NULL,NULL,NULL,NULL),(575,'Scintu','Giorgio',NULL,NULL,NULL,NULL,NULL,NULL),(576,'Donati','Fabrizio',NULL,NULL,NULL,NULL,NULL,NULL),(577,'Lampa','Dario',NULL,NULL,NULL,NULL,NULL,NULL),(578,'Ianne','Antonello',NULL,NULL,NULL,NULL,NULL,NULL),(579,'Corona','Ignazia',NULL,NULL,NULL,NULL,NULL,NULL),(580,'Bonacina','Carlo filippo',NULL,NULL,NULL,NULL,NULL,NULL),(581,'Aloi','Chiara',NULL,NULL,NULL,NULL,NULL,NULL),(582,'CARMINATI','emma',NULL,NULL,NULL,NULL,NULL,NULL),(583,'Montafia','Paolo',NULL,NULL,NULL,NULL,NULL,NULL),(584,'Bonecco','Alberto',NULL,NULL,NULL,NULL,NULL,NULL),(585,'Pelucchi','Giuseppe',NULL,NULL,NULL,NULL,NULL,NULL),(586,'Perozzo','Francesco',NULL,NULL,NULL,NULL,NULL,NULL),(587,'Alberti','Flavio',NULL,NULL,NULL,NULL,NULL,NULL),(588,'Dosi','Marco',NULL,NULL,NULL,NULL,NULL,NULL),(589,'Piras','Giovanni paolo',NULL,NULL,NULL,NULL,NULL,NULL),(590,'Maggi','Luciano',NULL,NULL,NULL,NULL,NULL,NULL),(591,'Tonali','Maria elisabetta',NULL,NULL,NULL,NULL,NULL,NULL),(592,'Amari','Stefano',NULL,NULL,NULL,NULL,NULL,NULL),(593,'Carrettoni','Massimo',NULL,NULL,NULL,NULL,NULL,NULL),(594,'Allegri','Flavio',NULL,NULL,NULL,NULL,NULL,NULL),(595,'Maesani','Mauro',NULL,NULL,NULL,NULL,NULL,NULL),(596,'Carosso','Massimo',NULL,NULL,NULL,NULL,NULL,NULL),(597,'De cani','Francesco',NULL,NULL,NULL,NULL,NULL,NULL),(598,'Fabbro','Valentino',NULL,NULL,NULL,NULL,NULL,NULL),(599,'Venz','Marco',NULL,NULL,NULL,NULL,NULL,NULL),(600,'Tettamanti','Francesco',NULL,NULL,NULL,NULL,NULL,NULL),(601,'Rebellato','Valentina',NULL,NULL,NULL,NULL,NULL,NULL),(602,'Zenaldi','Massimo',NULL,NULL,NULL,NULL,NULL,NULL),(603,'Gir','Sab',NULL,NULL,NULL,NULL,NULL,NULL),(604,'Mazzilli','Fabio',NULL,NULL,NULL,NULL,NULL,NULL),(605,'Papa','Nicola',NULL,NULL,NULL,NULL,NULL,NULL),(606,'Montagna','Salvatore',NULL,NULL,NULL,NULL,NULL,NULL),(607,'Ziletti','Giovanni',NULL,NULL,NULL,NULL,NULL,NULL),(608,'Di finizio','Claudio',NULL,NULL,NULL,NULL,NULL,NULL),(609,'Di rella','Giacomo',NULL,NULL,NULL,NULL,NULL,NULL),(610,'Bramardi','Claudio',NULL,NULL,NULL,NULL,NULL,NULL),(611,'Gisolfi','Mariano',NULL,NULL,NULL,NULL,NULL,NULL),(612,'Volpe','Valentino',NULL,NULL,NULL,NULL,NULL,NULL),(613,'Inzaina','Dario',NULL,NULL,NULL,NULL,NULL,NULL),(614,'Aste','Jacopo',NULL,NULL,NULL,NULL,NULL,NULL),(615,'Mazzoni','Jacopo',NULL,NULL,NULL,NULL,NULL,NULL),(616,'Castelli','Pietro maurizio',NULL,NULL,NULL,NULL,NULL,NULL),(617,'Mairhofer','Klaus',NULL,NULL,NULL,NULL,NULL,NULL),(618,'Belloni','Carlo',NULL,NULL,NULL,NULL,NULL,NULL),(619,'Negri','Laura',NULL,NULL,NULL,NULL,NULL,NULL),(620,'Scandolara','Laura',NULL,NULL,NULL,NULL,NULL,NULL),(621,'Lotti','Letizia',NULL,NULL,NULL,NULL,NULL,NULL),(622,'Grifone','Pasqualino',NULL,NULL,NULL,NULL,NULL,NULL),(623,'Lissandrello','Marco',NULL,NULL,NULL,NULL,NULL,NULL),(624,'Salvatore','Luca michele',NULL,NULL,NULL,NULL,NULL,NULL),(625,'mazzola','lorena mazzola',NULL,NULL,NULL,NULL,NULL,NULL),(626,'Negrini','Lorenzo guido pio',NULL,NULL,NULL,NULL,NULL,NULL),(627,'Azzimonti','Luca',NULL,NULL,NULL,NULL,NULL,NULL),(628,'Maraffio','Luca attilio',NULL,NULL,NULL,NULL,NULL,NULL),(629,'Marchi','Luca',NULL,NULL,NULL,NULL,NULL,NULL),(630,'Sangalli','Luca',NULL,NULL,NULL,NULL,NULL,NULL),(631,'Zaghi','Luca',NULL,NULL,NULL,NULL,NULL,NULL),(632,'La rovere','Lucia',NULL,NULL,NULL,NULL,NULL,NULL),(633,'Corradini','Luciana',NULL,NULL,NULL,NULL,NULL,NULL),(634,'Zuaro','Luciana',NULL,NULL,NULL,NULL,NULL,NULL),(635,'Battistoni','Luca',NULL,NULL,NULL,NULL,NULL,NULL),(636,'Antonelli amministrazioni immobili','Massimo',NULL,NULL,NULL,NULL,NULL,NULL),(637,'Bertamè','Mauro',NULL,NULL,NULL,NULL,NULL,NULL),(638,'Ferrara','Michele',NULL,NULL,NULL,NULL,NULL,NULL),(639,'Bozzini','Marco',NULL,NULL,NULL,NULL,NULL,NULL),(640,'Meneghelli','Giuseppe',NULL,NULL,NULL,NULL,NULL,NULL),(641,'Manera','Francesco',NULL,NULL,NULL,NULL,NULL,NULL),(642,'Pucci','Marco',NULL,NULL,NULL,NULL,NULL,NULL),(643,'Borsa','Marco',NULL,NULL,NULL,NULL,NULL,NULL),(644,'Zappino','Marco',NULL,NULL,NULL,NULL,NULL,NULL),(645,'Celeri','Marco',NULL,NULL,NULL,NULL,NULL,NULL),(646,'Dal mas','Marco',NULL,NULL,NULL,NULL,NULL,NULL),(647,'Tonoli','Marco',NULL,NULL,NULL,NULL,NULL,NULL),(648,'Baglietto','Maria lea',NULL,NULL,NULL,NULL,NULL,NULL),(649,'Astolfi','Mario',NULL,NULL,NULL,NULL,NULL,NULL),(650,'Battistrada','Mario',NULL,NULL,NULL,NULL,NULL,NULL),(651,'Paleardi','Mario',NULL,NULL,NULL,NULL,NULL,NULL),(652,'Cornaggia','Martina',NULL,NULL,NULL,NULL,NULL,NULL),(653,'Martinelli','Stefania',NULL,NULL,NULL,NULL,NULL,NULL),(654,'Gulmi','Marilena',NULL,NULL,NULL,NULL,NULL,NULL),(655,'Liso','Massimiliano',NULL,NULL,NULL,NULL,NULL,NULL),(656,'Cantini','Massimo',NULL,NULL,NULL,NULL,NULL,NULL),(657,'Noceto','Massimo',NULL,NULL,NULL,NULL,NULL,NULL),(658,'Maggioni','Massimo',NULL,NULL,NULL,NULL,NULL,NULL),(659,'Colombo','Massimo',NULL,NULL,NULL,NULL,NULL,NULL),(660,'Matarazzo','Carlo',NULL,NULL,NULL,NULL,NULL,NULL),(661,'Colleoni','Maurizio',NULL,NULL,NULL,NULL,NULL,NULL),(662,'Pillitteri','Maurizio',NULL,NULL,NULL,NULL,NULL,NULL),(663,'Morelli','Mauro',NULL,NULL,NULL,NULL,NULL,NULL),(664,'Chiappani','Maria cecilia',NULL,NULL,NULL,NULL,NULL,NULL),(665,'Bottacin','Michela',NULL,NULL,NULL,NULL,NULL,NULL),(666,'Morrone','Michelangelo',NULL,NULL,NULL,NULL,NULL,NULL),(667,'Gaspa','Michele',NULL,NULL,NULL,NULL,NULL,NULL),(668,'Montesano','Michela',NULL,NULL,NULL,NULL,NULL,NULL),(669,'Dossi','Milena',NULL,NULL,NULL,NULL,NULL,NULL),(670,'Mambrioni','Marco',NULL,NULL,NULL,NULL,NULL,NULL),(671,'Fregatti','Marco',NULL,NULL,NULL,NULL,NULL,NULL),(672,'morando','enrico',NULL,NULL,NULL,NULL,NULL,NULL),(673,'Pedrazzini','Marco',NULL,NULL,NULL,NULL,NULL,NULL),(674,'Picozzi','Marco',NULL,NULL,NULL,NULL,NULL,NULL),(675,'Molteni','Maurizia',NULL,NULL,NULL,NULL,NULL,NULL),(676,'Saibene','Nicola',NULL,NULL,NULL,NULL,NULL,NULL),(677,'Orru','Efisieto',NULL,NULL,NULL,NULL,NULL,NULL),(678,'Acucella','Nicola',NULL,NULL,NULL,NULL,NULL,NULL),(679,'Caruso','Nicola',NULL,NULL,NULL,NULL,NULL,NULL),(680,'Pironti','Oraziantonio',NULL,NULL,NULL,NULL,NULL,NULL),(681,'Giulini','Oscar',NULL,NULL,NULL,NULL,NULL,NULL),(682,'Lorenzano','Ottavio',NULL,NULL,NULL,NULL,NULL,NULL),(683,'Grinza','Paolo',NULL,NULL,NULL,NULL,NULL,NULL),(684,'Perina','Rubens',NULL,NULL,NULL,NULL,NULL,NULL),(685,'Azzara','Paola',NULL,NULL,NULL,NULL,NULL,NULL),(686,'Palermo','Maria',NULL,NULL,NULL,NULL,NULL,NULL),(687,'Palladini','Paola',NULL,NULL,NULL,NULL,NULL,NULL),(688,'Panciroli','Paolo',NULL,NULL,NULL,NULL,NULL,NULL),(689,'Pansieri','Antonio',NULL,NULL,NULL,NULL,NULL,NULL),(690,'Bindi','Paolo',NULL,NULL,NULL,NULL,NULL,NULL),(691,'Cortivo','Paolo',NULL,NULL,NULL,NULL,NULL,NULL),(692,'Majoni','Paolo',NULL,NULL,NULL,NULL,NULL,NULL),(693,'Oberto','Paolo',NULL,NULL,NULL,NULL,NULL,NULL),(694,'Berto','Paolo',NULL,NULL,NULL,NULL,NULL,NULL),(695,'Simone','Paolo',NULL,NULL,NULL,NULL,NULL,NULL),(696,'Parodi','Emanuele',NULL,NULL,NULL,NULL,NULL,NULL),(697,'Balzanelli','Paolo',NULL,NULL,NULL,NULL,NULL,NULL),(698,'Valeri','Angela',NULL,NULL,NULL,NULL,NULL,NULL),(699,'Pesaresi','Sergio',NULL,NULL,NULL,NULL,NULL,NULL),(700,'pezzotta','emanuele',NULL,NULL,NULL,NULL,NULL,NULL),(701,'Secchiero','Massimo',NULL,NULL,NULL,NULL,NULL,NULL),(702,'Piantoni','Luigi',NULL,NULL,NULL,NULL,NULL,NULL),(703,'Piccinin','Davide',NULL,NULL,NULL,NULL,NULL,NULL),(704,'Piccoli','Daniele',NULL,NULL,NULL,NULL,NULL,NULL),(705,'Cividino','Pier luigi',NULL,NULL,NULL,NULL,NULL,NULL),(706,'Pierluigi','Volpi',NULL,NULL,NULL,NULL,NULL,NULL),(707,'Riccio','Pierluigi',NULL,NULL,NULL,NULL,NULL,NULL),(708,'Piazza','Piero',NULL,NULL,NULL,NULL,NULL,NULL),(709,'Amelio','Pino',NULL,NULL,NULL,NULL,NULL,NULL),(710,'Pirovano','Mario ivano',NULL,NULL,NULL,NULL,NULL,NULL),(711,'Polinesiano','Alfredo',NULL,NULL,NULL,NULL,NULL,NULL),(712,'Politi','Giuliano',NULL,NULL,NULL,NULL,NULL,NULL),(713,'Pozzoli','Giacomo',NULL,NULL,NULL,NULL,NULL,NULL),(714,'Pregliasco','Massimo',NULL,NULL,NULL,NULL,NULL,NULL),(715,'Peris','Marco',NULL,NULL,NULL,NULL,NULL,NULL),(716,'Bonomi','Roberto',NULL,NULL,NULL,NULL,NULL,NULL),(717,'Zaccara','Raffaella',NULL,NULL,NULL,NULL,NULL,NULL),(718,'Bertolotti','Raoul',NULL,NULL,NULL,NULL,NULL,NULL),(719,'Rosa','Leonardo',NULL,NULL,NULL,NULL,NULL,NULL),(720,'Ferrari','Rino',NULL,NULL,NULL,NULL,NULL,NULL),(721,'Nardi','Roberto',NULL,NULL,NULL,NULL,NULL,NULL),(722,'Bussolino','Roberto',NULL,NULL,NULL,NULL,NULL,NULL),(723,'Roncalli','Maristella',NULL,NULL,NULL,NULL,NULL,NULL),(724,'Califfo','Rosa alessandra',NULL,NULL,NULL,NULL,NULL,NULL),(725,'Rossetti','Paolo',NULL,NULL,NULL,NULL,NULL,NULL),(726,'Sanci','Gianni',NULL,NULL,NULL,NULL,NULL,NULL),(727,'Scalone','Biagio',NULL,NULL,NULL,NULL,NULL,NULL),(728,'Bottio','Ilaria',NULL,NULL,NULL,NULL,NULL,NULL),(729,'Bordignon','Giuseppe',NULL,NULL,NULL,NULL,NULL,NULL),(730,'Severgnini','Massimiliano',NULL,NULL,NULL,NULL,NULL,NULL),(731,'Benitti','Silvano',NULL,NULL,NULL,NULL,NULL,NULL),(732,'Silveri','Paolo',NULL,NULL,NULL,NULL,NULL,NULL),(733,'Grotti','Silvia',NULL,NULL,NULL,NULL,NULL,NULL),(734,'Bonasio','Simone',NULL,NULL,NULL,NULL,NULL,NULL),(735,'Tagliente','Simone',NULL,NULL,NULL,NULL,NULL,NULL),(736,'Gea','Simone',NULL,NULL,NULL,NULL,NULL,NULL),(737,'Natale','Tommaso',NULL,NULL,NULL,NULL,NULL,NULL),(738,'Socal','Laurent',NULL,NULL,NULL,NULL,NULL,NULL),(739,'Frangi','Damiano',NULL,NULL,NULL,NULL,NULL,NULL),(740,'Baldantoni','Stefania',NULL,NULL,NULL,NULL,NULL,NULL),(741,'Rapelli','Stefano',NULL,NULL,NULL,NULL,NULL,NULL),(742,'Balatti','Marco',NULL,NULL,NULL,NULL,NULL,NULL),(743,'Casorzo','Davide',NULL,NULL,NULL,NULL,NULL,NULL),(744,'Massoni','Marco',NULL,NULL,NULL,NULL,NULL,NULL),(745,'Tedoldi','Diego ernesto',NULL,NULL,NULL,NULL,NULL,NULL),(746,'Zanoni','Maurizio',NULL,NULL,NULL,NULL,NULL,NULL),(747,'Buscaglione','Mauro',NULL,NULL,NULL,NULL,NULL,NULL),(748,'Larovere','Marco',NULL,NULL,NULL,NULL,NULL,NULL),(749,'Norassi & giannatelli','Studio',NULL,NULL,NULL,NULL,NULL,NULL),(750,'Lunghi','Carlo',NULL,NULL,NULL,NULL,NULL,NULL),(751,'Calautti','Roberto',NULL,NULL,NULL,NULL,NULL,NULL),(752,'Rascaroli','Luca',NULL,NULL,NULL,NULL,NULL,NULL),(753,'Calise','Antonio',NULL,NULL,NULL,NULL,NULL,NULL),(754,'Bedetta','Michele',NULL,NULL,NULL,NULL,NULL,NULL),(755,'Dezuanni','Simone',NULL,NULL,NULL,NULL,NULL,NULL),(756,'Picozzi','Michele',NULL,NULL,NULL,NULL,NULL,NULL),(757,'Fonte','Rocco',NULL,NULL,NULL,NULL,NULL,NULL),(758,'Grigoli','Roberto',NULL,NULL,NULL,NULL,NULL,NULL),(759,'Pedemonte','Mauro',NULL,NULL,NULL,NULL,NULL,NULL),(760,'Facchetti','Massimiliano',NULL,NULL,NULL,NULL,NULL,NULL),(761,'Grimaldi','Luca',NULL,NULL,NULL,NULL,NULL,NULL),(762,'Vecchi','Marco',NULL,NULL,NULL,NULL,NULL,NULL),(763,'Tulipano','Damiano',NULL,NULL,NULL,NULL,NULL,NULL),(764,'Ravera','Stefano',NULL,NULL,NULL,NULL,NULL,NULL),(765,'Tacchini','Marco',NULL,NULL,NULL,NULL,NULL,NULL),(766,'Tadini','Elena',NULL,NULL,NULL,NULL,NULL,NULL),(767,'Dusi','Massimo',NULL,NULL,NULL,NULL,NULL,NULL),(768,'Tascarella','Fausto stefano',NULL,NULL,NULL,NULL,NULL,NULL),(769,'Picardi','Tiberio',NULL,NULL,NULL,NULL,NULL,NULL),(770,'Firinu','Tiziana',NULL,NULL,NULL,NULL,NULL,NULL),(771,'Turino','Giuseppe',NULL,NULL,NULL,NULL,NULL,NULL),(772,'Giornelli','Umberto',NULL,NULL,NULL,NULL,NULL,NULL),(773,'Tosi','Anna',NULL,NULL,NULL,NULL,NULL,NULL),(774,'Spella','Umberto',NULL,NULL,NULL,NULL,NULL,NULL),(775,'Crosato','Vittorino',NULL,NULL,NULL,NULL,NULL,NULL),(776,'Fatta','Valentina',NULL,NULL,NULL,NULL,NULL,NULL),(777,'Butterini','Valentina',NULL,NULL,NULL,NULL,NULL,NULL),(778,'Sachero','Valentina',NULL,NULL,NULL,NULL,NULL,NULL),(779,'Frignani','Luigi',NULL,NULL,NULL,NULL,NULL,NULL),(780,'Favaro','Vittorio',NULL,NULL,NULL,NULL,NULL,NULL),(781,'Visco gilardi','Vladimiro',NULL,NULL,NULL,NULL,NULL,NULL),(782,'Volonte','Mauro',NULL,NULL,NULL,NULL,NULL,NULL),(783,'Dassetto','Walter',NULL,NULL,NULL,NULL,NULL,NULL),(784,'Zappa','Oliviero',NULL,NULL,NULL,NULL,NULL,NULL),(785,'Bertoli','Rodolfo',NULL,NULL,NULL,NULL,NULL,NULL),(786,'Marsico','Giuseppe',NULL,NULL,NULL,NULL,NULL,NULL),(787,'Polini','Orlando',NULL,NULL,NULL,NULL,NULL,NULL),(788,'Polci','Roberto',NULL,NULL,NULL,NULL,NULL,NULL),(789,'Tosi','Luisa',NULL,NULL,NULL,NULL,NULL,NULL),(790,'De ruvo','Leonardo',NULL,NULL,NULL,NULL,NULL,NULL),(791,'De simoni','Gino',NULL,NULL,NULL,NULL,NULL,NULL),(792,'Zucchinali','Giancarlo',NULL,NULL,NULL,NULL,NULL,NULL),(793,'Radice','Romeo',NULL,NULL,NULL,NULL,NULL,NULL),(794,'Altrocchi','Eugenio',NULL,NULL,NULL,NULL,NULL,NULL),(795,'Bologna','Luigi',NULL,NULL,NULL,NULL,NULL,NULL),(796,'Schenato','Mauro',NULL,NULL,NULL,NULL,NULL,NULL),(797,'Zanetti','Francesca',NULL,NULL,NULL,NULL,NULL,NULL),(798,'Tomassetti','Gildo',NULL,NULL,NULL,NULL,NULL,NULL),(799,'Nardi','Stefano',NULL,NULL,NULL,NULL,NULL,NULL),(800,'Fiore','Umberto',NULL,NULL,NULL,NULL,NULL,NULL),(801,'Esposito','Giuseppe',NULL,NULL,NULL,NULL,NULL,NULL),(802,'Smario','Domenico',NULL,NULL,NULL,NULL,NULL,NULL),(803,'Villani','Giordana',NULL,NULL,NULL,NULL,NULL,NULL),(804,'Nunziata','Francesco',NULL,NULL,NULL,NULL,NULL,NULL),(805,'Cavalieri','Simone',NULL,NULL,NULL,NULL,NULL,NULL),(806,'Poletto','Daniele',NULL,NULL,NULL,NULL,NULL,NULL),(807,'Schembari','Daniela',NULL,NULL,NULL,NULL,NULL,NULL),(808,'Di benedetto','Stefania',NULL,NULL,NULL,NULL,NULL,NULL),(809,'Buttarelli','Ilaria',NULL,NULL,NULL,NULL,NULL,NULL),(810,'Matejka','Danijel',NULL,NULL,NULL,NULL,NULL,NULL),(811,'Alfonso','Iose maura',NULL,NULL,NULL,NULL,NULL,NULL),(812,'Cragnolini','Andrea',NULL,NULL,NULL,NULL,NULL,NULL),(813,'Galanti','Giovanni',NULL,NULL,NULL,NULL,NULL,NULL),(814,'Paolicelli','Antonio',NULL,NULL,NULL,NULL,NULL,NULL),(815,'Ronconi','Duilio',NULL,NULL,NULL,NULL,NULL,NULL),(816,'Carta','Paola',NULL,NULL,NULL,NULL,NULL,NULL),(817,'Di sessa','Stefano',NULL,NULL,NULL,NULL,NULL,NULL),(818,'De marco','Daniela',NULL,NULL,NULL,NULL,NULL,NULL),(819,'Laborante','Domenico',NULL,NULL,NULL,NULL,NULL,NULL),(820,'Del regno','Carmine',NULL,NULL,NULL,NULL,NULL,NULL),(821,'Iuso','Carmine',NULL,NULL,NULL,NULL,NULL,NULL),(822,'Scarfato','Roberto',NULL,NULL,NULL,NULL,NULL,NULL),(823,'Vezzoli','Roberto',NULL,NULL,NULL,NULL,NULL,NULL),(824,'Bellone','Rosario',NULL,NULL,NULL,NULL,NULL,NULL),(825,'Ruggiero','Giuseppe',NULL,NULL,NULL,NULL,NULL,NULL),(826,'Bellone','Nicola',NULL,NULL,NULL,NULL,NULL,NULL),(827,'Maddalena','Paolo',NULL,NULL,NULL,NULL,NULL,NULL),(828,'Fucci','Flavio',NULL,NULL,NULL,NULL,NULL,NULL),(829,'Curti','Renzo',NULL,NULL,NULL,NULL,NULL,NULL),(830,'Berlen','Leonardo',NULL,NULL,NULL,NULL,NULL,NULL),(831,'D\'alessio','Antonietta',NULL,NULL,NULL,NULL,NULL,NULL),(832,'Bruno','Michele',NULL,NULL,NULL,NULL,NULL,NULL),(833,'Moro','Davide',NULL,NULL,NULL,NULL,NULL,NULL),(834,'Maderna','Alfio luigi giovanni',NULL,NULL,NULL,NULL,NULL,NULL),(835,'Colombo','Lorenza',NULL,NULL,NULL,NULL,NULL,NULL),(836,'Costigliola','Paolo',NULL,NULL,NULL,NULL,NULL,NULL),(837,'Lavatelli','Marco',NULL,NULL,NULL,NULL,NULL,NULL),(838,'Colangeli','Franco',NULL,NULL,NULL,NULL,NULL,NULL),(839,'Borgatta','Armando',NULL,NULL,NULL,NULL,NULL,NULL),(840,'Cremasco','Silvia',NULL,NULL,NULL,NULL,NULL,NULL),(841,'Scolari','Robero',NULL,NULL,NULL,NULL,NULL,NULL),(842,'D\'antonio','Antonio',NULL,NULL,NULL,NULL,NULL,NULL),(843,'Malinconico','Giovanni',NULL,NULL,NULL,NULL,NULL,NULL),(844,'Margiotta','Angelo',NULL,NULL,NULL,NULL,NULL,NULL),(845,'Mazziotti','Marco',NULL,NULL,NULL,NULL,NULL,NULL),(846,'Di mauro','Francesco',NULL,NULL,NULL,NULL,NULL,NULL),(847,'Desideri','Pasquale',NULL,NULL,NULL,NULL,NULL,NULL),(848,'Andreani','Mariano',NULL,NULL,NULL,NULL,NULL,NULL),(849,'Mafrici','Giovanni',NULL,NULL,NULL,NULL,NULL,NULL),(850,'Filograsso','Giuseppe',NULL,NULL,NULL,NULL,NULL,NULL),(851,'Bussacchini','Gian franco',NULL,NULL,NULL,NULL,NULL,NULL),(852,'Neidhardt','Carlo federico',NULL,NULL,NULL,NULL,NULL,NULL),(853,'Fontana','Alessandro',NULL,NULL,NULL,NULL,NULL,NULL),(854,'Giacomarro','Fausto',NULL,NULL,NULL,NULL,NULL,NULL),(855,'Tarantola','Ilaria laura maria',NULL,NULL,NULL,NULL,NULL,NULL),(856,'Moccia','Alberto',NULL,NULL,NULL,NULL,NULL,NULL),(857,'Gomiero','Alessandro',NULL,NULL,NULL,NULL,NULL,NULL),(858,'Quaglini','Gabriele',NULL,NULL,NULL,NULL,NULL,NULL),(859,'Lucente','Francesco',NULL,NULL,NULL,NULL,NULL,NULL),(860,'Russo','Piero',NULL,NULL,NULL,NULL,NULL,NULL),(861,'Liuzzi','Melisa',NULL,NULL,NULL,NULL,NULL,NULL),(862,'Gramaccini','Silvia',NULL,NULL,NULL,NULL,NULL,NULL),(863,'Marturano','Rosario',NULL,NULL,NULL,NULL,NULL,NULL),(864,'Paradiso','Simone',NULL,NULL,NULL,NULL,NULL,NULL),(865,'Basile','Giulio',NULL,NULL,NULL,NULL,NULL,NULL),(866,'Dodaj','Gentjan',NULL,NULL,NULL,NULL,NULL,NULL),(867,'Rava','Andrea',NULL,NULL,NULL,NULL,NULL,NULL),(868,'Binello','Roberto',NULL,NULL,NULL,NULL,NULL,NULL),(869,'Aiello','Francesco',NULL,NULL,NULL,NULL,NULL,NULL),(870,'Pietta','Matteo',NULL,NULL,NULL,NULL,NULL,NULL),(871,'De filippis','Stefania',NULL,NULL,NULL,NULL,NULL,NULL),(872,'Nava','Luigi',NULL,NULL,NULL,NULL,NULL,NULL),(873,'Cervetto','Maurizio',NULL,NULL,NULL,NULL,NULL,NULL),(874,'Angeli','Gianfranco',NULL,NULL,NULL,NULL,NULL,NULL),(875,'del vecchio','maurizio',NULL,NULL,NULL,NULL,NULL,NULL),(876,'Tarlao','Gianpietro',NULL,NULL,NULL,NULL,NULL,NULL),(877,'Manno','Onofrio',NULL,NULL,NULL,NULL,NULL,NULL),(878,'Giordano','Francesco',NULL,NULL,NULL,NULL,NULL,NULL),(879,'Verdelli','Federico',NULL,NULL,NULL,NULL,NULL,NULL),(880,'Buttarelli','Gianfranco',NULL,NULL,NULL,NULL,NULL,NULL),(881,'Rubiano','Paolo piero',NULL,NULL,NULL,NULL,NULL,NULL),(882,'GERACI','DR. ARCH. ANGELO',NULL,NULL,NULL,NULL,NULL,NULL),(883,'Gatti','Dario',NULL,NULL,NULL,NULL,NULL,NULL),(884,'Modanesi','Alessandro',NULL,NULL,NULL,NULL,NULL,NULL),(885,'Ruo','Massimiliano',NULL,NULL,NULL,NULL,NULL,NULL),(886,'Russo','Maurizio',NULL,NULL,NULL,NULL,NULL,NULL),(887,'Casamassima','Giovanni',NULL,NULL,NULL,NULL,NULL,NULL),(888,'Caterino','Antonello',NULL,NULL,NULL,NULL,NULL,NULL),(889,'Lapadula','Pierangelo',NULL,NULL,NULL,NULL,NULL,NULL),(890,'Latorraca','Salvatore',NULL,NULL,NULL,NULL,NULL,NULL),(891,'Foti','Marco',NULL,NULL,NULL,NULL,NULL,NULL),(892,'Cum','Elisa',NULL,NULL,NULL,NULL,NULL,NULL),(893,'Lena','Francesco',NULL,NULL,NULL,NULL,NULL,NULL),(894,'Romaniello','Vito',NULL,NULL,NULL,NULL,NULL,NULL),(895,'Seronello','Cecilia giuseppina',NULL,NULL,NULL,NULL,NULL,NULL),(896,'Bassan','Stefano',NULL,NULL,NULL,NULL,NULL,NULL),(897,'Macri','Maurizio',NULL,NULL,NULL,NULL,NULL,NULL),(898,'Cannata','Raffaele',NULL,NULL,NULL,NULL,NULL,NULL),(899,'Furini','Manuela',NULL,NULL,NULL,NULL,NULL,NULL),(900,'ghezzi','laura',NULL,NULL,NULL,NULL,NULL,NULL),(901,'Marani','Massimo',NULL,NULL,NULL,NULL,NULL,NULL),(902,'Manca','Antonio',NULL,NULL,NULL,NULL,NULL,NULL),(903,'Quaggia','Daniele',NULL,NULL,NULL,NULL,NULL,NULL),(904,'Malco','Davide',NULL,NULL,NULL,NULL,NULL,NULL),(905,'Soffi','Luisa',NULL,NULL,NULL,NULL,NULL,NULL),(906,'barucchi','milena',NULL,NULL,NULL,NULL,NULL,NULL),(907,'Guercio','Irene',NULL,NULL,NULL,NULL,NULL,NULL),(908,'Bucalo','Giuseppe',NULL,NULL,NULL,NULL,NULL,NULL),(909,'Buttini','Luigi',NULL,NULL,NULL,NULL,NULL,NULL),(910,'Vestuto','Stefania',NULL,NULL,NULL,NULL,NULL,NULL),(911,'Colombo','Alfredo',NULL,NULL,NULL,NULL,NULL,NULL),(912,'Casanovi','Matteo',NULL,NULL,NULL,NULL,NULL,NULL),(913,'Biscontin','Omar',NULL,NULL,NULL,NULL,NULL,NULL),(914,'Cuzzocrea','Gianni',NULL,NULL,NULL,NULL,NULL,NULL),(915,'Montani','Maria grazia',NULL,NULL,NULL,NULL,NULL,NULL),(916,'Melchiorri','Gilberto',NULL,NULL,NULL,NULL,NULL,NULL),(917,'Pisellu','Carlo',NULL,NULL,NULL,NULL,NULL,NULL),(918,'Ivanova','Elena',NULL,NULL,NULL,NULL,NULL,NULL),(919,'Nicoli','Cristiana',NULL,NULL,NULL,NULL,NULL,NULL),(920,'Bizzoni','Marco',NULL,NULL,NULL,NULL,NULL,NULL),(921,'Altavilla','Fausto',NULL,NULL,NULL,NULL,NULL,NULL),(922,'Schupmann','Grette',NULL,NULL,NULL,NULL,NULL,NULL),(923,'Di perna','Pasquale',NULL,NULL,NULL,NULL,NULL,NULL),(924,'Pavesi','Claudio',NULL,NULL,NULL,NULL,NULL,NULL),(925,'Izzo','Mariapia',NULL,NULL,NULL,NULL,NULL,NULL),(926,'Russo','Domenico',NULL,NULL,NULL,NULL,NULL,NULL),(927,'Nuzzolo','Giovanni',NULL,NULL,NULL,NULL,NULL,NULL),(928,'Delsanto','Saverio',NULL,NULL,NULL,NULL,NULL,NULL),(929,'Piva','Raffaella',NULL,NULL,NULL,NULL,NULL,NULL),(930,'Lanzani','Andrea',NULL,NULL,NULL,NULL,NULL,NULL),(931,'Di gregorio','Raffaele',NULL,NULL,NULL,NULL,NULL,NULL),(932,'Ruggiero','Massimiliano',NULL,NULL,NULL,NULL,NULL,NULL),(933,'Del lungo','Andrea',NULL,NULL,NULL,NULL,NULL,NULL),(934,'Baroncini','Claudio',NULL,NULL,NULL,NULL,NULL,NULL),(935,'Zana','Luca',NULL,NULL,NULL,NULL,NULL,NULL),(936,'Tomassini','Edoardo',NULL,NULL,NULL,NULL,NULL,NULL),(937,'Grossini','Riccardo',NULL,NULL,NULL,NULL,NULL,NULL),(938,'Minardi','Carlo',NULL,NULL,NULL,NULL,NULL,NULL),(939,'Benedetti','Mariacandida',NULL,NULL,NULL,NULL,NULL,NULL),(940,'Bettucci','Mario',NULL,NULL,NULL,NULL,NULL,NULL),(941,'Taborelli','Maurizio',NULL,NULL,NULL,NULL,NULL,NULL),(942,'Ciceri','Gianluigi',NULL,NULL,NULL,NULL,NULL,NULL),(943,'Soncini','Francesco',NULL,NULL,NULL,NULL,NULL,NULL),(944,'Ingenito','Italo',NULL,NULL,NULL,NULL,NULL,NULL),(945,'Dell\'ambrogio','Dario',NULL,NULL,NULL,NULL,NULL,NULL),(946,'Antognoli','Angelo',NULL,NULL,NULL,NULL,NULL,NULL),(947,'Cova','Umberto',NULL,NULL,NULL,NULL,NULL,NULL),(948,'Lombardo','Marco',NULL,NULL,NULL,NULL,NULL,NULL),(949,'Santangelo','Angelo',NULL,NULL,NULL,NULL,NULL,NULL),(950,'De martino','Guido',NULL,NULL,NULL,NULL,NULL,NULL),(951,'Rega','Rosanna',NULL,NULL,NULL,NULL,NULL,NULL),(952,'Menegin','Massimo',NULL,NULL,NULL,NULL,NULL,NULL),(953,'Caprarulo','Rosanna',NULL,NULL,NULL,NULL,NULL,NULL),(954,'Lusuardi','Letizia',NULL,NULL,NULL,NULL,NULL,NULL),(955,'Marinelli','Antonio',NULL,NULL,NULL,NULL,NULL,NULL),(956,'Cervetto','Francesco',NULL,NULL,NULL,NULL,NULL,NULL),(957,'Aguzzi','Lauro',NULL,NULL,NULL,NULL,NULL,NULL),(958,'Pastori','Angelo',NULL,NULL,NULL,NULL,NULL,NULL),(959,'Cantaluppi','Marco',NULL,NULL,NULL,NULL,NULL,NULL),(960,'Pivato','Nicolò',NULL,NULL,NULL,NULL,NULL,NULL),(961,'Mascazzini','Fabio',NULL,NULL,NULL,NULL,NULL,NULL),(962,'Paes lourencao','Flavia',NULL,NULL,NULL,NULL,NULL,NULL),(963,'Russo','Andrea',NULL,NULL,NULL,NULL,NULL,NULL),(964,'Moro','Mattia',NULL,NULL,NULL,NULL,NULL,NULL),(965,'Falcioni','Marco',NULL,NULL,NULL,NULL,NULL,NULL),(966,'Fammilume','Serena',NULL,NULL,NULL,NULL,NULL,NULL),(967,'Vanoni','Massimo',NULL,NULL,NULL,NULL,NULL,NULL),(968,'Alberto','Propersi',NULL,NULL,NULL,NULL,NULL,NULL),(969,'Bigoni','Luca',NULL,NULL,NULL,NULL,NULL,NULL),(970,'Mazzucchelli','Maurizio',NULL,NULL,NULL,NULL,NULL,NULL),(971,'D\'apuzzo','Vittorio',NULL,NULL,NULL,NULL,NULL,NULL),(972,'Cereda','Andrea',NULL,NULL,NULL,NULL,NULL,NULL),(973,'Laserpe','Gaetano giovanni',NULL,NULL,NULL,NULL,NULL,NULL),(974,'Frigerio','Giuseppe',NULL,NULL,NULL,NULL,NULL,NULL),(975,'Fop','Enrico',NULL,NULL,NULL,NULL,NULL,NULL),(976,'Marcandalli','Elena',NULL,NULL,NULL,NULL,NULL,NULL),(977,'Cigliana','Federico',NULL,NULL,NULL,NULL,NULL,NULL),(978,'Alberghini','Alex',NULL,NULL,NULL,NULL,NULL,NULL),(979,'Colombo','Tiziana',NULL,NULL,NULL,NULL,NULL,NULL),(980,'Iori','Daniela',NULL,NULL,NULL,NULL,NULL,NULL),(981,'Gastaldi','Marco',NULL,NULL,NULL,NULL,NULL,NULL),(982,'Daverio','Maura',NULL,NULL,NULL,NULL,NULL,NULL),(983,'Biffi','Giuseppina',NULL,NULL,NULL,NULL,NULL,NULL),(984,'Bani','Marco',NULL,NULL,NULL,NULL,NULL,NULL),(985,'Vaccaro','Bartolomeo',NULL,NULL,NULL,NULL,NULL,NULL),(986,'Brosio','Carmelo',NULL,NULL,NULL,NULL,NULL,NULL),(987,'Filoramo','Massimiliano',NULL,NULL,NULL,NULL,NULL,NULL),(988,'Zaccagno','Valerio',NULL,NULL,NULL,NULL,NULL,NULL),(989,'granata','danilo',NULL,NULL,NULL,NULL,NULL,NULL),(990,'Quattroccolo','Danilo',NULL,NULL,NULL,NULL,NULL,NULL),(991,'Pedersini','Ivano',NULL,NULL,NULL,NULL,NULL,NULL),(992,'Candela','Antonio',NULL,NULL,NULL,NULL,NULL,NULL),(993,'Pozzi','Riccardo',NULL,NULL,NULL,NULL,NULL,NULL),(994,'Berardi','Veronica',NULL,NULL,NULL,NULL,NULL,NULL),(995,'Trovato','Alex',NULL,NULL,NULL,NULL,NULL,NULL),(996,'Mautino','Enrico',NULL,NULL,NULL,NULL,NULL,NULL),(997,'Panchetti','Andrea',NULL,NULL,NULL,NULL,NULL,NULL),(998,'Laruccia','Vincenzo',NULL,NULL,NULL,NULL,NULL,NULL),(999,'Fontanella','Pietro',NULL,NULL,NULL,NULL,NULL,NULL),(1000,'Pagani','Sara',NULL,NULL,NULL,NULL,NULL,NULL),(1001,'Tarif','Alberto',NULL,NULL,NULL,NULL,NULL,NULL),(1002,'Faini','Andrea',NULL,NULL,NULL,NULL,NULL,NULL),(1003,'Utica','Chiara',NULL,NULL,NULL,NULL,NULL,NULL),(1004,'Solazzi','Vladimiro',NULL,NULL,NULL,NULL,NULL,NULL),(1005,'Omini','Carlo',NULL,NULL,NULL,NULL,NULL,NULL),(1006,'Siboldi','Giacomo',NULL,NULL,NULL,NULL,NULL,NULL),(1007,'Antonioli','Flavio',NULL,NULL,NULL,NULL,NULL,NULL),(1008,'Ballero','Carlo',NULL,NULL,NULL,NULL,NULL,NULL),(1009,'Buccheri','Carlo',NULL,NULL,NULL,NULL,NULL,NULL),(1010,'Bellenzio','Pietro',NULL,NULL,NULL,NULL,NULL,NULL),(1011,'Caldera','Francesco',NULL,NULL,NULL,NULL,NULL,NULL),(1012,'Briola','Linda',NULL,NULL,NULL,NULL,NULL,NULL),(1013,'Risse','Daniela',NULL,NULL,NULL,NULL,NULL,NULL),(1014,'Barbetta','Ettore',NULL,NULL,NULL,NULL,NULL,NULL),(1015,'D\'andrea','Giacomo',NULL,NULL,NULL,NULL,NULL,NULL),(1016,'Ciri','Marco',NULL,NULL,NULL,NULL,NULL,NULL),(1017,'Galbiati','Davide',NULL,NULL,NULL,NULL,NULL,NULL),(1018,'Zattarin','Marco',NULL,NULL,NULL,NULL,NULL,NULL),(1019,'Banfi','Mario',NULL,NULL,NULL,NULL,NULL,NULL),(1020,'Giacinti','Denis',NULL,NULL,NULL,NULL,NULL,NULL),(1021,'Marsico','Salvatore',NULL,NULL,NULL,NULL,NULL,NULL),(1022,'Albani','Marco',NULL,NULL,NULL,NULL,NULL,NULL),(1023,'Zappino','Nicoletta',NULL,NULL,NULL,NULL,NULL,NULL),(1024,'Legrenzi','Diana',NULL,NULL,NULL,NULL,NULL,NULL),(1025,'Privitera','Gianfranco',NULL,NULL,NULL,NULL,NULL,NULL),(1026,'Cotugno','Giandomenico',NULL,NULL,NULL,NULL,NULL,NULL),(1027,'Farina','Elisa',NULL,NULL,NULL,NULL,NULL,NULL),(1028,'Alotto','Donatella',NULL,NULL,NULL,NULL,NULL,NULL),(1029,'Becattini','Mirco',NULL,NULL,NULL,NULL,NULL,NULL),(1030,'Marcarelli','Pasquale',NULL,NULL,NULL,NULL,NULL,NULL),(1031,'Cascone','Andrea',NULL,NULL,NULL,NULL,NULL,NULL),(1032,'Bertoncini','Marco',NULL,NULL,NULL,NULL,NULL,NULL),(1033,'Vigentini','Luciano',NULL,NULL,NULL,NULL,NULL,NULL),(1034,'Stucchi','Fausto',NULL,NULL,NULL,NULL,NULL,NULL),(1035,'Valeri','Laura',NULL,NULL,NULL,NULL,NULL,NULL),(1036,'Oliva','Francesco',NULL,NULL,NULL,NULL,NULL,NULL),(1037,'Origo','Gianpiero',NULL,NULL,NULL,NULL,NULL,NULL),(1038,'Amoroso','Giulia',NULL,NULL,NULL,NULL,NULL,NULL),(1039,'Rivellini','Cinzia',NULL,NULL,NULL,NULL,NULL,NULL),(1040,'Ravanelli','Roberto',NULL,NULL,NULL,NULL,NULL,NULL),(1041,'Forestiere','Fabio',NULL,NULL,NULL,NULL,NULL,NULL),(1042,'D\'anna','Rosario',NULL,NULL,NULL,NULL,NULL,NULL),(1043,'Colletti','Pinuccio',NULL,NULL,NULL,NULL,NULL,NULL),(1044,'Rossi','Leonardo',NULL,NULL,NULL,NULL,NULL,NULL),(1045,'Costa','Stefano',NULL,NULL,NULL,NULL,NULL,NULL),(1046,'Berruti','Marco',NULL,NULL,NULL,NULL,NULL,NULL),(1047,'Falbo','Antonio',NULL,NULL,NULL,NULL,NULL,NULL),(1048,'Passeri','Paola',NULL,NULL,NULL,NULL,NULL,NULL),(1049,'Casaburi','Luca',NULL,NULL,NULL,NULL,NULL,NULL),(1050,'Galli','Claudia',NULL,NULL,NULL,NULL,NULL,NULL),(1051,'Floris','Stefano',NULL,NULL,NULL,NULL,NULL,NULL),(1052,'Guariento','Claudio',NULL,NULL,NULL,NULL,NULL,NULL),(1053,'Ensini','Elide',NULL,NULL,NULL,NULL,NULL,NULL),(1054,'Bezze','Gianluca',NULL,NULL,NULL,NULL,NULL,NULL),(1055,'Magnani','Lorenza',NULL,NULL,NULL,NULL,NULL,NULL),(1056,'Santangelo','Antonio',NULL,NULL,NULL,NULL,NULL,NULL),(1057,'Fontanive','Marco',NULL,NULL,NULL,NULL,NULL,NULL),(1058,'Avogaro','Massimo',NULL,NULL,NULL,NULL,NULL,NULL),(1059,'Rampinelli','Francesco',NULL,NULL,NULL,NULL,NULL,NULL),(1060,'Confalonieri','Andrea',NULL,NULL,NULL,NULL,NULL,NULL),(1061,'Guzzetti','Enea',NULL,NULL,NULL,NULL,NULL,NULL),(1062,'Olivieri','Daniele',NULL,NULL,NULL,NULL,NULL,NULL),(1063,'Zanchi','Simone',NULL,NULL,NULL,NULL,NULL,NULL),(1064,'Cecchini','Deborah',NULL,NULL,NULL,NULL,NULL,NULL),(1065,'Frigerio','Sergio',NULL,NULL,NULL,NULL,NULL,NULL),(1066,'Ghislanzoni','Alessandro',NULL,NULL,NULL,NULL,NULL,NULL),(1067,'Omacini','Mariagrazia',NULL,NULL,NULL,NULL,NULL,NULL),(1068,'Masciarelli','Roberto',NULL,NULL,NULL,NULL,NULL,NULL),(1069,'Piotti','Davide',NULL,NULL,NULL,NULL,NULL,NULL),(1070,'Bisaro','Francesca',NULL,NULL,NULL,NULL,NULL,NULL),(1071,'Aristide','Michele',NULL,NULL,NULL,NULL,NULL,NULL),(1072,'Albi','Raffaele',NULL,NULL,NULL,NULL,NULL,NULL),(1073,'Filippelli','Franco',NULL,NULL,NULL,NULL,NULL,NULL),(1074,'Lerose','Alessio',NULL,NULL,NULL,NULL,NULL,NULL),(1075,'Bulgheroni','Enrico',NULL,NULL,NULL,NULL,NULL,NULL),(1076,'Migliorini','Omar',NULL,NULL,NULL,NULL,NULL,NULL),(1077,'Daiana','Angelo',NULL,NULL,NULL,NULL,NULL,NULL),(1078,'Sarchi','Maurizio',NULL,NULL,NULL,NULL,NULL,NULL),(1079,'Guseo','Daniela',NULL,NULL,NULL,NULL,NULL,NULL),(1080,'Alfieri','Vittorio',NULL,NULL,NULL,NULL,NULL,NULL),(1081,'Galanti','Luigi',NULL,NULL,NULL,NULL,NULL,NULL),(1082,'Barindelli','Alex',NULL,NULL,NULL,NULL,NULL,NULL),(1083,'Gramaglia','Renato',NULL,NULL,NULL,NULL,NULL,NULL),(1084,'Ciuffi','Domenico',NULL,NULL,NULL,NULL,NULL,NULL),(1085,'Ceriani','Alessandro',NULL,NULL,NULL,NULL,NULL,NULL),(1086,'Persechino','Antonio',NULL,NULL,NULL,NULL,NULL,NULL),(1087,'Montanaro','Michele',NULL,NULL,NULL,NULL,NULL,NULL),(1088,'D\'andretta','Sabato',NULL,NULL,NULL,NULL,NULL,NULL),(1089,'Cavalleri','Alberto',NULL,NULL,NULL,NULL,NULL,NULL),(1090,'Vido','Marco',NULL,NULL,NULL,NULL,NULL,NULL),(1091,'Gantès','Rolando',NULL,NULL,NULL,NULL,NULL,NULL),(1092,'Vignati','Emilio',NULL,NULL,NULL,NULL,NULL,NULL),(1093,'Cecca','Alberto',NULL,NULL,NULL,NULL,NULL,NULL),(1094,'Soldini','Simona',NULL,NULL,NULL,NULL,NULL,NULL),(1095,'Tosti','Giovanni',NULL,NULL,NULL,NULL,NULL,NULL),(1096,'Barlocco','Gimmi',NULL,NULL,NULL,NULL,NULL,NULL),(1097,'Castoldi','Carlo',NULL,NULL,NULL,NULL,NULL,NULL),(1098,'Valenti','Nadia',NULL,NULL,NULL,NULL,NULL,NULL),(1099,'Malmassari','Marina',NULL,NULL,NULL,NULL,NULL,NULL),(1100,'Maffiodo','Barbara',NULL,NULL,NULL,NULL,NULL,NULL),(1101,'Manzulli','Gioacchino',NULL,NULL,NULL,NULL,NULL,NULL),(1102,'Rosa','Aldo',NULL,NULL,NULL,NULL,NULL,NULL),(1103,'Baretich','Franco',NULL,NULL,NULL,NULL,NULL,NULL),(1104,'Caparrini','Paolo',NULL,NULL,NULL,NULL,NULL,NULL),(1105,'Longoni','Giuseppe eugenio',NULL,NULL,NULL,NULL,NULL,NULL),(1106,'Ornati','Roberto',NULL,NULL,NULL,NULL,NULL,NULL),(1107,'Deservi','Fabio',NULL,NULL,NULL,NULL,NULL,NULL),(1108,'ADRIANO AUGUSTO','CARLI','0236595578','CRLDNG67H16F205D',55,7,NULL,NULL),(1109,'Marzi','Nirvano',NULL,NULL,NULL,NULL,NULL,NULL),(1110,'Corti','Mauro',NULL,NULL,NULL,NULL,NULL,NULL),(1111,'Nulli','Andrea',NULL,NULL,NULL,NULL,NULL,NULL),(1112,'Zerlottin','Gian pietro',NULL,NULL,NULL,NULL,NULL,NULL),(1113,'Bordiga','Giovanni',NULL,NULL,NULL,NULL,NULL,NULL),(1114,'Confalonieri','Luigi',NULL,NULL,NULL,NULL,NULL,NULL),(1115,'Fiadone','Franco',NULL,NULL,NULL,NULL,NULL,NULL),(1116,'Properzi','Michela',NULL,NULL,NULL,NULL,NULL,NULL),(1117,'Fresu','Giuseppe',NULL,NULL,NULL,NULL,NULL,NULL),(1118,'Baruffi','Riccardo',NULL,NULL,NULL,NULL,NULL,NULL),(1119,'Roda','Pierlugi',NULL,NULL,NULL,NULL,NULL,NULL),(1120,'Martini','Caterina',NULL,NULL,NULL,NULL,NULL,NULL),(1121,'Natali','Giovanni',NULL,NULL,NULL,NULL,NULL,NULL),(1122,'Vaggelli','Alessio',NULL,NULL,NULL,NULL,NULL,NULL),(1123,'Fugazza','Mario',NULL,NULL,NULL,NULL,NULL,NULL),(1124,'Bascialli','Paolo',NULL,NULL,NULL,NULL,NULL,NULL),(1125,'Angelucci','Laura',NULL,NULL,NULL,NULL,NULL,NULL),(1126,'La torre','Ramon',NULL,NULL,NULL,NULL,NULL,NULL),(1127,'Pegoraro','Noris',NULL,NULL,NULL,NULL,NULL,NULL),(1128,'Sanguineti','Elio',NULL,NULL,NULL,NULL,NULL,NULL),(1129,'Valtorta','Marco',NULL,NULL,NULL,NULL,NULL,NULL),(1130,'Biffi','Francesco',NULL,NULL,NULL,NULL,NULL,NULL),(1131,'Schiavon','Danilo',NULL,NULL,NULL,NULL,NULL,NULL),(1132,'Pagani','Claudio',NULL,NULL,NULL,NULL,NULL,NULL),(1133,'Sollazzo','Marilena',NULL,NULL,NULL,NULL,NULL,NULL),(1134,'Borghi','Sergio',NULL,NULL,NULL,NULL,NULL,NULL),(1135,'Tomei','Marcello',NULL,NULL,NULL,NULL,NULL,NULL),(1136,'Mantovani','Massimo',NULL,NULL,NULL,NULL,NULL,NULL),(1137,'Cannata','Giorgio',NULL,NULL,NULL,NULL,NULL,NULL),(1138,'Baraldo','Sergio',NULL,NULL,NULL,NULL,NULL,NULL),(1139,'Celerino','Marco',NULL,NULL,NULL,NULL,NULL,NULL),(1140,'Scalise','Sinibaldo',NULL,NULL,NULL,NULL,NULL,NULL),(1141,'Alovisi','Gian piero',NULL,NULL,NULL,NULL,NULL,NULL),(1142,'Moranduzzo','Giorgio',NULL,NULL,NULL,NULL,NULL,NULL),(1143,'Buratti','Domenico',NULL,NULL,NULL,NULL,NULL,NULL),(1144,'Frangi','Damiano',NULL,NULL,NULL,NULL,NULL,NULL),(1145,'Ambrosini','Gianluigi',NULL,NULL,NULL,NULL,NULL,NULL),(1146,'Casiraghi','Cristian',NULL,NULL,NULL,NULL,NULL,NULL),(1147,'Torcinaro','Gaetano',NULL,NULL,NULL,NULL,NULL,NULL),(1148,'Bozzola','Giovanni',NULL,NULL,NULL,NULL,NULL,NULL),(1149,'Stucchi','Fabio',NULL,NULL,NULL,NULL,NULL,NULL),(1150,'Pascucci','Franco',NULL,NULL,NULL,NULL,NULL,NULL),(1151,'Cacciamani','Marzio',NULL,NULL,NULL,NULL,NULL,NULL),(1152,'Tedesco','Caterina',NULL,NULL,NULL,NULL,NULL,NULL),(1153,'Calabria','Giulio',NULL,NULL,NULL,NULL,NULL,NULL),(1154,'Corvino','Ruggiero',NULL,NULL,NULL,NULL,NULL,NULL),(1155,'Cereda','Ferruccio',NULL,NULL,NULL,NULL,NULL,NULL),(1156,'Montanari','Pier vittorio',NULL,NULL,NULL,NULL,NULL,NULL),(1157,'Dolci','Pierangelo',NULL,NULL,NULL,NULL,NULL,NULL),(1158,'Gobbetti','Luca',NULL,NULL,NULL,NULL,NULL,NULL),(1159,'Paris','Marco',NULL,NULL,NULL,NULL,NULL,NULL),(1160,'Franchina','Pippo antonio',NULL,NULL,NULL,NULL,NULL,NULL),(1161,'Fino','Fabia',NULL,NULL,NULL,NULL,NULL,NULL),(1162,'Magni','Giovanni',NULL,NULL,NULL,NULL,NULL,NULL),(1163,'Rocca','Patrizio',NULL,NULL,NULL,NULL,NULL,NULL),(1164,'Nada','Alberto',NULL,NULL,NULL,NULL,NULL,NULL),(1165,'Gorla','Francesco',NULL,NULL,NULL,NULL,NULL,NULL),(1166,'Fasan','Daniele',NULL,NULL,NULL,NULL,NULL,NULL),(1167,'Pipani','Daniele',NULL,NULL,NULL,NULL,NULL,NULL),(1168,'Corti','Maurizio',NULL,NULL,NULL,NULL,NULL,NULL),(1169,'Molli','Luca',NULL,NULL,NULL,NULL,NULL,NULL),(1170,'Granata','Giuseppe',NULL,NULL,NULL,NULL,NULL,NULL),(1171,'Marelli','Giuliano',NULL,NULL,NULL,NULL,NULL,NULL),(1172,'Ambrosio','Carlo',NULL,NULL,NULL,NULL,NULL,NULL),(1173,'Aureli','Lorenzo',NULL,NULL,NULL,NULL,NULL,NULL),(1174,'Campari','Andrea',NULL,NULL,NULL,NULL,NULL,NULL),(1175,'Colombo','Flavio',NULL,NULL,NULL,NULL,NULL,NULL),(1176,'Bettoni','Marco',NULL,NULL,NULL,NULL,NULL,NULL),(1177,'Musazzi','Alberto',NULL,NULL,NULL,NULL,NULL,NULL),(1178,'Zucchetti','Ennio',NULL,NULL,NULL,NULL,NULL,NULL),(1179,'Turrini','Ivano',NULL,NULL,NULL,NULL,NULL,NULL),(1180,'Passerini','Claudio',NULL,NULL,NULL,NULL,NULL,NULL),(1181,'Valli','Gian luigi',NULL,NULL,NULL,NULL,NULL,NULL),(1182,'Guida','Cristian',NULL,NULL,NULL,NULL,NULL,NULL),(1183,'Baj','Silvio',NULL,NULL,NULL,NULL,NULL,NULL),(1184,'Zanardelli','Dario',NULL,NULL,NULL,NULL,NULL,NULL),(1185,'Samuelli','Diego',NULL,NULL,NULL,NULL,NULL,NULL),(1186,'De luigi','Anna',NULL,NULL,NULL,NULL,NULL,NULL),(1187,'Mattei','Francesco',NULL,NULL,NULL,NULL,NULL,NULL),(1188,'Dell\'era','Ettore',NULL,NULL,NULL,NULL,NULL,NULL),(1189,'Zaffini','Giampaolo',NULL,NULL,NULL,NULL,NULL,NULL),(1190,'Bernabè','Antonello',NULL,NULL,NULL,NULL,NULL,NULL),(1191,'Calzolari','Maurizio',NULL,NULL,NULL,NULL,NULL,NULL),(1192,'Caliandro','Lucia',NULL,NULL,NULL,NULL,NULL,NULL),(1193,'Fiore','Giuseppe',NULL,NULL,NULL,NULL,NULL,NULL),(1194,'Frizzi','Roberto',NULL,NULL,NULL,NULL,NULL,NULL),(1195,'Minardo','Raimondo',NULL,NULL,NULL,NULL,NULL,NULL),(1196,'RENINI','MARCO',NULL,NULL,NULL,NULL,NULL,NULL),(1197,'Madama','Fabio',NULL,NULL,NULL,NULL,NULL,NULL),(1198,'Bolis','Giovanni',NULL,NULL,NULL,NULL,NULL,NULL),(1199,'Laurentini','Daria',NULL,NULL,NULL,NULL,NULL,NULL),(1200,'Grisenti','Sandro',NULL,NULL,NULL,NULL,NULL,NULL),(1201,'Babando','Giancarlo',NULL,NULL,NULL,NULL,NULL,NULL),(1202,'Landolfi','Roberto',NULL,NULL,NULL,NULL,NULL,NULL),(1203,'Grossi','Marco',NULL,NULL,NULL,NULL,NULL,NULL),(1204,'Neirotti','Ermanno giuseppe',NULL,NULL,NULL,NULL,NULL,NULL),(1205,'Pinto','Bruno',NULL,NULL,NULL,NULL,NULL,NULL),(1206,'Crivellone','Antonio',NULL,NULL,NULL,NULL,NULL,NULL),(1207,'Torchia','Vittorio',NULL,NULL,NULL,NULL,NULL,NULL),(1208,'Pingitore','Ottavio',NULL,NULL,NULL,NULL,NULL,NULL),(1209,'Capuano','Raffaele',NULL,NULL,NULL,NULL,NULL,NULL),(1210,'Sala','Bruno',NULL,NULL,NULL,NULL,NULL,NULL),(1211,'Cartabia','Andrea',NULL,NULL,NULL,NULL,NULL,NULL),(1212,'Bocola','Oriana',NULL,NULL,NULL,NULL,NULL,NULL),(1213,'Milanesi','Marco',NULL,NULL,NULL,NULL,NULL,NULL),(1214,'Festa','Giuseppe',NULL,NULL,NULL,NULL,NULL,NULL),(1215,'Gromme','Marina',NULL,NULL,NULL,NULL,NULL,NULL),(1216,'Salzano','Massimo',NULL,NULL,NULL,NULL,NULL,NULL),(1217,'Pavesi','Marco',NULL,NULL,NULL,NULL,NULL,NULL),(1218,'Novelli','Massimo maria',NULL,NULL,NULL,NULL,NULL,NULL),(1219,'Alessi','Giovanni',NULL,NULL,NULL,NULL,NULL,NULL),(1220,'Tecchia','Renata',NULL,NULL,NULL,NULL,NULL,NULL),(1221,'Mutti','Annamaria',NULL,NULL,NULL,NULL,NULL,NULL),(1222,'Ballarini','Lino',NULL,NULL,NULL,NULL,NULL,NULL),(1223,'Fiore','Francesco',NULL,NULL,NULL,NULL,NULL,NULL),(1224,'Amilcare','Luigi',NULL,NULL,NULL,NULL,NULL,NULL),(1225,'Marangoni','Gian luca',NULL,NULL,NULL,NULL,NULL,NULL),(1226,'Nava','Angelo',NULL,NULL,NULL,NULL,NULL,NULL),(1227,'Palladini','Gianluca',NULL,NULL,NULL,NULL,NULL,NULL),(1228,'Tramonti','Christian',NULL,NULL,NULL,NULL,NULL,NULL),(1229,'Aledda','Antonio',NULL,NULL,NULL,NULL,NULL,NULL),(1230,'Leonzi','Giuseppe',NULL,NULL,NULL,NULL,NULL,NULL),(1231,'Bottinelli','Paolo',NULL,NULL,NULL,NULL,NULL,NULL),(1232,'Costanzo','Daniele',NULL,NULL,NULL,NULL,NULL,NULL),(1233,'Buonaguro','Pasquale',NULL,NULL,NULL,NULL,NULL,NULL),(1234,'Prato','Elena',NULL,NULL,NULL,NULL,NULL,NULL),(1235,'Carelli','Roberta',NULL,NULL,NULL,NULL,NULL,NULL),(1236,'Miniero','Roberto',NULL,NULL,NULL,NULL,NULL,NULL),(1237,'Albanese','Alessandro',NULL,NULL,NULL,NULL,NULL,NULL),(1238,'carrozzini','Riccardo',NULL,NULL,NULL,NULL,NULL,NULL),(1239,'Castorani','Francesco',NULL,NULL,NULL,NULL,NULL,NULL),(1240,'bombelli','massimo',NULL,NULL,NULL,NULL,NULL,NULL),(1241,'Nardin','Andrea',NULL,NULL,NULL,NULL,NULL,NULL),(1242,'Palumbo piccionello','Carmelo',NULL,NULL,NULL,NULL,NULL,NULL),(1243,'Di cataldo','Salvatore',NULL,NULL,NULL,NULL,NULL,NULL),(1244,'Mariani','Angelo',NULL,NULL,NULL,NULL,NULL,NULL),(1245,'Rossi','Raffaella',NULL,NULL,NULL,NULL,NULL,NULL),(1246,'Meazza','Vittorio',NULL,NULL,NULL,NULL,NULL,NULL),(1247,'Spreafico','Marco',NULL,NULL,NULL,NULL,NULL,NULL),(1248,'Sermon','Bartolomeo',NULL,NULL,NULL,NULL,NULL,NULL),(1249,'Baio','Giovanni',NULL,NULL,NULL,NULL,NULL,NULL),(1250,'Baron','Stefano',NULL,NULL,NULL,NULL,NULL,NULL),(1251,'Di biase','Antonio',NULL,NULL,NULL,NULL,NULL,NULL),(1252,'De ponti','Luca attilio',NULL,NULL,NULL,NULL,NULL,NULL),(1253,'Liberatore','Gregorio',NULL,NULL,NULL,NULL,NULL,NULL),(1254,'Benedetti','Omar',NULL,NULL,NULL,NULL,NULL,NULL),(1255,'Colombo','Raffaele',NULL,NULL,NULL,NULL,NULL,NULL),(1256,'Bertagnin','Cosetta',NULL,NULL,NULL,NULL,NULL,NULL),(1257,'Viviano','Daniela',NULL,NULL,NULL,NULL,NULL,NULL),(1258,'Lastrucci','Sauro',NULL,NULL,NULL,NULL,NULL,NULL),(1259,'Casulini','Stefano',NULL,NULL,NULL,NULL,NULL,NULL),(1260,'Riccardi','Flavio',NULL,NULL,NULL,NULL,NULL,NULL),(1261,'Console','Nicola',NULL,NULL,NULL,NULL,NULL,NULL),(1262,'Belardi','Vincenzo',NULL,NULL,NULL,NULL,NULL,NULL),(1263,'Gamba','Francesco',NULL,NULL,NULL,NULL,NULL,NULL),(1264,'cardarelli','cristiana',NULL,NULL,NULL,NULL,NULL,NULL),(1265,'Carlei','Carlo',NULL,NULL,NULL,NULL,NULL,NULL),(1266,'Corengia','Luca',NULL,NULL,NULL,NULL,NULL,NULL),(1267,'Lapadula','Marianna',NULL,NULL,NULL,NULL,NULL,NULL),(1268,'Prandin','Guido',NULL,NULL,NULL,NULL,NULL,NULL),(1269,'Bernard','Luca',NULL,NULL,NULL,NULL,NULL,NULL),(1270,'Airaldi','Sonia',NULL,NULL,NULL,NULL,NULL,NULL),(1271,'De battista','Rudi',NULL,NULL,NULL,NULL,NULL,NULL),(1272,'Lotti','Chiara',NULL,NULL,NULL,NULL,NULL,NULL),(1273,'Bettinsoli','Manuel',NULL,NULL,NULL,NULL,NULL,NULL),(1274,'Manfredi','Luca marco',NULL,NULL,NULL,NULL,NULL,NULL),(1275,'Beretta','Nicola',NULL,NULL,NULL,NULL,NULL,NULL),(1276,'Polli','Andrea',NULL,NULL,NULL,NULL,NULL,NULL),(1277,'Andrea','Andrea',NULL,NULL,NULL,NULL,NULL,NULL),(1278,'Canevara','Giovanni',NULL,NULL,NULL,NULL,NULL,NULL),(1279,'Guanzini','Monica',NULL,NULL,NULL,NULL,NULL,NULL),(1280,'Zanfrini','Maurizio',NULL,NULL,NULL,NULL,NULL,NULL),(1281,'Marazzi','Monica',NULL,NULL,NULL,NULL,NULL,NULL),(1282,'Buglisi','Francesco',NULL,NULL,NULL,NULL,NULL,NULL),(1283,'Cervini','Patrizia',NULL,NULL,NULL,NULL,NULL,NULL),(1284,'Marchetti','Mario',NULL,NULL,NULL,NULL,NULL,NULL),(1285,'Enrico','Enrico ulisse',NULL,NULL,NULL,NULL,NULL,NULL),(1286,'Vacchetti','Gianangelo',NULL,NULL,NULL,NULL,NULL,NULL),(1287,'Celeste','Calogero',NULL,NULL,NULL,NULL,NULL,NULL),(1288,'Bordoli','Davide',NULL,NULL,NULL,NULL,NULL,NULL),(1289,'Ferrari','Marco',NULL,NULL,NULL,NULL,NULL,NULL),(1290,'Leoni','Edoardo',NULL,NULL,NULL,NULL,NULL,NULL),(1291,'Colace','Carlo',NULL,NULL,NULL,NULL,NULL,NULL),(1292,'Rinaldi','Francesca',NULL,NULL,NULL,NULL,NULL,NULL),(1293,'Reyes','Carolina',NULL,NULL,NULL,NULL,NULL,NULL),(1294,'Murgia','Fabio',NULL,NULL,NULL,NULL,NULL,NULL),(1295,'Garbi','Angelo',NULL,NULL,NULL,NULL,NULL,NULL),(1296,'Sbardolini','Andrea',NULL,NULL,NULL,NULL,NULL,NULL),(1297,'Ferrari','Ezio',NULL,NULL,NULL,NULL,NULL,NULL),(1298,'Borrelli','Luigi',NULL,NULL,NULL,NULL,NULL,NULL),(1299,'Guerra','Agata',NULL,NULL,NULL,NULL,NULL,NULL),(1300,'Pagano','Giuseppe',NULL,NULL,NULL,NULL,NULL,NULL),(1301,'Arioli','Pietro',NULL,NULL,NULL,NULL,NULL,NULL),(1302,'Marini','Franco',NULL,NULL,NULL,NULL,NULL,NULL),(1303,'Pilotto','Massimo',NULL,NULL,NULL,NULL,NULL,NULL),(1304,'Pagani','Mario',NULL,NULL,NULL,NULL,NULL,NULL),(1305,'Pascale','Virginia luisella',NULL,NULL,NULL,NULL,NULL,NULL),(1306,'Goggia','Matteo',NULL,NULL,NULL,NULL,NULL,NULL),(1307,'Artuso','Fabrizio francesco',NULL,NULL,NULL,NULL,NULL,NULL),(1308,'Fiorenza','Gerardo',NULL,NULL,NULL,NULL,NULL,NULL),(1309,'Vianelli','Dessivo',NULL,NULL,NULL,NULL,NULL,NULL),(1310,'Amoriello','Maria luisa',NULL,NULL,NULL,NULL,NULL,NULL),(1311,'Micalizzi','Francesco',NULL,NULL,NULL,NULL,NULL,NULL),(1312,'Rubino','Antonio vito',NULL,NULL,NULL,NULL,NULL,NULL),(1313,'Solivari','Fabio gabriele',NULL,NULL,NULL,NULL,NULL,NULL),(1314,'Reggiani','Alberto',NULL,NULL,NULL,NULL,NULL,NULL),(1315,'Taietti','Flavio',NULL,NULL,NULL,NULL,NULL,NULL),(1316,'Tieghi','Eleuterio',NULL,NULL,NULL,NULL,NULL,NULL),(1317,'Oranges','Maurizio',NULL,NULL,NULL,NULL,NULL,NULL),(1318,'Bonfe','Valter',NULL,NULL,NULL,NULL,NULL,NULL),(1319,'Volpe','Costantino',NULL,NULL,NULL,NULL,NULL,NULL),(1320,'Palladini','Alberto',NULL,NULL,NULL,NULL,NULL,NULL),(1321,'Turati','Silvano',NULL,NULL,NULL,NULL,NULL,NULL),(1322,'MARIUCCI','MAURO',NULL,NULL,NULL,NULL,NULL,NULL),(1323,'Paulillo','Antonio',NULL,NULL,NULL,NULL,NULL,NULL),(1324,'Decempirale','Giuseppe',NULL,NULL,NULL,NULL,NULL,NULL),(1325,'Cristina','Fulvio',NULL,NULL,NULL,NULL,NULL,NULL),(1326,'Scaccabarozzi','Corrado',NULL,NULL,NULL,NULL,NULL,NULL),(1327,'Quondamatteo','Francesco',NULL,NULL,NULL,NULL,NULL,NULL),(1328,'Duci','Giovanni',NULL,NULL,NULL,NULL,NULL,NULL),(1329,'Carrozzo','Emiliano',NULL,NULL,NULL,NULL,NULL,NULL),(1330,'Volpara','Daniela margherita',NULL,NULL,NULL,NULL,NULL,NULL),(1331,'Valenzano','Chiara',NULL,NULL,NULL,NULL,NULL,NULL),(1332,'Viscardi','Giuseppe',NULL,NULL,NULL,NULL,NULL,NULL),(1333,'Villa','Enzo',NULL,NULL,NULL,NULL,NULL,NULL),(1334,'Dolci','Francesco dario',NULL,NULL,NULL,NULL,NULL,NULL),(1335,'Scaglione','Sebastiano',NULL,NULL,NULL,NULL,NULL,NULL),(1336,'Sgura','Pietro',NULL,NULL,NULL,NULL,NULL,NULL),(1337,'Raglione','Roberto',NULL,NULL,NULL,NULL,NULL,NULL),(1338,'Cilli','Guerino',NULL,NULL,NULL,NULL,NULL,NULL),(1339,'Tantari','Antonio',NULL,NULL,NULL,NULL,NULL,NULL),(1340,'Colombo','Monica',NULL,NULL,NULL,NULL,NULL,NULL),(1341,'Dell\'avo','Andrea',NULL,NULL,NULL,NULL,NULL,NULL),(1342,'Pozzi','Paolo',NULL,NULL,NULL,NULL,NULL,NULL),(1343,'Avigo','Olga',NULL,NULL,NULL,NULL,NULL,NULL),(1344,'Motta','Luca',NULL,NULL,NULL,NULL,NULL,NULL),(1345,'Cambiaghi','Simone',NULL,NULL,NULL,NULL,NULL,NULL),(1346,'Bianchi','Laura',NULL,NULL,NULL,NULL,NULL,NULL),(1347,'Fallavollita','Francesco',NULL,NULL,NULL,NULL,NULL,NULL),(1348,'Ismari','Roberto',NULL,NULL,NULL,NULL,NULL,NULL),(1349,'Comparato','Vincenzo',NULL,NULL,NULL,NULL,NULL,NULL),(1350,'Zappaterra','Franco',NULL,NULL,NULL,NULL,NULL,NULL),(1351,'Zingoni','Alessio',NULL,NULL,NULL,NULL,NULL,NULL),(1352,'Bianchi','Alessandro',NULL,NULL,NULL,NULL,NULL,NULL),(1353,'Giraudo','Alessandra',NULL,NULL,NULL,NULL,NULL,NULL),(1354,'Roccella','Giovanni maurizio',NULL,NULL,NULL,NULL,NULL,NULL),(1355,'Peppucci','Matteo',NULL,NULL,NULL,NULL,NULL,NULL),(1356,'Barbera','Gabriele',NULL,NULL,NULL,NULL,NULL,NULL),(1357,'Lombardoni','Michela',NULL,NULL,NULL,NULL,NULL,NULL),(1358,'Zanetta','Matteo',NULL,NULL,NULL,NULL,NULL,NULL),(1359,'Caramatti','Saverio',NULL,NULL,NULL,NULL,NULL,NULL),(1360,'Hanga','Paul',NULL,NULL,NULL,NULL,NULL,NULL),(1361,'Osso','Vincenzo',NULL,NULL,NULL,NULL,NULL,NULL),(1362,'Baratteri','Dario',NULL,NULL,NULL,NULL,NULL,NULL),(1363,'Gasser','Christian',NULL,NULL,NULL,NULL,NULL,NULL),(1364,'Freo','Pierpaolo',NULL,NULL,NULL,NULL,NULL,NULL),(1365,'Guidi','Assunta',NULL,NULL,NULL,NULL,NULL,NULL),(1366,'Vitale','Valentino',NULL,NULL,NULL,NULL,NULL,NULL),(1367,'Leonardi','Michele',NULL,NULL,NULL,NULL,NULL,NULL),(1368,'Cocchiararo','Fabrizio',NULL,NULL,NULL,NULL,NULL,NULL),(1369,'Manera','Davide',NULL,NULL,NULL,NULL,NULL,NULL),(1370,'Lucato','Marco',NULL,NULL,NULL,NULL,NULL,NULL),(1371,'Cabello','Alessio',NULL,NULL,NULL,NULL,NULL,NULL),(1372,'Franco','Adriano',NULL,NULL,NULL,NULL,NULL,NULL),(1373,'Zelger','Rainer',NULL,NULL,NULL,NULL,NULL,NULL),(1374,'Scarchilli','Daniele',NULL,NULL,NULL,NULL,NULL,NULL),(1375,'Invernizzi','Nicoletta',NULL,NULL,NULL,NULL,NULL,NULL),(1376,'Amato','Luisa',NULL,NULL,NULL,NULL,NULL,NULL),(1377,'Mentasti','Marco',NULL,NULL,NULL,NULL,NULL,NULL),(1378,'Rattini','Lorenzo',NULL,NULL,NULL,NULL,NULL,NULL),(1379,'Dal brun','Pier antonio',NULL,NULL,NULL,NULL,NULL,NULL),(1380,'Crespi','Luca',NULL,NULL,NULL,NULL,NULL,NULL),(1381,'GARDA','MARCO',NULL,NULL,NULL,NULL,NULL,NULL),(1382,'Primavesi','Stefano',NULL,NULL,NULL,NULL,NULL,NULL),(1383,'Ferri','Fabio francesco',NULL,NULL,NULL,NULL,NULL,NULL),(1384,'Castiello','Mario',NULL,NULL,NULL,NULL,NULL,NULL),(1385,'Silvano','Colombo',NULL,NULL,NULL,NULL,NULL,NULL),(1386,'Rossi','Pierpaolo',NULL,NULL,NULL,NULL,NULL,NULL),(1387,'Barbieri','Michele',NULL,NULL,NULL,NULL,NULL,NULL),(1388,'Galizio','Fabio',NULL,NULL,NULL,NULL,NULL,NULL),(1389,'Patanè','Giuseppe',NULL,NULL,NULL,NULL,NULL,NULL),(1390,'Magni','Marco',NULL,NULL,NULL,NULL,NULL,NULL),(1391,'Cantù','Lorenzo',NULL,NULL,NULL,NULL,NULL,NULL),(1392,'Martinetti','Giorgio',NULL,NULL,NULL,NULL,NULL,NULL),(1393,'Gaggioli','Valeria',NULL,NULL,NULL,NULL,NULL,NULL),(1394,'Ghizzoni','Simone',NULL,NULL,NULL,NULL,NULL,NULL),(1395,'Ceruti','Stefania',NULL,NULL,NULL,NULL,NULL,NULL),(1396,'Del tordello','Daniela',NULL,NULL,NULL,NULL,NULL,NULL),(1397,'Bonomelli','Laura',NULL,NULL,NULL,NULL,NULL,NULL),(1398,'Costamagna','Giuseppe',NULL,NULL,NULL,NULL,NULL,NULL),(1399,'Prandi','Davide',NULL,NULL,NULL,NULL,NULL,NULL),(1400,'Zulian','Lavinia',NULL,NULL,NULL,NULL,NULL,NULL),(1401,'Morando','Gaetano',NULL,NULL,NULL,NULL,NULL,NULL),(1402,'Stefanini','Sandro',NULL,NULL,NULL,NULL,NULL,NULL),(1403,'Brigatti','Ivan',NULL,NULL,NULL,NULL,NULL,NULL),(1404,'Vimercati','Marta',NULL,NULL,NULL,NULL,NULL,NULL),(1405,'Corinti','Federico',NULL,NULL,NULL,NULL,NULL,NULL),(1406,'Pirola','Mario',NULL,NULL,NULL,NULL,NULL,NULL),(1407,'Marelli','Alberto',NULL,NULL,NULL,NULL,NULL,NULL),(1408,'Ioanni','Giancarlo',NULL,NULL,NULL,NULL,NULL,NULL),(1409,'Alberio','Pierpaolo',NULL,NULL,NULL,NULL,NULL,NULL),(1410,'Raimondi','Luciano maria',NULL,NULL,NULL,NULL,NULL,NULL),(1411,'Armando','Erik',NULL,NULL,NULL,NULL,NULL,NULL),(1412,'Del gaudio','Irene',NULL,NULL,NULL,NULL,NULL,NULL),(1413,'Ferraretto','Fabrizio',NULL,NULL,NULL,NULL,NULL,NULL),(1414,'Sarzi amade','Erica',NULL,NULL,NULL,NULL,NULL,NULL),(1415,'Agostinelli','Paola',NULL,NULL,NULL,NULL,NULL,NULL),(1416,'Galasso','Ruggero',NULL,NULL,NULL,NULL,NULL,NULL),(1417,'Bagnasco','Virgilio',NULL,NULL,NULL,NULL,NULL,NULL),(1418,'Paradiso','Antonino',NULL,NULL,NULL,NULL,NULL,NULL),(1419,'Businaro','Dario',NULL,NULL,NULL,NULL,NULL,NULL),(1420,'Pullino','Domenico',NULL,NULL,NULL,NULL,NULL,NULL),(1421,'vincenti','michele',NULL,NULL,NULL,NULL,NULL,NULL),(1422,'Merola','Aniello',NULL,NULL,NULL,NULL,NULL,NULL),(1423,'Bollito','Sabrina',NULL,NULL,NULL,NULL,NULL,NULL),(1424,'Isella','Mariagiulia',NULL,NULL,NULL,NULL,NULL,NULL),(1425,'Fedeli','Raul enzo',NULL,NULL,NULL,NULL,NULL,NULL),(1426,'Pillai','Veronica',NULL,NULL,NULL,NULL,NULL,NULL),(1427,'Rossino','Prospero',NULL,NULL,NULL,NULL,NULL,NULL),(1428,'Pesci','Daniele',NULL,NULL,NULL,NULL,NULL,NULL),(1429,'Ferrara','Giuseppe',NULL,NULL,NULL,NULL,NULL,NULL),(1430,'Maglione','Marco',NULL,NULL,NULL,NULL,NULL,NULL),(1431,'Meloni','Emanuele',NULL,NULL,NULL,NULL,NULL,NULL),(1432,'Sartori','Riccardo',NULL,NULL,NULL,NULL,NULL,NULL),(1433,'Rivolta','Marco',NULL,NULL,NULL,NULL,NULL,NULL),(1434,'Battocchi','Fabiana',NULL,NULL,NULL,NULL,NULL,NULL),(1435,'Allorto','Enrico',NULL,NULL,NULL,NULL,NULL,NULL),(1436,'Marmiroli','Martina',NULL,NULL,NULL,NULL,NULL,NULL),(1437,'Galli','Giulio',NULL,NULL,NULL,NULL,NULL,NULL),(1438,'Iacchetti','Paolo',NULL,NULL,NULL,NULL,NULL,NULL),(1439,'Garofoli','Jean marie',NULL,NULL,NULL,NULL,NULL,NULL),(1440,'De florio','Marco',NULL,NULL,NULL,NULL,NULL,NULL),(1441,'Librandi','Davide',NULL,NULL,NULL,NULL,NULL,NULL),(1442,'Conti','Alessandra',NULL,NULL,NULL,NULL,NULL,NULL),(1443,'Mazziotti','Francesco',NULL,NULL,NULL,NULL,NULL,NULL),(1444,'Locati','Alberto',NULL,NULL,NULL,NULL,NULL,NULL),(1445,'Pepe','Massimo',NULL,NULL,NULL,NULL,NULL,NULL),(1446,'Cordioli','Lucia',NULL,NULL,NULL,NULL,NULL,NULL),(1447,'Visioli','Giampaolo',NULL,NULL,NULL,NULL,NULL,NULL),(1448,'Marcolli','Ernesto',NULL,NULL,NULL,NULL,NULL,NULL),(1449,'Giorgi','Gian fedele',NULL,NULL,NULL,NULL,NULL,NULL),(1450,'Giordano','Stefano biagio',NULL,NULL,NULL,NULL,NULL,NULL),(1451,'Cellini','Giovanna',NULL,NULL,NULL,NULL,NULL,NULL),(1452,'Tolotta','Massimiliano',NULL,NULL,NULL,NULL,NULL,NULL),(1453,'Vertemara','Giorgio',NULL,NULL,NULL,NULL,NULL,NULL),(1454,'Di stefano','Valerio',NULL,NULL,NULL,NULL,NULL,NULL),(1455,'Rossetto','Alessandro',NULL,NULL,NULL,NULL,NULL,NULL),(1456,'Montini','Fiore',NULL,NULL,NULL,NULL,NULL,NULL),(1457,'Fiorelli','Umberto',NULL,NULL,NULL,NULL,NULL,NULL),(1458,'Amante','Daniele',NULL,NULL,NULL,NULL,NULL,NULL),(1459,'Gitto','Laura',NULL,NULL,NULL,NULL,NULL,NULL),(1460,'Catella','Carla maria',NULL,NULL,NULL,NULL,NULL,NULL),(1461,'Consonni','Ariberto',NULL,NULL,NULL,NULL,NULL,NULL),(1462,'Pupulin','Paolo',NULL,NULL,NULL,NULL,NULL,NULL),(1463,'Tavola','Paolo',NULL,NULL,NULL,NULL,NULL,NULL),(1464,'Isoldi','Gerardo',NULL,NULL,NULL,NULL,NULL,NULL),(1465,'Vigorelli','Manila',NULL,NULL,NULL,NULL,NULL,NULL),(1466,'Buffardi','Luca',NULL,NULL,NULL,NULL,NULL,NULL),(1467,'Seghetti','Erika',NULL,NULL,NULL,NULL,NULL,NULL),(1468,'Ravizzoli','Marco',NULL,NULL,NULL,NULL,NULL,NULL),(1469,'Galetto','Diego',NULL,NULL,NULL,NULL,NULL,NULL),(1470,'Volpato','Mattia',NULL,NULL,NULL,NULL,NULL,NULL),(1471,'Iacoella','Alessandra',NULL,NULL,NULL,NULL,NULL,NULL),(1472,'Adami','Mattia',NULL,NULL,NULL,NULL,NULL,NULL),(1473,'Ferrario','Massimo',NULL,NULL,NULL,NULL,NULL,NULL),(1474,'Petrella','Andrea',NULL,NULL,NULL,NULL,NULL,NULL),(1475,'Biassoni','Domenico',NULL,NULL,NULL,NULL,NULL,NULL),(1476,'Sau','Stefania',NULL,NULL,NULL,NULL,NULL,NULL),(1477,'Nava','Marco',NULL,NULL,NULL,NULL,NULL,NULL),(1478,'Venturi','Gian luca',NULL,NULL,NULL,NULL,NULL,NULL),(1479,'Loke','Ana maria',NULL,NULL,NULL,NULL,NULL,NULL),(1480,'Lubelli','Marco',NULL,NULL,NULL,NULL,NULL,NULL),(1481,'Casellato','Lorenza',NULL,NULL,NULL,NULL,NULL,NULL),(1482,'Bottarini','Michela',NULL,NULL,NULL,NULL,NULL,NULL),(1483,'Arietta','Sebastiano',NULL,NULL,NULL,NULL,NULL,NULL),(1484,'Vernocchi','Gian luca',NULL,NULL,NULL,NULL,NULL,NULL),(1485,'Nurra','Raffaele',NULL,NULL,NULL,NULL,NULL,NULL),(1486,'Bandera','Dario',NULL,NULL,NULL,NULL,NULL,NULL),(1487,'Andrea nicolé','Andrea nicolé',NULL,NULL,NULL,NULL,NULL,NULL),(1488,'Rubino','Giuseppe',NULL,NULL,NULL,NULL,NULL,NULL),(1489,'Gotti','Giovanni',NULL,NULL,NULL,NULL,NULL,NULL),(1490,'Zanelli','Martina',NULL,NULL,NULL,NULL,NULL,NULL),(1491,'Malgorani','Francesca',NULL,NULL,NULL,NULL,NULL,NULL),(1492,'Baracchi','Davide',NULL,NULL,NULL,NULL,NULL,NULL),(1493,'Perego','Marta luisa',NULL,NULL,NULL,NULL,NULL,NULL),(1494,'Uboldi','Giovanni',NULL,NULL,NULL,NULL,NULL,NULL),(1495,'Rizzato','Ilaria',NULL,NULL,NULL,NULL,NULL,NULL),(1496,'Marzorati','Luca',NULL,NULL,NULL,NULL,NULL,NULL),(1497,'Martinetti','Ermanno',NULL,NULL,NULL,NULL,NULL,NULL),(1498,'Abatucci','Sofia',NULL,NULL,NULL,NULL,NULL,NULL),(1499,'Bellomo','Debora',NULL,NULL,NULL,NULL,NULL,NULL),(1500,'ferrari','walter',NULL,NULL,NULL,NULL,NULL,NULL),(1501,'Dell\'oro','Monica',NULL,NULL,NULL,NULL,NULL,NULL),(1502,'Pelucchi','Alessandro',NULL,NULL,NULL,NULL,NULL,NULL),(1503,'Oliveto','Igino',NULL,NULL,NULL,NULL,NULL,NULL),(1504,'Invernizzi','Massimiliano',NULL,NULL,NULL,NULL,NULL,NULL),(1505,'Scinetti','Fabrizio',NULL,NULL,NULL,NULL,NULL,NULL),(1506,'Dell\'Adami de tarczalT','Rhaetia',NULL,NULL,NULL,NULL,NULL,NULL),(1507,'Antonacci','Luciano',NULL,NULL,NULL,NULL,NULL,NULL),(1508,'Colella','Dario',NULL,NULL,NULL,NULL,NULL,NULL),(1509,'Grisi','Matteo',NULL,NULL,NULL,NULL,NULL,NULL),(1510,'Bolzonella','Nico',NULL,NULL,NULL,NULL,NULL,NULL),(1511,'Mitrovic','Mario',NULL,NULL,NULL,NULL,NULL,NULL),(1512,'Bianchella','Davide',NULL,NULL,NULL,NULL,NULL,NULL),(1513,'Torretta','Tatiana',NULL,NULL,NULL,NULL,NULL,NULL),(1514,'Milesi','Elena',NULL,NULL,NULL,NULL,NULL,NULL),(1515,'Bellotti','Katiuscia',NULL,NULL,NULL,NULL,NULL,NULL),(1516,'Giardini','Romano',NULL,NULL,NULL,NULL,NULL,NULL),(1517,'Lastella','Marcello',NULL,NULL,NULL,NULL,NULL,NULL),(1518,'Pasqual','Margherita',NULL,NULL,NULL,NULL,NULL,NULL),(1519,'Mazzola','Anita',NULL,NULL,NULL,NULL,NULL,NULL),(1520,'Selva','Alessa',NULL,NULL,NULL,NULL,NULL,NULL),(1521,'Maffei','Antonio',NULL,NULL,NULL,NULL,NULL,NULL),(1522,'Guatteri','Marco',NULL,NULL,NULL,NULL,NULL,NULL),(1523,'Bettinelli','Romano mosè',NULL,NULL,NULL,NULL,NULL,NULL),(1524,'Lubreto','Daniela',NULL,NULL,NULL,NULL,NULL,NULL),(1525,'Barbaro','Giovanna',NULL,NULL,NULL,NULL,NULL,NULL),(1526,'Crosetti','Fausto',NULL,NULL,NULL,NULL,NULL,NULL),(1527,'Ferrara','Andrea stefano',NULL,NULL,NULL,NULL,NULL,NULL),(1528,'Scattone','Mario',NULL,NULL,NULL,NULL,NULL,NULL),(1529,'Macciò','Giulia',NULL,NULL,NULL,NULL,NULL,NULL),(1530,'Mazzoleni','Pietro',NULL,NULL,NULL,NULL,NULL,NULL),(1531,'Neira','Piero',NULL,NULL,NULL,NULL,NULL,NULL),(1532,'Esposito','Amedeo wolfango',NULL,NULL,NULL,NULL,NULL,NULL),(1533,'Besozzi','Giulia',NULL,NULL,NULL,NULL,NULL,NULL),(1534,'Napoli','Giuseppe',NULL,NULL,NULL,NULL,NULL,NULL),(1535,'Oreto','Gianluca',NULL,NULL,NULL,NULL,NULL,NULL),(1536,'Pagano','Gabriele',NULL,NULL,NULL,NULL,NULL,NULL),(1537,'Valzer','Giordano',NULL,NULL,NULL,NULL,NULL,NULL),(1538,'Ciocco','Renzo',NULL,NULL,NULL,NULL,NULL,NULL),(1539,'Massimo','Merlino',NULL,NULL,NULL,NULL,NULL,NULL),(1540,'Corbo','Ruben',NULL,NULL,NULL,NULL,NULL,NULL),(1541,'Gnocchi','Alessio',NULL,NULL,NULL,NULL,NULL,NULL),(1542,'Ioppolo','Valerio',NULL,NULL,NULL,NULL,NULL,NULL),(1543,'Destriero','Antonio',NULL,NULL,NULL,NULL,NULL,NULL),(1544,'Barcellone','Raffaele',NULL,NULL,NULL,NULL,NULL,NULL),(1545,'Ferrari','Emanuele',NULL,NULL,NULL,NULL,NULL,NULL),(1546,'Dotoli','Giovanni',NULL,NULL,NULL,NULL,NULL,NULL),(1547,'Tonsi','Elena',NULL,NULL,NULL,NULL,NULL,NULL),(1548,'Roccatello','Massimo',NULL,NULL,NULL,NULL,NULL,NULL),(1549,'Milani','Sergio',NULL,NULL,NULL,NULL,NULL,NULL),(1550,'Curto','Ettore',NULL,NULL,NULL,NULL,NULL,NULL),(1551,'Agoni','Ermes',NULL,NULL,NULL,NULL,NULL,NULL),(1552,'Pezzoli','Sergio',NULL,NULL,NULL,NULL,NULL,NULL),(1553,'Colombi','Diana',NULL,NULL,NULL,NULL,NULL,NULL),(1554,'Vezzosi','Gaia',NULL,NULL,NULL,NULL,NULL,NULL),(1555,'Colombo','Mario',NULL,NULL,NULL,NULL,NULL,NULL),(1556,'Alfano','Tarquinia',NULL,NULL,NULL,NULL,NULL,NULL),(1557,'Agnusdei','Luca',NULL,NULL,NULL,NULL,NULL,NULL),(1558,'Antonietti','Massimo',NULL,NULL,NULL,NULL,NULL,NULL),(1559,'Porcu','Simone',NULL,NULL,NULL,NULL,NULL,NULL),(1560,'Maritano','Marta',NULL,NULL,NULL,NULL,NULL,NULL),(1561,'Russo','giovanni',NULL,NULL,NULL,NULL,NULL,NULL),(1562,'Rigo','Isabella',NULL,NULL,NULL,NULL,NULL,NULL),(1563,'Mambella','Massimiliano',NULL,NULL,NULL,NULL,NULL,NULL),(1564,'Noli','Angelo',NULL,NULL,NULL,NULL,NULL,NULL),(1565,'Scanu','Alessia',NULL,NULL,NULL,NULL,NULL,NULL),(1566,'Busi','Alex',NULL,NULL,NULL,NULL,NULL,NULL),(1567,'Conterio','Bartolomeo',NULL,NULL,NULL,NULL,NULL,NULL),(1568,'Zaia','Alberto',NULL,NULL,NULL,NULL,NULL,NULL),(1569,'Configliacco buffar','Gianni',NULL,NULL,NULL,NULL,NULL,NULL),(1570,'Ceccattini','Gianni',NULL,NULL,NULL,NULL,NULL,NULL),(1571,'Frigerio','Francesco',NULL,NULL,NULL,NULL,NULL,NULL),(1572,'Saderi','Ivan',NULL,NULL,NULL,NULL,NULL,NULL),(1573,'Martini','Roberta',NULL,NULL,NULL,NULL,NULL,NULL),(1574,'Lurati','Federico',NULL,NULL,NULL,NULL,NULL,NULL),(1575,'Petrolito','Andrea',NULL,NULL,NULL,NULL,NULL,NULL),(1576,'Petrasso','Carlo',NULL,NULL,NULL,NULL,NULL,NULL),(1577,'Perilli','Francesco',NULL,NULL,NULL,NULL,NULL,NULL),(1578,'Garabello','Daniela',NULL,NULL,NULL,NULL,NULL,NULL),(1579,'Spagliardi','Roberto franco',NULL,NULL,NULL,NULL,NULL,NULL),(1580,'Giau','Giuseppe',NULL,NULL,NULL,NULL,NULL,NULL),(1581,'Bignotti','Andrea',NULL,NULL,NULL,NULL,NULL,NULL),(1582,'Difrancesco','Salvatore',NULL,NULL,NULL,NULL,NULL,NULL),(1583,'Bolis','Nicola',NULL,NULL,NULL,NULL,NULL,NULL),(1584,'Bertoli','Matteo',NULL,NULL,NULL,NULL,NULL,NULL),(1585,'Lenzu','Massimiliano',NULL,NULL,NULL,NULL,NULL,NULL),(1586,'Pecchini','Roberta',NULL,NULL,NULL,NULL,NULL,NULL),(1587,'Pesenti','Carlo',NULL,NULL,NULL,NULL,NULL,NULL),(1588,'Cornacchini','Paolo',NULL,NULL,NULL,NULL,NULL,NULL),(1589,'Turco','Gianvittorio',NULL,NULL,NULL,NULL,NULL,NULL),(1590,'lo bianco','antonino',NULL,NULL,NULL,NULL,NULL,NULL),(1591,'goggi','cristiana',NULL,NULL,NULL,NULL,NULL,NULL),(1592,'Prucca','Roberto',NULL,NULL,NULL,NULL,NULL,NULL),(1593,'Menaldino','Claudio',NULL,NULL,NULL,NULL,NULL,NULL),(1594,'Pirazzini','Maurizio',NULL,NULL,NULL,NULL,NULL,NULL),(1595,'Zocco','Giuseppe hermann',NULL,NULL,NULL,NULL,NULL,NULL),(1596,'Disabato','Vito',NULL,NULL,NULL,NULL,NULL,NULL),(1597,'Orso manzonetta','Enrico',NULL,NULL,NULL,NULL,NULL,NULL),(1598,'Librizzi','Carlo',NULL,NULL,NULL,NULL,NULL,NULL),(1599,'Novaro','Flavia',NULL,NULL,NULL,NULL,NULL,NULL),(1600,'Luchetta','Davide',NULL,NULL,NULL,NULL,NULL,NULL),(1601,'Rosano','Michela',NULL,NULL,NULL,NULL,NULL,NULL),(1602,'Gori','Andrea',NULL,NULL,NULL,NULL,NULL,NULL),(1603,'Colombo','Alberto',NULL,NULL,NULL,NULL,NULL,NULL),(1604,'Leone ornago','Filippo',NULL,NULL,NULL,NULL,NULL,NULL),(1605,'Gaigher','Elena',NULL,NULL,NULL,NULL,NULL,NULL),(1606,'Battaglia','Ivan',NULL,NULL,NULL,NULL,NULL,NULL),(1607,'rapetti','Cinzia',NULL,NULL,NULL,NULL,NULL,NULL),(1608,'Bonfili','Emanuela',NULL,NULL,NULL,NULL,NULL,NULL),(1609,'Cardaropoli','Mauro',NULL,NULL,NULL,NULL,NULL,NULL),(1610,'Cuccuru','Pietrina',NULL,NULL,NULL,NULL,NULL,NULL),(1611,'Angelo emanuele','Parisi',NULL,NULL,NULL,NULL,NULL,NULL),(1612,'Castellani','Roberto',NULL,NULL,NULL,NULL,NULL,NULL),(1613,'Bettinelli','Fulvio',NULL,NULL,NULL,NULL,NULL,NULL),(1614,'Valente','Marco',NULL,NULL,NULL,NULL,NULL,NULL),(1615,'Mancin','Tomas',NULL,NULL,NULL,NULL,NULL,NULL),(1616,'Camisasca','Fabio',NULL,NULL,NULL,NULL,NULL,NULL),(1617,'Giulivi','Francesca',NULL,NULL,NULL,NULL,NULL,NULL),(1618,'Crippa','Carmine',NULL,NULL,NULL,NULL,NULL,NULL),(1619,'Guizzetti','Giovanna',NULL,NULL,NULL,NULL,NULL,NULL),(1620,'Castiglioni','Ramon',NULL,NULL,NULL,NULL,NULL,NULL),(1621,'Cucinotta','Orazio',NULL,NULL,NULL,NULL,NULL,NULL),(1622,'Grossi','Daniele',NULL,NULL,NULL,NULL,NULL,NULL),(1623,'Boscolo','Boscolo',NULL,NULL,NULL,NULL,NULL,NULL),(1624,'Stanzione','Raffaele',NULL,NULL,NULL,NULL,NULL,NULL),(1625,'Bonizzoni','Michele',NULL,NULL,NULL,NULL,NULL,NULL),(1626,'APRICI','LORENZA',NULL,NULL,NULL,NULL,NULL,NULL),(1627,'Cariello','Giuseppe',NULL,NULL,NULL,NULL,NULL,NULL),(1628,'Sergi','Vincenzo',NULL,NULL,NULL,NULL,NULL,NULL),(1629,'Crispiatico','Edoardo',NULL,NULL,NULL,NULL,NULL,NULL),(1630,'Ciacci','Maria serenella',NULL,NULL,NULL,NULL,NULL,NULL),(1631,'Micheletti','Giuseppe',NULL,NULL,NULL,NULL,NULL,NULL),(1632,'Iannopullo','Fabrizio',NULL,NULL,NULL,NULL,NULL,NULL),(1633,'Bonzi','Daniele',NULL,NULL,NULL,NULL,NULL,NULL),(1634,'Ghittori','Simona',NULL,NULL,NULL,NULL,NULL,NULL),(1635,'Rusconi','Paola',NULL,NULL,NULL,NULL,NULL,NULL),(1636,'Monti','Isabella',NULL,NULL,NULL,NULL,NULL,NULL),(1637,'Pagani','Pierangelo',NULL,NULL,NULL,NULL,NULL,NULL),(1638,'Pedemonte','Samantha',NULL,NULL,NULL,NULL,NULL,NULL),(1639,'Motta','Alberto',NULL,NULL,NULL,NULL,NULL,NULL),(1640,'Toffoletto','Roberto',NULL,NULL,NULL,NULL,NULL,NULL),(1641,'Chpiliotoff','Natacha',NULL,NULL,NULL,NULL,NULL,NULL),(1642,'Bruno','Innocenzo',NULL,NULL,NULL,NULL,NULL,NULL),(1643,'Montenegro','Cosimo',NULL,NULL,NULL,NULL,NULL,NULL),(1644,'Gramegna','Emanuele',NULL,NULL,NULL,NULL,NULL,NULL),(1645,'Famiglietti','Renzo',NULL,NULL,NULL,NULL,NULL,NULL),(1646,'Aiossa','Vincenzo',NULL,NULL,NULL,NULL,NULL,NULL),(1647,'Di natale','Andrea diego',NULL,NULL,NULL,NULL,NULL,NULL),(1648,'Aprile','Francesco',NULL,NULL,NULL,NULL,NULL,NULL),(1649,'Edifactory','Desk',NULL,NULL,NULL,NULL,NULL,NULL),(1650,'Barzaghi','Adriano',NULL,NULL,NULL,NULL,NULL,NULL),(1651,'Ghione','Paolo',NULL,NULL,NULL,NULL,NULL,NULL),(1652,'Misani','Marco',NULL,NULL,NULL,NULL,NULL,NULL),(1653,'Riva','Norberto',NULL,NULL,NULL,NULL,NULL,NULL),(1654,'Testa','Franco',NULL,NULL,NULL,NULL,NULL,NULL),(1655,'Tecco','Giovanni',NULL,NULL,NULL,NULL,NULL,NULL),(1656,'Monaco','Mario',NULL,NULL,NULL,NULL,NULL,NULL),(1657,'Lottici','Gabriele',NULL,NULL,NULL,NULL,NULL,NULL),(1658,'Stocchi','Roberto',NULL,NULL,NULL,NULL,NULL,NULL),(1659,'Flecco','Paolo de',NULL,NULL,NULL,NULL,NULL,NULL),(1660,'Grasso','Carmelo',NULL,NULL,NULL,NULL,NULL,NULL),(1661,'Tonello','Arianna',NULL,NULL,NULL,NULL,NULL,NULL),(1662,'Colombini','Alessandro',NULL,NULL,NULL,NULL,NULL,NULL),(1663,'Frosio','Michela',NULL,NULL,NULL,NULL,NULL,NULL),(1664,'Cairoli','Giuseppe',NULL,NULL,NULL,NULL,NULL,NULL),(1665,'Bo','Gianluca',NULL,NULL,NULL,NULL,NULL,NULL),(1666,'Parisio','Annamatilde',NULL,NULL,NULL,NULL,NULL,NULL),(1667,'Martinucci','Matteo',NULL,NULL,NULL,NULL,NULL,NULL),(1668,'Puricelli','Alberto',NULL,NULL,NULL,NULL,NULL,NULL),(1669,'Cerqueti','Sandro',NULL,NULL,NULL,NULL,NULL,NULL),(1670,'Cicchese','Irene',NULL,NULL,NULL,NULL,NULL,NULL),(1671,'Quattrucci','Enzo',NULL,NULL,NULL,NULL,NULL,NULL),(1672,'Mauro','Giorgio',NULL,NULL,NULL,NULL,NULL,NULL),(1673,'Dellacqua','Arianna',NULL,NULL,NULL,NULL,NULL,NULL),(1674,'Conti','Fabio',NULL,NULL,NULL,NULL,NULL,NULL),(1675,'Tarini','Francesco',NULL,NULL,NULL,NULL,NULL,NULL),(1676,'Vigano','Davide',NULL,NULL,NULL,NULL,NULL,NULL),(1677,'Livio','Nicola',NULL,NULL,NULL,NULL,NULL,NULL),(1678,'Borrelli','Agostino',NULL,NULL,NULL,NULL,NULL,NULL),(1679,'Rodaro','Michele',NULL,NULL,NULL,NULL,NULL,NULL),(1680,'Righetti','Vittorio',NULL,NULL,NULL,NULL,NULL,NULL),(1681,'Marchetti','Adriana',NULL,NULL,NULL,NULL,NULL,NULL),(1682,'Rampini','Giuseppe',NULL,NULL,NULL,NULL,NULL,NULL),(1683,'Brazzo','Marco',NULL,NULL,NULL,NULL,NULL,NULL),(1684,'Pozza','Clsudio',NULL,NULL,NULL,NULL,NULL,NULL),(1685,'Ranghetti','Stefano',NULL,NULL,NULL,NULL,NULL,NULL),(1686,'Mastantuoni','Alfonso',NULL,NULL,NULL,NULL,NULL,NULL),(1687,'Chiogna','Fabrizio',NULL,NULL,NULL,NULL,NULL,NULL),(1688,'Novara','Eugenio',NULL,NULL,NULL,NULL,NULL,NULL),(1689,'Gallo','Lorenzo',NULL,NULL,NULL,NULL,NULL,NULL),(1690,'Viscardi','Mario',NULL,NULL,NULL,NULL,NULL,NULL),(1691,'Cantamesse','Corrado',NULL,NULL,NULL,NULL,NULL,NULL),(1692,'Licatelli','Gianluca',NULL,NULL,NULL,NULL,NULL,NULL),(1693,'Renzi','Nayla',NULL,NULL,NULL,NULL,NULL,NULL),(1694,'Andrea','Rossi',NULL,NULL,NULL,NULL,NULL,NULL),(1695,'Pozzi','Francesco',NULL,NULL,NULL,NULL,NULL,NULL),(1696,'Fratus','Luca',NULL,NULL,NULL,NULL,NULL,NULL),(1697,'Dalpasso','Ivano',NULL,NULL,NULL,NULL,NULL,NULL),(1698,'Chies','Marco',NULL,NULL,NULL,NULL,NULL,NULL),(1699,'Cannone','Fabio',NULL,NULL,NULL,NULL,NULL,NULL),(1700,'Laria','Barbara',NULL,NULL,NULL,NULL,NULL,NULL),(1701,'Manlio','Manlio',NULL,NULL,NULL,NULL,NULL,NULL),(1702,'Della valle','Marco',NULL,NULL,NULL,NULL,NULL,NULL),(1703,'Fraschini','Paolo mario',NULL,NULL,NULL,NULL,NULL,NULL),(1704,'Cuccato','Enrico',NULL,NULL,NULL,NULL,NULL,NULL),(1705,'Luppi','Matteo',NULL,NULL,NULL,NULL,NULL,NULL),(1706,'Coxe','Silvio',NULL,NULL,NULL,NULL,NULL,NULL),(1707,'Palombelli','Costantino',NULL,NULL,NULL,NULL,NULL,NULL),(1708,'Iodice','Felice',NULL,NULL,NULL,NULL,NULL,NULL),(1709,'Sempio','Fabio',NULL,NULL,NULL,NULL,NULL,NULL),(1710,'Olivetti','Simone',NULL,NULL,NULL,NULL,NULL,NULL),(1711,'Oddi','Floriana',NULL,NULL,NULL,NULL,NULL,NULL),(1712,'Mangili','Luisa',NULL,NULL,NULL,NULL,NULL,NULL),(1713,'Marzoni','Maria caterina',NULL,NULL,NULL,NULL,NULL,NULL),(1714,'Cordera','Alessio',NULL,NULL,NULL,NULL,NULL,NULL),(1715,'Giacomelli','Corrado',NULL,NULL,NULL,NULL,NULL,NULL),(1716,'Elia','Irene',NULL,NULL,NULL,NULL,NULL,NULL),(1717,'Greppi','Donato',NULL,NULL,NULL,NULL,NULL,NULL),(1718,'Amodeo','Anna rita',NULL,NULL,NULL,NULL,NULL,NULL),(1719,'Gugole','Diego',NULL,NULL,NULL,NULL,NULL,NULL),(1720,'Terribile','Catrina',NULL,NULL,NULL,NULL,NULL,NULL),(1721,'Criseo','Sandro',NULL,NULL,NULL,NULL,NULL,NULL),(1722,'D\'alessandro matteodo','Marco',NULL,NULL,NULL,NULL,NULL,NULL),(1723,'Spadoni','Luiselle',NULL,NULL,NULL,NULL,NULL,NULL),(1724,'Murano','Mario',NULL,NULL,NULL,NULL,NULL,NULL),(1725,'Roy','Jim',NULL,NULL,NULL,NULL,NULL,NULL),(1726,'Gironi','Alessandro',NULL,NULL,NULL,NULL,NULL,NULL),(1727,'Santori','Arturo',NULL,NULL,NULL,NULL,NULL,NULL),(1728,'Gambalonga','Gianfranco',NULL,NULL,NULL,NULL,NULL,NULL),(1729,'Lavagna','Matteo',NULL,NULL,NULL,NULL,NULL,NULL),(1730,'Filipponi','Silvia',NULL,NULL,NULL,NULL,NULL,NULL),(1731,'Mauri','Lorenzo',NULL,NULL,NULL,NULL,NULL,NULL),(1732,'Totolo','Andrea',NULL,NULL,NULL,NULL,NULL,NULL),(1733,'Quadri','Ivan',NULL,NULL,NULL,NULL,NULL,NULL),(1734,'Salute','Antonio',NULL,NULL,NULL,NULL,NULL,NULL),(1735,'Papillo','Rocco',NULL,NULL,NULL,NULL,NULL,NULL),(1736,'Samarati','Vittorio',NULL,NULL,NULL,NULL,NULL,NULL),(1737,'Pugliese','Maurizio',NULL,NULL,NULL,NULL,NULL,NULL),(1738,'Cannao','Alberto',NULL,NULL,NULL,NULL,NULL,NULL),(1739,'Caccia dominioni','Matteo',NULL,NULL,NULL,NULL,NULL,NULL),(1740,'Risi','Carlo',NULL,NULL,NULL,NULL,NULL,NULL),(1741,'Maj','Giorgio',NULL,NULL,NULL,NULL,NULL,NULL),(1742,'Franchini','Federica',NULL,NULL,NULL,NULL,NULL,NULL),(1743,'Nava','Carlo',NULL,NULL,NULL,NULL,NULL,NULL),(1744,'Caso','Fabio',NULL,NULL,NULL,NULL,NULL,NULL),(1745,'Perini','Vittorio',NULL,NULL,NULL,NULL,NULL,NULL),(1746,'Lorenzetti','Alfio',NULL,NULL,NULL,NULL,NULL,NULL),(1747,'Allevi','Chiara',NULL,NULL,NULL,NULL,NULL,NULL),(1748,'Petralia','Maria',NULL,NULL,NULL,NULL,NULL,NULL),(1749,'Masciocchi','Piermario',NULL,NULL,NULL,NULL,NULL,NULL),(1750,'Gaffuri','Fabio',NULL,NULL,NULL,NULL,NULL,NULL),(1751,'Schiesaro','Enrico',NULL,NULL,NULL,NULL,NULL,NULL),(1752,'Viscardi','Arturo',NULL,NULL,NULL,NULL,NULL,NULL),(1753,'Re','Stefano',NULL,NULL,NULL,NULL,NULL,NULL),(1754,'Danne','Fabio',NULL,NULL,NULL,NULL,NULL,NULL),(1755,'Cordola','Renato',NULL,NULL,NULL,NULL,NULL,NULL),(1756,'Rigoni','Martina',NULL,NULL,NULL,NULL,NULL,NULL),(1757,'Zanetto','Luca',NULL,NULL,NULL,NULL,NULL,NULL),(1758,'Galimberti','Daniele',NULL,NULL,NULL,NULL,NULL,NULL),(1759,'Villa','Fabrizio',NULL,NULL,NULL,NULL,NULL,NULL),(1760,'Abbate','Marco',NULL,NULL,NULL,NULL,NULL,NULL),(1761,'Brusa','Anna',NULL,NULL,NULL,NULL,NULL,NULL),(1762,'Pastore','Luigi',NULL,NULL,NULL,NULL,NULL,NULL),(1763,'Ferrara','Rossana',NULL,NULL,NULL,NULL,NULL,NULL),(1764,'Nicoletti','Enrico',NULL,NULL,NULL,NULL,NULL,NULL),(1765,'Bosia','Tiziana',NULL,NULL,NULL,NULL,NULL,NULL),(1766,'Pezzi','Tommaso',NULL,NULL,NULL,NULL,NULL,NULL),(1767,'Forte','Giuseppina',NULL,NULL,NULL,NULL,NULL,NULL),(1768,'Petrioli','Paolo',NULL,NULL,NULL,NULL,NULL,NULL),(1769,'Andrucci','Alberto',NULL,NULL,NULL,NULL,NULL,NULL),(1770,'Bottarini','Mauro',NULL,NULL,NULL,NULL,NULL,NULL),(1771,'Fattore','Luca',NULL,NULL,NULL,NULL,NULL,NULL),(1772,'Faggionato','Carlo',NULL,NULL,NULL,NULL,NULL,NULL),(1773,'Costantini','Anna',NULL,NULL,NULL,NULL,NULL,NULL),(1774,'Furlan','Celia regina',NULL,NULL,NULL,NULL,NULL,NULL),(1775,'Basile','Salvatore',NULL,NULL,NULL,NULL,NULL,NULL),(1776,'Pagani','Mascia',NULL,NULL,NULL,NULL,NULL,NULL),(1777,'Stefano','Di niso',NULL,NULL,NULL,NULL,NULL,NULL),(1778,'Pasturenzi','Candido',NULL,NULL,NULL,NULL,NULL,NULL),(1779,'Brioschi','Dario',NULL,NULL,NULL,NULL,NULL,NULL),(1780,'Valtorta','Marco',NULL,NULL,NULL,NULL,NULL,NULL),(1781,'Monti','Marcella',NULL,NULL,NULL,NULL,NULL,NULL),(1782,'Bellotti','Simone',NULL,NULL,NULL,NULL,NULL,NULL),(1783,'Aceti','Roberto',NULL,NULL,NULL,NULL,NULL,NULL),(1784,'Musella','Antonella',NULL,NULL,NULL,NULL,NULL,NULL),(1785,'Paolini','Davide',NULL,NULL,NULL,NULL,NULL,NULL),(1786,'Petrini','Marco',NULL,NULL,NULL,NULL,NULL,NULL),(1787,'Pedrocco','Giovanna',NULL,NULL,NULL,NULL,NULL,NULL),(1788,'Pasolini','Pasolini',NULL,NULL,NULL,NULL,NULL,NULL),(1789,'Peticca','Marcella',NULL,NULL,NULL,NULL,NULL,NULL),(1790,'Mazzei','Lorenzo',NULL,NULL,NULL,NULL,NULL,NULL),(1791,'Rossetti','Lorena',NULL,NULL,NULL,NULL,NULL,NULL),(1792,'Pilotto','Katia',NULL,NULL,NULL,NULL,NULL,NULL),(1793,'Angiolini','Mirco',NULL,NULL,NULL,NULL,NULL,NULL),(1794,'Mayer','Giuliano',NULL,NULL,NULL,NULL,NULL,NULL),(1795,'Papetti','Fabrizio',NULL,NULL,NULL,NULL,NULL,NULL),(1796,'Roman','Ruggero',NULL,NULL,NULL,NULL,NULL,NULL),(1797,'VALLIVERO','rodolfo',NULL,NULL,NULL,NULL,NULL,NULL),(1798,'Ceratelli','Ada',NULL,NULL,NULL,NULL,NULL,NULL),(1799,'Lombardi','Lucio',NULL,NULL,NULL,NULL,NULL,NULL),(1800,'Molino','Loredana',NULL,NULL,NULL,NULL,NULL,NULL),(1801,'Baldan','Gianluca',NULL,NULL,NULL,NULL,NULL,NULL),(1802,'Bellenzier','Anna maria',NULL,NULL,NULL,NULL,NULL,NULL),(1803,'Rampinelli','Francesco',NULL,NULL,NULL,NULL,NULL,NULL),(1804,'Mattei','Enrico',NULL,NULL,NULL,NULL,NULL,NULL),(1805,'Casale','Elisa',NULL,NULL,NULL,NULL,NULL,NULL),(1806,'Zotta','Domenico rocco',NULL,NULL,NULL,NULL,NULL,NULL),(1807,'Colleoni','Matteo',NULL,NULL,NULL,NULL,NULL,NULL),(1808,'Girardi','Paolo',NULL,NULL,NULL,NULL,NULL,NULL),(1809,'Perretti','Roberto',NULL,NULL,NULL,NULL,NULL,NULL),(1810,'Gulizia','Francesca',NULL,NULL,NULL,NULL,NULL,NULL),(1811,'Cabodi','Luigi',NULL,NULL,NULL,NULL,NULL,NULL),(1812,'Serra','Gian carlo',NULL,NULL,NULL,NULL,NULL,NULL),(1813,'Corcione','Antonio',NULL,NULL,NULL,NULL,NULL,NULL),(1814,'Poli','Marco',NULL,NULL,NULL,NULL,NULL,NULL),(1815,'Magarotto','Antonio fabio',NULL,NULL,NULL,NULL,NULL,NULL),(1816,'Lodovici','Stefano giovanni',NULL,NULL,NULL,NULL,NULL,NULL),(1817,'Poccia','Giuseppe',NULL,NULL,NULL,NULL,NULL,NULL),(1818,'Mazzotti','Stefano',NULL,NULL,NULL,NULL,NULL,NULL),(1819,'Mastrolonardo','Pietro vincenzo',NULL,NULL,NULL,NULL,NULL,NULL),(1820,'Quaresmini','Luigi',NULL,NULL,NULL,NULL,NULL,NULL),(1821,'Mariani','Pier angelo',NULL,NULL,NULL,NULL,NULL,NULL),(1822,'Galbiati','Stefano',NULL,NULL,NULL,NULL,NULL,NULL),(1823,'Maggioni','Maria',NULL,NULL,NULL,NULL,NULL,NULL),(1824,'Berto','Lorenza marcella',NULL,NULL,NULL,NULL,NULL,NULL),(1825,'Seghezzi','Matteo',NULL,NULL,NULL,NULL,NULL,NULL),(1826,'Agliardi','Giovanni',NULL,NULL,NULL,NULL,NULL,NULL),(1827,'Ubbiali','Omar',NULL,NULL,NULL,NULL,NULL,NULL),(1828,'Bonomi','Gabriele',NULL,NULL,NULL,NULL,NULL,NULL),(1829,'Siri','Marco',NULL,NULL,NULL,NULL,NULL,NULL),(1830,'Sarasini','Alessandro',NULL,NULL,NULL,NULL,NULL,NULL),(1831,'Miliani','Alessandro',NULL,NULL,NULL,NULL,NULL,NULL),(1832,'Landi','Giacomo',NULL,NULL,NULL,NULL,NULL,NULL),(1833,'Chiesa','Ivan',NULL,NULL,NULL,NULL,NULL,NULL),(1834,'Galletti','Jose',NULL,NULL,NULL,NULL,NULL,NULL),(1835,'Abu hassan','Mais',NULL,NULL,NULL,NULL,NULL,NULL),(1836,'Pantarotto','Fabrizio',NULL,NULL,NULL,NULL,NULL,NULL),(1837,'Falasco','Roberto',NULL,NULL,NULL,NULL,NULL,NULL),(1838,'Semeraro','Francesco',NULL,NULL,NULL,NULL,NULL,NULL),(1839,'Aiassa','Simone',NULL,NULL,NULL,NULL,NULL,NULL),(1840,'Torri','Simone',NULL,NULL,NULL,NULL,NULL,NULL),(1841,'Caroppo','Cosimo',NULL,NULL,NULL,NULL,NULL,NULL),(1842,'Lepri','Paolo',NULL,NULL,NULL,NULL,NULL,NULL),(1843,'Contri','Alicia',NULL,NULL,NULL,NULL,NULL,NULL),(1844,'Truffa','Gabriella',NULL,NULL,NULL,NULL,NULL,NULL),(1845,'Capoferri','Paolo',NULL,NULL,NULL,NULL,NULL,NULL),(1846,'Lodigiani','Paolo',NULL,NULL,NULL,NULL,NULL,NULL),(1847,'Respighi','Giuseppe',NULL,NULL,NULL,NULL,NULL,NULL),(1848,'Cipolla','Giorgio',NULL,NULL,NULL,NULL,NULL,NULL),(1849,'Morsuillo','Danilo',NULL,NULL,NULL,NULL,NULL,NULL),(1850,'Marrano','Fedele',NULL,NULL,NULL,NULL,NULL,NULL),(1851,'Cacciati','Fabio',NULL,NULL,NULL,NULL,NULL,NULL),(1852,'Bolognesi','Fiorella',NULL,NULL,NULL,NULL,NULL,NULL),(1853,'Preziosi','Salvo',NULL,NULL,NULL,NULL,NULL,NULL),(1854,'Lasagna','Andrea',NULL,NULL,NULL,NULL,NULL,NULL),(1855,'Camozzi','Alessandro',NULL,NULL,NULL,NULL,NULL,NULL),(1856,'Casentini','Lodovico',NULL,NULL,NULL,NULL,NULL,NULL),(1857,'Guglielmi','Francesco',NULL,NULL,NULL,NULL,NULL,NULL),(1858,'Savoia','Paolo',NULL,NULL,NULL,NULL,NULL,NULL),(1859,'Bigatti','Lorenzo',NULL,NULL,NULL,NULL,NULL,NULL),(1860,'Di bartolomeo','Agostino',NULL,NULL,NULL,NULL,NULL,NULL),(1861,'Colacicco','Marta',NULL,NULL,NULL,NULL,NULL,NULL),(1862,'Bonardi','Giuseppe',NULL,NULL,NULL,NULL,NULL,NULL),(1863,'Mantovani','Alessio',NULL,NULL,NULL,NULL,NULL,NULL),(1864,'Muraro','Alberto',NULL,NULL,NULL,NULL,NULL,NULL),(1865,'Bruschi','Monica anna',NULL,NULL,NULL,NULL,NULL,NULL),(1866,'LIGNITI','GIANLUIGI',NULL,NULL,NULL,NULL,NULL,NULL),(1867,'Luciani','Luciano',NULL,NULL,NULL,NULL,NULL,NULL),(1868,'Bai','Paola',NULL,NULL,NULL,NULL,NULL,NULL),(1869,'Della pina','Luisa',NULL,NULL,NULL,NULL,NULL,NULL),(1870,'Simonetti','Michele',NULL,NULL,NULL,NULL,NULL,NULL),(1871,'Caruso','Luca',NULL,NULL,NULL,NULL,NULL,NULL),(1872,'Domenicone','Domenico',NULL,NULL,NULL,NULL,NULL,NULL),(1873,'Portioli','Vinicio',NULL,NULL,NULL,NULL,NULL,NULL),(1874,'Parrella','Saverio',NULL,NULL,NULL,NULL,NULL,NULL),(1875,'Fornari','Marco',NULL,NULL,NULL,NULL,NULL,NULL),(1876,'Delfino','Paolo',NULL,NULL,NULL,NULL,NULL,NULL),(1877,'De pretto','Andrea',NULL,NULL,NULL,NULL,NULL,NULL),(1878,'Sticco','Manuel',NULL,NULL,NULL,NULL,NULL,NULL),(1879,'Contrisciani','Nicola',NULL,NULL,NULL,NULL,NULL,NULL),(1880,'Trimboli','Giovanna',NULL,NULL,NULL,NULL,NULL,NULL),(1881,'Iellimo','Anna',NULL,NULL,NULL,NULL,NULL,NULL),(1882,'Stroia','Nicolae',NULL,NULL,NULL,NULL,NULL,NULL),(1883,'Tomba','Elisabetta',NULL,NULL,NULL,NULL,NULL,NULL),(1884,'Gabaglio','Giorgio',NULL,NULL,NULL,NULL,NULL,NULL),(1885,'Caligiuri','Salvatore',NULL,NULL,NULL,NULL,NULL,NULL),(1886,'Riboldi','Roberto',NULL,NULL,NULL,NULL,NULL,NULL),(1887,'Campana','Massimo',NULL,NULL,NULL,NULL,NULL,NULL),(1888,'Lameri','Paride',NULL,NULL,NULL,NULL,NULL,NULL),(1889,'Distinto','Roberta',NULL,NULL,NULL,NULL,NULL,NULL),(1890,'Claudio','Grassi',NULL,NULL,NULL,NULL,NULL,NULL),(1891,'Barbalace','Nicola',NULL,NULL,NULL,NULL,NULL,NULL),(1892,'Di bartolomeo','Marco',NULL,NULL,NULL,NULL,NULL,NULL),(1893,'Virga','Salvatore',NULL,NULL,NULL,NULL,NULL,NULL),(1894,'Di iorio','Camillo',NULL,NULL,NULL,NULL,NULL,NULL),(1895,'Maggi','Antonino',NULL,NULL,NULL,NULL,NULL,NULL),(1896,'Ferrente','Alessio',NULL,NULL,NULL,NULL,NULL,NULL),(1897,'Molteni','Fabio',NULL,NULL,NULL,NULL,NULL,NULL),(1898,'Pelleriti','Santi',NULL,NULL,NULL,NULL,NULL,NULL),(1899,'Seu','Carlo',NULL,NULL,NULL,NULL,NULL,NULL),(1900,'tentori','flavio',NULL,NULL,NULL,NULL,NULL,NULL),(1901,'Rizzatello','Emanuele',NULL,NULL,NULL,NULL,NULL,NULL),(1902,'Giaccio','Luigi',NULL,NULL,NULL,NULL,NULL,NULL),(1903,'Mazzamuto','Alfredo',NULL,NULL,NULL,NULL,NULL,NULL),(1904,'Gandolfi','Nicola',NULL,NULL,NULL,NULL,NULL,NULL),(1905,'Antonacci','Alice',NULL,NULL,NULL,NULL,NULL,NULL),(1906,'Summa','Pietro',NULL,NULL,NULL,NULL,NULL,NULL),(1907,'Renzulli','Attilio',NULL,NULL,NULL,NULL,NULL,NULL),(1908,'Laviosa','Sandro',NULL,NULL,NULL,NULL,NULL,NULL),(1909,'Melisi','Arturo',NULL,NULL,NULL,NULL,NULL,NULL),(1910,'Greco','Domenico',NULL,NULL,NULL,NULL,NULL,NULL),(1911,'Nicchia','Marcello',NULL,NULL,NULL,NULL,NULL,NULL),(1912,'Pappalardo','Ciro',NULL,NULL,NULL,NULL,NULL,NULL),(1913,'Naccari','Corrado',NULL,NULL,NULL,NULL,NULL,NULL),(1914,'Aggazio','Enrico',NULL,NULL,NULL,NULL,NULL,NULL),(1915,'Gentile','Davide',NULL,NULL,NULL,NULL,NULL,NULL),(1916,'Favi','Fabrizio',NULL,NULL,NULL,NULL,NULL,NULL),(1917,'Di marzio','Laura',NULL,NULL,NULL,NULL,NULL,NULL),(1918,'Martinelli','Vittorio',NULL,NULL,NULL,NULL,NULL,NULL),(1919,'Di cosmo','Giovanni',NULL,NULL,NULL,NULL,NULL,NULL),(1920,'Argiolas','Marco',NULL,NULL,NULL,NULL,NULL,NULL),(1921,'Fiorentino','Lorenzo',NULL,NULL,NULL,NULL,NULL,NULL),(1922,'Rusconi','Paolo',NULL,NULL,NULL,NULL,NULL,NULL),(1923,'Flis','Igor',NULL,NULL,NULL,NULL,NULL,NULL),(1924,'Ellena','Paolo',NULL,NULL,NULL,NULL,NULL,NULL),(1925,'Bianco','Domenico',NULL,NULL,NULL,NULL,NULL,NULL),(1926,'Bogdan','Alexandru ionut',NULL,NULL,NULL,NULL,NULL,NULL),(1927,'Santovito','Michele',NULL,NULL,NULL,NULL,NULL,NULL),(1928,'Ferroni','Federico',NULL,NULL,NULL,NULL,NULL,NULL),(1929,'Tozzi rambaldi','Manuela',NULL,NULL,NULL,NULL,NULL,NULL),(1930,'Caggiano','Gianfranco',NULL,NULL,NULL,NULL,NULL,NULL),(1931,'Ferraresi','Giovanna',NULL,NULL,NULL,NULL,NULL,NULL),(1932,'Mugione','Mirko',NULL,NULL,NULL,NULL,NULL,NULL),(1933,'Nicotra','Salvatore',NULL,NULL,NULL,NULL,NULL,NULL),(1934,'Marcotulli','Gianpaolo',NULL,NULL,NULL,NULL,NULL,NULL),(1935,'Crispino','Giovanni luca',NULL,NULL,NULL,NULL,NULL,NULL),(1936,'Trussardi','Roberto',NULL,NULL,NULL,NULL,NULL,NULL),(1937,'Ciuffa','Serenella',NULL,NULL,NULL,NULL,NULL,NULL),(1938,'Brizzi','Vanessa',NULL,NULL,NULL,NULL,NULL,NULL),(1939,'Ricci','Rossano',NULL,NULL,NULL,NULL,NULL,NULL),(1940,'Braga','Marco',NULL,NULL,NULL,NULL,NULL,NULL),(1941,'Marino','Gregorio',NULL,NULL,NULL,NULL,NULL,NULL),(1942,'Ceolin','Massimo',NULL,NULL,NULL,NULL,NULL,NULL),(1943,'Massari','Silvia',NULL,NULL,NULL,NULL,NULL,NULL),(1944,'Padoan','Pierpaolo',NULL,NULL,NULL,NULL,NULL,NULL),(1945,'Crippa','Loredana',NULL,NULL,NULL,NULL,NULL,NULL),(1946,'Pirovano','Gian mario',NULL,NULL,NULL,NULL,NULL,NULL),(1947,'Maggioni','Tiziano',NULL,NULL,NULL,NULL,NULL,NULL),(1948,'De marco','Rino',NULL,NULL,NULL,NULL,NULL,NULL),(1949,'Faggian','Enrico',NULL,NULL,NULL,NULL,NULL,NULL),(1950,'Ramina','Mariano',NULL,NULL,NULL,NULL,NULL,NULL),(1951,'Pincelli','Alessio',NULL,NULL,NULL,NULL,NULL,NULL),(1952,'Elli','Josefina maria',NULL,NULL,NULL,NULL,NULL,NULL),(1953,'Giorgio','Riva','345 2776680','RVIGRG53E14C933G',26,8,NULL,NULL),(1954,'Manuel ','Castoldi ','3482637150','CSTMNL73B16F205J',26,13,NULL,NULL),(1955,'Silvano','Strobino','3483148268','STRSVN46C04A859Y',26,12,NULL,NULL),(1956,'LAURA','GRASSO','3409055549','GRSLRA81E59F205L',55,2,NULL,NULL),(1957,'FABIO','COGNOLATO','3470163627','gfbkro71b26c964i',55,13,NULL,NULL),(1958,'marco','riboli','3403906645','RBLMCP69P02F205W',55,13,NULL,NULL),(1959,'Alessandro','Mandelli','3498719236','Mndlsn84c07i625b',57,8,NULL,NULL),(1961,'M.PATRIZIA','RENNA','0233301787','RNNMPT70B48F839H',55,2,NULL,NULL),(1962,'Vincenzo','Piscopo','3482794896','Pscvcn96l23g813i',55,9,NULL,NULL),(1964,'Giuliano','Pestoni','0458205150','PSTGLN60B21L781H',103,4,NULL,NULL),(1965,'CARLO','ALOI','3486502469','LAOCRL57P01F205E',NULL,4,NULL,NULL),(1966,'Paolo ','Frisenna','0266302392','FRSPLA74T05A662F',55,2,NULL,NULL),(1967,'massimo','chirico','3387448910','chrmsm68e03d832v',83,9,NULL,NULL),(1968,'Paola','Usai','+39 351 5281426','SUAPLA61H63I452V',55,13,NULL,NULL),(1969,'Luca','Di Nunzio','3805232891','dnnlcu82h04f205q',55,4,NULL,NULL),(1970,'Stefano','Tomasini','3479098451','TMSSFN69C06D869T',99,2,NULL,NULL),(1972,'Marco Maria Rosario ','Sagnelli','0243998590','SGNMCM67E14F205B',55,7,'SAGNELLI ASSOCIATI',''),(1973,'Roberto','Mosca','3423314307','mscrrt79m19e648l',55,9,NULL,NULL),(1974,'luigi','gennari','0289400053','gnnlgv59c28f205k',55,7,NULL,NULL),(1975,'andrea','gobbo','0362930846','GBBNRJ68B01I625D',57,6,'euro impianti industriali srl',''),(1976,'Roberto','Moratti','3394065886','MRTRRT73T11F205V',55,7,NULL,NULL),(1979,'Martina','Castoldi','3477238555','CSTMTN88P42F205I',55,9,NULL,NULL),(1981,'marino','FERRARI','3487947599','frrmrn48l29b043y',59,7,'',''),(1982,'Andrea','Ferrero','336925094','FRRNDR73C10G674J',93,4,NULL,NULL),(1984,'TOMMASO','CECCHETTI','3337272331','CCCTMS82E02I625K',57,7,'aBC architettura','PROGETTAZIONE ARCHITETTONICA, DIREZIONE LAVORI, SICUREZZA IN CANTIERE, RELAZIONI EX LEGGE 10/91, PROGETTAZIONE E PRODUZIONE ARREDI D\'INTERNI.\n\nwww.abcarchitettura.com - studio@abcarchitettura.com'),(1986,'Daniela ','Turati ','0362343782','TRTDNL68M47E951P',57,13,NULL,NULL),(1988,'antonio','covello','3935426081','CVLNTN63D07F207J',NULL,5,NULL,NULL),(1989,'claudio','venturini','3356367193','VNTCDQ58R08E530B',26,9,NULL,NULL),(1996,'Viola','Castoldi','3394757405','CSTVLI05T28F205O',55,13,NULL,NULL),(1997,'Alessandro','Miglioli','3401494759','MGLLSN92L13F205S',55,8,NULL,NULL),(1998,'Alberto','Villa','380 7678340','VLLLRT79R08D286R',55,8,NULL,NULL),(1999,'Alessia','Bonanomi','366 9501257','BNNLSS96R52D416R',57,7,NULL,NULL),(2001,'Carlo','Mingazzini','3483417191','MNGCRL51C14D458C',55,12,NULL,NULL),(2002,'Mario ','Di Mauro ','3333534132','DMRMRA76P28B715W',22,7,NULL,NULL),(2003,'Francesco','Teruzzi','3493721421','TRZFNC59M11D612Q',13,11,NULL,NULL),(2004,'Davide','Felloni','3463924121','FLLDVD91L26C814O',55,7,NULL,NULL),(2005,'Giulia','Bufo','3271799363','BFUGLI93D69G482V',93,8,NULL,NULL),(2007,'marco','bonera','3478716608','BNRMRC73E30B157V',NULL,7,NULL,NULL),(2008,'Ivano','Talmon','3371076896','TLMVNI79D18G674A',NULL,NULL,NULL,NULL),(2009,'Angelo ','Tagliabue','028372322','TGLNLM61C24F205E',55,13,NULL,NULL),(2010,'Cristina ','Bianchi ','3335290750','Bnccst89r53f240y',55,4,NULL,NULL),(2011,'FABIO','CAPERDONI','3333159634','CPRFBA64B29F205U',55,7,NULL,NULL),(2012,'CARLO','FAVALLI','3386339317','FVLCRL89L11B639C',55,9,NULL,NULL),(2013,'Roberto','Baronio','3475496741','BRNRRT64L15B157L',17,12,'FO.b.a.p. Fondazione Bresciana Assistenza Psicodisabili Onlus',''),(2014,'FABIO','GAGLIARDI','3488523530','GGLFBA69R05A940X',55,7,NULL,NULL),(2015,'Antonio','Scotti','3755942904','sctntn47d06a010f',55,11,NULL,NULL),(2016,'Elena','Lucchini','390000000','LCCLNE90D59E897T',51,13,NULL,NULL),(2017,'PAOLO','CASARINI','3356875480','CSRPLA73D16F205M',55,7,NULL,NULL),(2019,'MARA','STEFANETTO','03621543268','STFMRA77M63D286U',57,8,NULL,NULL),(2020,'Alessandro Antonino','Sapienza','3341770208','SPNNNN92E31F205V',57,5,NULL,NULL),(2021,'anna','bonvini','3474043360','BNVNNA77E47I608W',55,7,NULL,NULL),(2022,'Mario','Paganelli','0541 815811','PGNMRA65A24H294H',35,9,NULL,NULL),(2023,'Filippo ','Colonna','+39 0541 815811','CLNFPP79M30H294H',35,9,NULL,NULL),(2024,'Davide','trovati','3398044786','TRVDVD72T21C933V',26,5,NULL,NULL),(2026,'ALESSANDRO','GROSSI','+393332022250','GRSLSN81B27F205M',55,7,NULL,NULL),(2027,'Matteo','Scampini','3661551017','SCMMTT84P19F205S',55,9,NULL,NULL),(2028,'Anna','Barbavara','3756344400','BRBNMR84A58Z112O',55,13,NULL,NULL),(2035,'Carlo','Rossini','3893447258','RSSCRL86H12F839Z',55,8,NULL,NULL),(2037,'Lucia','Fiorini','3471421419','FRNLCU68R43E648O',48,2,NULL,NULL),(2043,'Giancarlo','Rossi','0258306779','RSSGCR61B13F205J',55,7,NULL,NULL),(2047,'Fabio','Bosco','3406919047','Bscfba84b15d912r',55,6,NULL,NULL),(2050,'Riccardo','Pippi','3934076065','PPPRCR79L18F205D',26,2,NULL,NULL),(2053,'Matteo','Micheletto','3391554209','MCHMTT76P21E507O',46,8,NULL,NULL),(2055,'Massimo','Cei','3487107063','CEIMSM69A17F205A',NULL,7,NULL,NULL),(2056,'GIORGIO SEVERINO','BAGNASCO','3938128616','BGNGGS56L17D969B',NULL,7,NULL,NULL),(2057,'Sergio Amedeo','Pizzi','3396932609','PZZSGM69P29F205N',55,2,NULL,NULL),(2058,'maria agata','petralia','3490707357','PTRMGT81E52C351Z',23,8,NULL,NULL),(2059,'luisa','villa','0266890208','VLLMLS60E63F704X',55,10,NULL,NULL),(2060,'Dominique','Lufrano','3465701266','LFRDNQ81P70A662J',NULL,9,NULL,NULL),(2061,'Alberto  ','Monfrini','3348477828','MNFLRT81E18F205Y',46,2,NULL,NULL),(2062,'davide','guzzetti','029606990','GZZDVD62E12F205E',NULL,5,NULL,NULL),(2063,'Mario','Guanziroli','3483208954','GNZMRA68A28C933T',26,8,NULL,NULL),(2064,'Alessandro','Pedersoli','3397772000','pdrlsn82a15f205f',55,13,NULL,NULL),(2065,'LUCA','CANGI  C/O STUDIO CANGI','3755807235','CNGLCU68B03L188H',NULL,2,NULL,NULL),(2066,'Albert','Dina','3311622209','Dnilrt96l25z100t',103,9,NULL,NULL),(2067,'STEFANO','ZANELLA','3478122314','ZNLSFN78P04I690Y',55,7,NULL,NULL),(2068,'Pasquale ','Pesce','3287218943','PSCPQL80c08c514w',62,4,NULL,NULL),(2069,'Ilaria','Sergi ','3336344957','SRGLRI80E70H501X',NULL,3,NULL,NULL),(2072,'Raffaele','Borgini','3355240461','Brgrfl72m08c573c',NULL,9,NULL,NULL),(2074,'vincenzo rosario','filetti','3292529842','FLTVCN59A21A064O',58,8,NULL,NULL),(2075,'davide','carabelli','3481205997','CRBDVD74L16D869Y',99,NULL,NULL,NULL),(2076,'Stefano','Capellini','3475235570','CPLSFN75D01E063L',26,7,NULL,NULL),(2077,'Sofia Maria','Finessi','3928949660','FNSSMR01B52F205W',55,9,NULL,NULL),(2078,'Christian','Ferri','3896537657','FRRCRS82M06C523O',55,2,NULL,NULL),(2079,'Giovanni','Pogliaghi','3401696337','PGLGNN98R18E801C',55,5,NULL,NULL),(2080,'Marco','Stecca','3391827078','STCMRC77T20C933C',26,6,NULL,NULL),(2081,'Marie','Matte','3332744226','MTTMJS74C58Z401E',93,7,NULL,NULL),(2082,'Alessandro','Tambussi','3939549975','TMBLSN67T24F704K',57,5,NULL,NULL),(2083,'Giuseppe','Pagani','335421736','PGNGPP54E06F205N',55,2,NULL,NULL),(2084,'STEFANO','DE BONIS','0362650136','DBNSFN85C20D286F',57,6,NULL,NULL),(2085,'MASSIMO ','REBOSIO','0362650136','RBSMSM73H30B300D',57,13,NULL,NULL),(2086,'BEATRICE LARA','FOSSATI','0362650136','FSSBRC89A46F704D',55,8,NULL,NULL),(2104,'Daniele ','Acquati','3425143069','CQTDLG60B26F205Z',57,8,NULL,NULL),(2105,'Luigi Maria','Antozio','3358257397','NTZLMR71B25G388Z',65,3,NULL,NULL),(2106,'Enrico','Cozzi','3393302053','CZZNRC65M01E801H',55,13,NULL,NULL),(2107,'Melissa','Cattaneo','3479058534','CTTMSS90B67G388I',65,3,NULL,NULL),(2108,'VITTORIO','PORTA','3292153066','PRTVTR75P19A859W',14,7,NULL,NULL),(2109,'Jacopo','Colonna','0541 815811','CLNJCP89B03A944E',35,9,NULL,NULL),(2111,'Giuseppe','Fiorio','3931904376','FRIGPP62E26L436Y',14,7,NULL,NULL),(2113,'Luca','Malavolta','3476441874','MLVLCU76R29A859S',14,4,NULL,NULL),(2114,'ROBERTO','BONARDI','3474147183','BNRRRT65H05L682Y',99,7,NULL,NULL),(2115,'Paolo','PERIS','0117494021','PRSPLA67M25L219O',NULL,5,NULL,NULL),(2116,'Riccardo Varè','Varè','3454589082','VRARCR97B28D286R',57,6,NULL,NULL),(2117,'Hoval srl','David Herzog','3351878813','HRZDVD70P15Z133M',13,9,NULL,NULL),(2119,'Marta','Lucariello','03408604496','LCRMRT88S59L682B',99,10,NULL,NULL),(2120,'Marco Maria ','Gianotti ','3318610188','GNTMCM63P11F205M',NULL,7,NULL,NULL),(2121,'Lorenzo','Usai','3913124460','SUALNZ96R05D869E',55,5,NULL,NULL),(2122,'Alessio','Raniero','3346240534','Rnrlss78b06e514h',55,4,NULL,NULL),(2124,'Marco Alessandro','Dell\'Orto','3939223821','DLLMCL78A20F704G',NULL,4,NULL,NULL),(2125,'GIORGIO','BOTTAN','031 756448','BTTGRG62E16E951V',26,5,NULL,NULL),(2128,'Riccardo','BAIA','3928113912','BAIRCR92H28F205M',55,2,NULL,NULL),(2129,'Francesco','Manlio lusetti','3392309927','Mnlfnc78e01i496h',57,4,NULL,NULL),(2132,'Andrea','Dusi','3478383192','DSUNDR88H30B157T',17,7,NULL,NULL),(2133,'marcello','mastroianni','3207757674','MSTMCL69P03F205F',55,9,NULL,NULL),(2135,'Enrico Alessandro','Minchillo','3404121303','MNCNCL71T30L319L',99,8,'Ing Minchillo Enrico Alessandro e Studio IngArch Stp Srl',''),(2138,'Francesca','Gangai','3494965003','GNGFNC87L70F205B',55,7,NULL,NULL),(2139,'Eleonora','Proserpio','3338223963','PRSLNR97B51F205G',55,7,NULL,NULL),(2140,'Jacopo','Greco','3471118201','GRCJCP92D02C352Q',57,9,NULL,NULL),(2141,'Paolo','Sobrino','0116607000','SBRPLA69R24F965Y',93,8,NULL,NULL),(2142,'Dario','Barbarini','3382301468','BRBDRA96R26F839Y',NULL,7,NULL,NULL),(2143,'Fabrizio','Dinelli','3394348011','DNLFRZ73m04f205c',55,2,NULL,NULL),(2145,'Cristian ','Occhipinti ','3514239313','CCHCST87S15F205C',55,9,NULL,NULL),(2150,'franco','casarano','3351260548','CSRFNC46L10I155B',55,4,NULL,NULL),(2151,'Luca','Cappelletti ','335 7328027','CPPLCU68E22G220I',57,9,NULL,NULL),(2153,'Matteo','Deveronico','3296085184','DVRMTT96S19D142Y',55,9,NULL,NULL),(2154,'Christian ','Pugi ','3408206237','PGUCRS88E09F133V',55,9,NULL,NULL),(2161,'Ivana ','Senka','3287631475','SNKVNI94B61F023S',55,12,NULL,NULL),(2162,'ANTONELLA','LUNARDI','3454441702','LNRNNL72M46I361Q',55,12,NULL,NULL),(2163,'ANTONIO','CASTALDI','3480069768','CSTNTN69B28F205P',55,6,NULL,NULL),(2164,'Stefano ','Deri','3355835633','Dresfn68b24e463h',55,9,NULL,NULL),(2165,'Emanuele','Gornati','3665674197','grnmnl81h04e801i',55,9,NULL,NULL),(2166,'Elisabetta ','Ventura','+393355939224','VNTLBT65C49B729C',57,7,NULL,NULL),(2167,'Fabio','Nespoli','3403448972','NSPFBA73E02E063U',57,7,NULL,NULL),(2168,'gianluigi','petazzi','3475459274','ptzglg63e03f205o',57,13,NULL,NULL),(2170,'Massimo ','Mainetti','3356522659','MNTMSM75P25E507Z',46,12,NULL,NULL),(2172,'Luca','Parravicini','3666503460','PRELCU79E30F704E',57,9,NULL,NULL),(2174,'Fabrizio','Graffi','3383750798','GRFFRZ69M10L219J',93,4,NULL,NULL),(2175,'Enrico','Tavecchia','3355700690','TVCNRC75P29F205E',NULL,9,NULL,NULL),(2176,'Mauro','Poli','3355649739','PLOMRA71S03E507M',96,9,'Tadiran Italia s.r.l.',''),(2177,'Pietro','Sarcinella','3342360581','SRCPTR89S19G942W',55,13,NULL,NULL);


