--
-- Host: localhost    Database: statigenerali
-- ------------------------------------------------------


--
-- Table structure for table `base_data`
--

CREATE TABLE `base_data` (
  `id` int NOT NULL AUTO_INCREMENT,
  `title` varchar(150) COLLATE utf8mb4_unicode_ci NOT NULL,
  `description` varchar(255) COLLATE utf8mb4_unicode_ci NOT NULL,
  `event_date` date NOT NULL,
  `event_place` varchar(150) COLLATE utf8mb4_unicode_ci NOT NULL,
  `event_type` varchar(100) COLLATE utf8mb4_unicode_ci NOT NULL,
  `hidden` tinyint(1) DEFAULT NULL,
  PRIMARY KEY (`id`)
) ENGINE=InnoDB AUTO_INCREMENT=17 DEFAULT CHARSET=utf8mb4 COLLATE=utf8mb4_unicode_ci;

--
-- Dumping data for table `base_data`
--

INSERT INTO `base_data` VALUES (16,'SGRE 2025 – Stati Generali del Rinnovamento Energetico','Seconda edizione degli Stati Generali del Rinnovamento Energetico, l’evento che riunisce tecnici, amministratori, imprese e organizzazioni per affrontare in modo operativo le sfide della transizione energetica nel patrimonio edilizio esistente.\n','2025-11-13','Base Milano','Offline',1);

--
-- Table structure for table `base_data_user`
--

CREATE TABLE `base_data_user` (
  `base_data_id` int NOT NULL,
  `user_id` int NOT NULL,
  PRIMARY KEY (`base_data_id`,`user_id`),
  KEY `IDX_85F08C263F31858` (`base_data_id`),
  KEY `IDX_85F08C26A76ED395` (`user_id`),
  CONSTRAINT `FK_85F08C263F31858` FOREIGN KEY (`base_data_id`) REFERENCES `base_data` (`id`) ON DELETE CASCADE,
  CONSTRAINT `FK_85F08C26A76ED395` FOREIGN KEY (`user_id`) REFERENCES `user` (`id`) ON DELETE CASCADE
) ENGINE=InnoDB DEFAULT CHARSET=utf8mb4 COLLATE=utf8mb4_unicode_ci;

--
-- Dumping data for table `base_data_user`
--

INSERT INTO `base_data_user` VALUES (16,49),(16,50),(16,52),(16,53),(16,54),(16,55),(16,56),(16,58),(16,60),(16,61),(16,62),(16,63),(16,64),(16,65),(16,67),(16,68),(16,69),(16,71),(16,72),(16,73),(16,74),(16,76),(16,78),(16,79),(16,80),(16,81),(16,82),(16,84),(16,85),(16,86),(16,87),(16,88),(16,89),(16,90),(16,91),(16,92),(16,93),(16,94),(16,96),(16,97),(16,99),(16,100),(16,101),(16,102),(16,104),(16,106),(16,109),(16,110),(16,111),(16,112),(16,113),(16,114);

--
-- Table structure for table `country`
--

CREATE TABLE `country` (
  `id` int NOT NULL AUTO_INCREMENT,
  `nome_provincia` varchar(150) NOT NULL,
  `sigla_provincia` varchar(5) NOT NULL,
  `regione` varchar(150) NOT NULL,
  PRIMARY KEY (`id`)
) ENGINE=InnoDB AUTO_INCREMENT=107 DEFAULT CHARSET=utf8mb4 COLLATE=utf8mb4_0900_ai_ci;

--
-- Dumping data for table `country`
--

INSERT INTO `country` VALUES (1,'Agrigento','AG','Sicilia'),(2,'Alessandria','AL','Piemonte'),(3,'Ancona','AN','Marche'),(4,'Aosta','AO','Valle d\'Aosta'),(5,'Arezzo','AR','Toscana'),(6,'Ascoli Piceno','AP','Marche'),(7,'Asti','AT','Piemonte'),(8,'Avellino','AV','Campania'),(9,'Bari','BA','Puglia'),(10,'Barletta-Andria-Trani','BT','Puglia'),(11,'Belluno','BL','Veneto'),(12,'Benevento','BN','Campania'),(13,'Bergamo','BG','Lombardia'),(14,'Biella','BI','Piemonte'),(15,'Bologna','BO','Emilia-Romagna'),(16,'Bolzano','BZ','Trentino-Alto Adige'),(17,'Brescia','BS','Lombardia'),(18,'Brindisi','BR','Puglia'),(19,'Cagliari','CA','Sardegna'),(20,'Caltanissetta','CL','Sicilia'),(21,'Campobasso','CB','Molise'),(22,'Caserta','CE','Campania'),(23,'Catania','CT','Sicilia'),(24,'Catanzaro','CZ','Calabria'),(25,'Chieti','CH','Abruzzo'),(26,'Como','CO','Lombardia'),(27,'Cosenza','CS','Calabria'),(28,'Cremona','CR','Lombardia'),(29,'Crotone','KR','Calabria'),(30,'Cuneo','CN','Piemonte'),(31,'Enna','EN','Sicilia'),(32,'Ferrara','FE','Emilia-Romagna'),(33,'Firenze','FI','Toscana'),(34,'Foggia','FG','Puglia'),(35,'Forlì-Cesena','FC','Emilia-Romagna'),(36,'Frosinone','FR','Lazio'),(37,'Genova','GE','Liguria'),(38,'Gorizia','GO','Friuli-Venezia Giulia'),(39,'Grosseto','GR','Toscana'),(40,'Imperia','IM','Liguria'),(41,'Isernia','IS','Molise'),(42,'L\'Aquila','AQ','Abruzzo'),(43,'La Spezia','SP','Liguria'),(44,'Latina','LT','Lazio'),(45,'Lecce','LE','Puglia'),(46,'Lecco','LC','Lombardia'),(47,'Livorno','LI','Toscana'),(48,'Lodi','LO','Lombardia'),(49,'Lucca','LU','Toscana'),(50,'Macerata','MC','Marche'),(51,'Mantova','MN','Lombardia'),(52,'Massa-Carrara','MS','Toscana'),(53,'Matera','MT','Basilicata'),(54,'Messina','ME','Sicilia'),(55,'Milano','MI','Lombardia'),(56,'Modena','MO','Emilia-Romagna'),(57,'Monza e della Brianza','MB','Lombardia'),(58,'Napoli','NA','Campania'),(59,'Novara','NO','Piemonte'),(60,'Nuoro','NU','Sardegna'),(61,'Oristano','OR','Sardegna'),(62,'Padova','PD','Veneto'),(63,'Palermo','PA','Sicilia'),(64,'Parma','PR','Emilia-Romagna'),(65,'Pavia','PV','Lombardia'),(66,'Perugia','PG','Umbria'),(67,'Pesaro e Urbino','PU','Marche'),(68,'Pescara','PE','Abruzzo'),(69,'Piacenza','PC','Emilia-Romagna'),(70,'Pisa','PI','Toscana'),(71,'Pistoia','PT','Toscana'),(72,'Pordenone','PN','Friuli-Venezia Giulia'),(73,'Potenza','PZ','Basilicata'),(74,'Prato','PO','Toscana'),(75,'Ragusa','RG','Sicilia'),(76,'Ravenna','RA','Emilia-Romagna'),(77,'Reggio Calabria','RC','Calabria'),(78,'Reggio Emilia','RE','Emilia-Romagna'),(79,'Rieti','RI','Lazio'),(80,'Rimini','RN','Emilia-Romagna'),(81,'Roma','RM','Lazio'),(82,'Rovigo','RO','Veneto'),(83,'Salerno','SA','Campania'),(84,'Sassari','SS','Sardegna'),(85,'Savona','SV','Liguria'),(86,'Siena','SI','Toscana'),(87,'Siracusa','SR','Sicilia'),(88,'Sondrio','SO','Lombardia'),(89,'Sud Sardegna','SU','Sardegna'),(90,'Taranto','TA','Puglia'),(91,'Teramo','TE','Abruzzo'),(92,'Terni','TR','Umbria'),(93,'Torino','TO','Piemonte'),(94,'Trapani','TP','Sicilia'),(95,'Trento','TN','Trentino-Alto Adige'),(96,'Treviso','TV','Veneto'),(97,'Trieste','TS','Friuli-Venezia Giulia'),(98,'Udine','UD','Friuli-Venezia Giulia'),(99,'Varese','VA','Lombardia'),(100,'Venezia','VE','Veneto'),(101,'Verbano-Cusio-Ossola','VB','Piemonte'),(102,'Vercelli','VC','Piemonte'),(103,'Verona','VR','Veneto'),(104,'Vibo Valentia','VV','Calabria'),(105,'Vicenza','VI','Veneto'),(106,'Viterbo','VT','Lazio');

--
-- Table structure for table `doctrine_migration_versions`
--

CREATE TABLE `doctrine_migration_versions` (
  `version` varchar(191) COLLATE utf8mb3_unicode_ci NOT NULL,
  `executed_at` datetime DEFAULT NULL,
  `execution_time` int DEFAULT NULL,
  PRIMARY KEY (`version`)
) ENGINE=InnoDB DEFAULT CHARSET=utf8mb3 COLLATE=utf8mb3_unicode_ci;

--
-- Dumping data for table `doctrine_migration_versions`
--

INSERT INTO `doctrine_migration_versions` VALUES ('DoctrineMigrations\\Version20250716165938','2025-07-16 16:59:48',91),('DoctrineMigrations\\Version20250718160002','2025-07-18 16:00:21',132),('DoctrineMigrations\\Version20250721164014','2025-07-21 16:40:21',114),('DoctrineMigrations\\Version20250721190827','2025-07-21 19:08:30',56),('DoctrineMigrations\\Version20250722104856','2025-07-22 10:49:00',48),('DoctrineMigrations\\Version20250722111036','2025-07-22 11:10:44',121),('DoctrineMigrations\\Version20250722111407','2025-07-22 11:14:15',270),('DoctrineMigrations\\Version20250723142122','2025-07-23 14:21:35',27),('DoctrineMigrations\\Version20250723161103','2025-07-23 16:11:10',21),('DoctrineMigrations\\Version20250723165203','2025-07-23 16:52:15',71),('DoctrineMigrations\\Version20250723191201','2025-07-23 19:12:10',258),('DoctrineMigrations\\Version20250724182251','2025-07-24 18:23:00',51),('DoctrineMigrations\\Version20250725145553','2025-07-25 14:55:58',66),('DoctrineMigrations\\Version20250728185923','2025-07-28 18:59:40',51),('DoctrineMigrations\\Version20250805130354','2025-08-05 13:04:00',69),('DoctrineMigrations\\Version20250809174354','2025-08-09 17:44:04',34),('DoctrineMigrations\\Version20250813154630','2025-08-13 15:46:41',157),('DoctrineMigrations\\Version20250813162102','2025-08-13 16:21:14',79);

--
-- Table structure for table `employment`
--

CREATE TABLE `employment` (
  `id` int NOT NULL AUTO_INCREMENT,
  `employment` varchar(150) NOT NULL,
  `sub_event_id` int DEFAULT NULL,
  `base_data_id` int DEFAULT NULL,
  PRIMARY KEY (`id`),
  KEY `IDX_BF089C98CB5806D2` (`sub_event_id`),
  KEY `IDX_BF089C983F31858` (`base_data_id`),
  CONSTRAINT `FK_BF089C983F31858` FOREIGN KEY (`base_data_id`) REFERENCES `base_data` (`id`),
  CONSTRAINT `FK_BF089C98CB5806D2` FOREIGN KEY (`sub_event_id`) REFERENCES `sub_event` (`id`)
) ENGINE=InnoDB AUTO_INCREMENT=14 DEFAULT CHARSET=utf8mb4 COLLATE=utf8mb4_0900_ai_ci;

--
-- Dumping data for table `employment`
--

INSERT INTO `employment` VALUES (2,'Amministratore',NULL,NULL),(3,'Ente pubblico',NULL,NULL),(4,'Professionista',NULL,NULL),(5,'Geometra',NULL,NULL),(6,'Perito',NULL,NULL),(7,'Architetto',NULL,NULL),(8,'Ingegnere',NULL,NULL),(9,'Azienda',NULL,NULL),(10,'Associazione',NULL,NULL),(11,'Privato',NULL,NULL),(12,'Ente del Terzo Settore',NULL,NULL),(13,'Altro',NULL,NULL);

--
-- Table structure for table `media_object`
--

CREATE TABLE `media_object` (
  `id` int NOT NULL AUTO_INCREMENT,
  `file_path` varchar(255) COLLATE utf8mb4_unicode_ci DEFAULT NULL,
  PRIMARY KEY (`id`)
) ENGINE=InnoDB AUTO_INCREMENT=10 DEFAULT CHARSET=utf8mb4 COLLATE=utf8mb4_unicode_ci;

--
-- Dumping data for table `media_object`
--

INSERT INTO `media_object` VALUES (1,NULL),(2,NULL),(3,'logoreteirene-6897aca77cdf5853784508.jpg'),(4,'logoreteirene-6897acd1baa15206565755.jpg'),(5,'logoreteirene-6897acdfc2f29059772934.jpg'),(6,'logoreteirene-6897ad13cd5c5393411972.jpg'),(7,'logoreteirene-6897ad215a0f8601170047.jpg'),(8,'chatgpt-image-2-ago-2025-21-55-31-689cb8eee64fa011795947.png'),(9,'chatgpt-image-2-ago-2025-21-55-31-689cbd07930e4117600007.png');

--
-- Table structure for table `sub_event`
--

CREATE TABLE `sub_event` (
  `id` int NOT NULL AUTO_INCREMENT,
  `title` varchar(150) COLLATE utf8mb4_unicode_ci NOT NULL,
  `date` varchar(100) COLLATE utf8mb4_unicode_ci DEFAULT NULL,
  `description` varchar(255) COLLATE utf8mb4_unicode_ci DEFAULT NULL,
  `location` varchar(100) COLLATE utf8mb4_unicode_ci NOT NULL,
  `type` varchar(200) COLLATE utf8mb4_unicode_ci DEFAULT NULL,
  `max_number` int DEFAULT NULL,
  `base_data_id` int NOT NULL,
  `main_event` tinyint(1) DEFAULT NULL,
  `profile_image` varchar(150) COLLATE utf8mb4_unicode_ci DEFAULT NULL,
  PRIMARY KEY (`id`),
  KEY `IDX_D7EA6E1E3F31858` (`base_data_id`),
  CONSTRAINT `FK_D7EA6E1E3F31858` FOREIGN KEY (`base_data_id`) REFERENCES `base_data` (`id`)
) ENGINE=InnoDB AUTO_INCREMENT=17 DEFAULT CHARSET=utf8mb4 COLLATE=utf8mb4_unicode_ci;

--
-- Dumping data for table `sub_event`
--

INSERT INTO `sub_event` VALUES (9,'Dalle sfide sistemiche alla spinta al Cambiamento','2025-11-13T10:30','In questa sessione di apertura, analizzeremo gli scenari attuali e definiremo una visione chiara per il futuro, trasformando gli ostacoli di oggi nelle più grandi opportunità di crescita e innovazione di domani.','BASE Milano Sala A','Offline',300,16,1,NULL),(10,'Analisi di scenario e impatto: Quanto ti costa non riqualificare?','2025-11-13T11:30','L\'inazione ha un prezzo, spesso più alto dell\'investimento. Scopriremo come trasformare la riqualificazione da un costo a un potente generatore di valore e capitale. Un intervento pensato per capovolgere le prospettive e ispirare all\'azione.','BASE Milano Sala A','Offline',300,16,1,NULL),(11,'Casi concreti: quando la riqualificazione diventa realtà.','0025-11-13T12:00','Oltre la teoria, le esperienze reali. Ascolteremo dalla voce dei protagonisti due storie emblematiche: sfide affrontate, soluzioni trovate e risultati raggiunti sul campo. ','BASE Milano Sala A','Offline',300,16,1,NULL),(12,'TERZO SETTORE | Capitale Sociale: Rigenerare Immobili per Rigenerare Comunità','2025-11-13T14:30','Ogni edificio del Terzo Settore è molto più di un contenitore: è un nodo vitale nella rete della coesione sociale. Riqualificarlo significa moltiplicare valore. \nUn incontro operativo per dirigenti, tecnici e organizzazioni del Terzo Settore.','BASE Milano Sala B','Offline',150,16,0,NULL),(13,'Percorso assembleare: come accompagnare il progetto verso l’approvazione','2025-11-13T14:30','Un progetto ben fatto non basta. Perché venga realizzato, deve essere compreso. Questa sessione è dedicata a chi, come amministratore o progettista, si trova a tradurre la complessità tecnica in un messaggio capace di attivare una decisione positiva.','BASE Milano Sala C','Offline',150,16,0,NULL);

--
-- Table structure for table `sub_event_user`
--

CREATE TABLE `sub_event_user` (
  `sub_event_id` int NOT NULL,
  `user_id` int NOT NULL,
  PRIMARY KEY (`sub_event_id`,`user_id`),
  KEY `IDX_BE93092FCB5806D2` (`sub_event_id`),
  KEY `IDX_BE93092FA76ED395` (`user_id`),
  CONSTRAINT `FK_BE93092FA76ED395` FOREIGN KEY (`user_id`) REFERENCES `user` (`id`) ON DELETE CASCADE,
  CONSTRAINT `FK_BE93092FCB5806D2` FOREIGN KEY (`sub_event_id`) REFERENCES `sub_event` (`id`) ON DELETE CASCADE
) ENGINE=InnoDB DEFAULT CHARSET=utf8mb4 COLLATE=utf8mb4_unicode_ci;

--
-- Dumping data for table `sub_event_user`
--

INSERT INTO `sub_event_user` VALUES (9,49),(9,50),(9,52),(9,53),(9,54),(9,55),(9,56),(9,58),(9,60),(9,61),(9,62),(9,63),(9,64),(9,65),(9,67),(9,68),(9,69),(9,71),(9,72),(9,73),(9,74),(9,76),(9,78),(9,79),(9,80),(9,81),(9,82),(9,84),(9,85),(9,86),(9,87),(9,88),(9,89),(9,90),(9,91),(9,92),(9,93),(9,94),(9,96),(9,97),(9,99),(9,100),(9,101),(9,102),(9,104),(9,106),(9,109),(9,110),(9,111),(9,112),(9,113),(9,114),(10,49),(10,50),(10,52),(10,53),(10,54),(10,55),(10,56),(10,58),(10,60),(10,61),(10,62),(10,63),(10,64),(10,65),(10,67),(10,68),(10,69),(10,71),(10,72),(10,73),(10,74),(10,76),(10,78),(10,79),(10,80),(10,81),(10,82),(10,84),(10,85),(10,86),(10,87),(10,88),(10,89),(10,90),(10,91),(10,92),(10,93),(10,94),(10,96),(10,97),(10,99),(10,100),(10,101),(10,102),(10,104),(10,106),(10,109),(10,110),(10,111),(10,112),(10,113),(10,114),(11,49),(11,50),(11,52),(11,53),(11,54),(11,55),(11,56),(11,58),(11,60),(11,61),(11,62),(11,63),(11,64),(11,65),(11,67),(11,68),(11,69),(11,71),(11,72),(11,73),(11,74),(11,76),(11,78),(11,79),(11,80),(11,81),(11,82),(11,84),(11,85),(11,86),(11,87),(11,88),(11,89),(11,90),(11,91),(11,92),(11,93),(11,94),(11,96),(11,97),(11,99),(11,100),(11,101),(11,102),(11,104),(11,106),(11,109),(11,110),(11,111),(11,112),(11,113),(11,114),(12,49),(12,53),(12,54),(12,58),(12,60),(12,71),(12,82),(12,84),(12,92),(12,96),(12,100),(12,102),(12,104),(12,109),(12,110),(12,111),(13,49),(13,54),(13,55),(13,58),(13,63),(13,71),(13,76),(13,82),(13,86),(13,91),(13,100),(13,102),(13,104),(13,111),(13,112),(13,113);

--
-- Table structure for table `user_detail`
--

CREATE TABLE `user_detail` (
  `id` int NOT NULL AUTO_INCREMENT,
  `name` varchar(100) COLLATE utf8mb4_unicode_ci NOT NULL,
  `lastname` varchar(100) COLLATE utf8mb4_unicode_ci NOT NULL,
  `phone` varchar(20) COLLATE utf8mb4_unicode_ci NOT NULL,
  `fiscal_code` varchar(20) COLLATE utf8mb4_unicode_ci NOT NULL,
  PRIMARY KEY (`id`)
) ENGINE=InnoDB AUTO_INCREMENT=116 DEFAULT CHARSET=utf8mb4 COLLATE=utf8mb4_unicode_ci;

--
-- Dumping data for table `user_detail`
--

INSERT INTO `user_detail` VALUES (1,'Pierluigi','Zavaroni','3408145226','zvrplg77c28g337e'),(50,'Sergio','Simonazzi','348 7383897','SMNSRG63B04G337G'),(51,'Laura','Teaca','3298209155','TCELRA02M63Z140E'),(53,'Alberto','Frascotti','3483508793','FRSLRT62D10F205Z'),(54,'Franco','Bontadini','3482373304','BNTFNC47L30F205X'),(55,'Rolando','Moncada','3384303032','MNCRND58D21F205Z'),(56,'Giovanni ','Fanfulla ','3349700465','Fnfgnn71b21a783a'),(57,'Alessandro','Giani','3356238777','Gnilsn72p05h294s'),(59,'Silvia','Fichera','3400871924','FCHSVM70R50I690G'),(61,'Andrea','Couvert','3519719485','CVRNDR60A02L219A'),(62,'Giancarlo','Sartini','3286615610','SRTGCR69B18H501F'),(63,'Gianfranco','delfo','3356279585','DLFGFR58A11G273L'),(64,'Giorgio','Secchi','3355435464','SCCGRG51H06C728V'),(65,'Massimo ','Fasani ','3518478682','FSNMSM65R29F205F'),(66,'Marco','Berardi','3488335495','BRRMRC88P01F704E'),(68,'Lorenzo','Ricciardi','3939268292','RCCLNZ73L01F704W'),(69,'Marco Andrea ','Ercoli','335690143','RCLMCN62M10F205A'),(70,'marco','milanesi','3358256649','MLNMRC65S20F205Z'),(71,'Pierluigi','Zavaroni','3408145226','zvrplg77c28g337e'),(72,'Omar','Berlonghi','3351258642','Brlmro75s10d142z'),(73,'Riccardo','Decarli','3489012955','DCRRCR48D18L848X'),(74,'SIMONETTA','SORACE','3477146495','srcsnt76b42d969s'),(75,'Silvia','Fasolo','3472723227','FSLSLV67R44A182E'),(76,'Luca','Ferrari','03321520126','FRRLCU64M31E591K'),(77,'Roberto','Grassi','0248400027','GRSRRT70E17F205Z'),(79,'Corrado','Mascetti','3403440422','MSCCRD70L27C933X'),(80,'Francesco Maurizio','Militello','3339216242','mltfnc58e09e591r'),(81,'ETTORE FERRUCCIO','GILBERTI','3356644556','GLBTRF65T25F205A'),(82,'Francesco','Avallone','3316320508','Vllfnc51r08g763x'),(83,'Massimo','Cavagnini','3480094705','CVGMSM67D20B157C'),(85,'Fausto Luigi','Franchi','333441971','FRNFTL70H09L319T'),(86,'GIANMARCO','BECCARIA','3299304690','BCCGMR77B06A182W'),(87,'Fabrizio','Viganò','3398364584','VGNFRZ65T01E617P'),(88,'LUCA','ZAPPELLA','3355346597','ZPPLCU74D23F205H'),(89,'Gian Francesco','Fregoni','3296623900','FRGGFR58M19H598I'),(90,'Alessio','Santacroce','3276156482','SNTLSS76E26D643C'),(91,'Gianni','Izzo','3403960790','ZZIGNN62P28D708E'),(92,'Giorgio Enrico','Belloni','0227305825','BLLGGN68D16F205O'),(93,'Alessandro','Mandelli','3429737326','MNDLSN71D19F133G'),(94,'Luciano','Damiano','3923807551','DMNLCN57A15F027Y'),(95,'Roberto ','Rizzo','3337617741','Rzzrrt69s10f205f'),(97,'ANTONIO','CINOTTO','0125627127','CNTNTN68S22E379X'),(98,'Maurizio Amos','Pontara','3393219166','PNTMZM51A15A539N'),(100,'Mauro','Vanzini','3472721768','vnzmra70p05e349f'),(101,'Giovanni','Dibennardo','368259529','dbngnn59p24c927p'),(102,'Pasquale','Capezzuto','0805242099','CPZPQL57M24A662U'),(103,'Barbara ','Caravella ','3206912424','Crvbbr71d56f839n'),(105,'Francesco ','NADDEO','3335434660','Nddfnc70h02h703x'),(107,'Cristina','Mazzola','0239660996','MZZCST79B51F205X'),(110,'Francesco','MARINELLI','3356099243','MRNFNC55H18A662H'),(111,'Cosimo ','Guida','3356806895','GDUCSM61S24A294S'),(112,'Claudio','Borin','3281328768','BRNCLD77S22M109S'),(113,'ANDREA','SBERNINI','328 9542923','SBRNDR81T19E734R'),(114,'Paolo','Sodero','3483515263','SDRPLA63M15G478D'),(115,'Riccardo','Calvi','3357044448','Clvrcr64l24f205s');


